000
CXUS54 KBRO 060856
CF6MFE
PRELIMINARY LOCAL CLIMATOLOGICAL DATA (WS FORM: F-6)
STATION: MCALLEN
MONTH: MAY
YEAR: 2022
LATITUDE: 26 10 N
LONGITUDE: 98 14 W
TEMPERATURE IN F: :PCPN: SNOW: WIND :SUNSHINE: SKY :PK WND
================================================================================
1 2 3 4 5 6A 6B 7 8 9 10 11 12 13 14 15 16 17 18
12Z AVG MX 2MIN
DY MAX MIN AVG DEP HDD CDD WTR SNW DPTH SPD SPD DIR MIN PSBL S-S WX SPD DR
================================================================================
1 92 75 84 3 0 19 0.00 0.0 0 16.7 29 130 M M 9 1 38 120
2 92 77 85 4 0 20 0.00 0.0 0 18.8 30 140 M M 7 40 160
3 91 77 84 3 0 19 0.00 0.0 0 14.9 22 130 M M 9 29 150
4 91 76 84 3 0 19 0.00 0.0 0 18.1 29 130 M M 8 18 37 130
5 94 78 86 5 0 21 0.00 0.0 0 15.6 26 160 M M 6 37 160
6 95 77 86 4 0 21 0.00 0.0 0 10.0 17 130 M M 6 18 23 160
7 98 76 87 5 0 22 0.00 0.0 0 14.0 21 110 M M 6 18 31 140
8 95 77 86 4 0 21 0.00 0.0 0 17.8 26 140 M M 5 18 35 140
9 96 79 88 6 0 23 0.00 0.0 0 19.2 28 130 M M 7 8 37 120
10 96 79 88 6 0 23 0.00 0.0 0 16.8 28 120 M M 7 18 37 110
11 95 74 85 2 0 20 0.00 0.0 0 13.4 25 120 M M 5 31 130
12 94 69 82 -1 0 17 0.00 0.0 0 12.8 23 120 M M 1 30 130
13 95 72 84 1 0 19 0.00 0.0 0 13.0 23 130 M M 1 30 120
14 95 70 83 0 0 18 0.00 0.0 0 12.0 21 110 M M 1 28 130
15 95 69 82 -1 0 17 0.00 0.0 0 11.7 21 130 M M 0 32 140
16 95 71 83 -1 0 18 0.00 0.0 0 13.1 22 160 M M 2 1 30 150
17 96 73 85 1 0 20 0.00 0.0 0 16.9 28 130 M M 3 37 120
18 94 75 85 1 0 20 0.00 0.0 0 19.2 28 150 M M 3 36 140
19 94 76 85 1 0 20 0.00 0.0 0 18.6 26 140 M M 6 36 160
20 98 78 88 4 0 23 T 0.0 0 18.4 28 130 M M 4 138 38 140
21 99 78 89 4 0 24 0.00 0.0 0 16.9 25 150 M M 5 18 35 150
22 89 74 82 -3 0 17 0.01 0.0 0 10.7 24 110 M M 5 138 30 80
23 94 70 82 -3 0 17 1.02 0.0 0 13.8 33 360 M M 3 13 41 360
24 88 68 78 -7 0 13 2.06 0.0 0 17.6 30 90 M M 7 13 38 100
25 90 65 78 -7 0 13 0.24 0.0 0 8.1 32 10 M M 6 1 46 10
26 93 73 83 -3 0 18 0.00 0.0 0 7.5 20 110 M M 2 25 100
27 94 76 85 -1 0 20 0.00 0.0 0 10.4 17 130 M M 4 24 160
28 94 76 85 -1 0 20 0.00 0.0 0 12.1 21 130 M M 4 1 31 130
29 94 77 86 0 0 21 0.00 0.0 M 19.0 28 140 M M 4 45 130
30 93 78 86 0 0 21 0.00 0.0 0 18.6 28 140 M M 4 38 140
31 95 78 87 1 0 22 0.00 0.0 0 12.9 22 120 M M 5 29 110
================================================================================
SM 2914 2311 0 606 3.33 0.0 458.6 M 145
================================================================================
AV 94.0 74.5 14.8 FASTST M M 5 MAX(MPH)
MISC ----> 33 360 46 10
================================================================================
NOTES:
# LAST OF SEVERAL OCCURRENCES
COLUMN 17 PEAK WIND IN M.P.H.
PRELIMINARY LOCAL CLIMATOLOGICAL DATA (WS FORM: F-6) , PAGE 2
STATION: MCALLEN
MONTH: MAY
YEAR: 2022
LATITUDE: 26 10 N
LONGITUDE: 98 14 W
[TEMPERATURE DATA] [PRECIPITATION DATA] SYMBOLS USED IN COLUMN 16
AVERAGE MONTHLY: 84.3 TOTAL FOR MONTH: 3.33 1 = FOG OR MIST
DPTR FM NORMAL: 0.7 DPTR FM NORMAL: 1.30 2 = FOG REDUCING VISIBILITY
HIGHEST: 99 ON 21 GRTST 24HR 3.08 ON 23-24 TO 1/4 MILE OR LESS
LOWEST: 65 ON 25 3 = THUNDER
SNOW, ICE PELLETS, HAIL 4 = ICE PELLETS
TOTAL MONTH: 0.0 INCH 5 = HAIL
GRTST 24HR 0.0 6 = FREEZING RAIN OR DRIZZLE
GRTST DEPTH: 0 7 = DUSTSTORM OR SANDSTORM:
VSBY 1/2 MILE OR LESS
8 = SMOKE OR HAZE
[NO. OF DAYS WITH] [WEATHER - DAYS WITH] 9 = BLOWING SNOW
X = TORNADO
MAX 32 OR BELOW: 0 0.01 INCH OR MORE: 4
MAX 90 OR ABOVE: 29 0.10 INCH OR MORE: 3
MIN 32 OR BELOW: 0 0.50 INCH OR MORE: 2
MIN 0 OR BELOW: 0 1.00 INCH OR MORE: 2
[HDD (BASE 65) ]
TOTAL THIS MO. 0 CLEAR (SCALE 0-3) 8
DPTR FM NORMAL 0 PTCLDY (SCALE 4-7) 21
TOTAL FM JUL 1 579 CLOUDY (SCALE 8-10) 2
DPTR FM NORMAL 126
[CDD (BASE 65) ]
TOTAL THIS MO. 606
DPTR FM NORMAL 29 [PRESSURE DATA]
TOTAL FM JAN 1 1361 HIGHEST SLP 30.08 ON 11
DPTR FM NORMAL -116 LOWEST SLP 29.53 ON 20
[REMARKS]
#FINAL-05-22#