000
CXUS54 KBMX 011110
CF6MGM
PRELIMINARY LOCAL CLIMATOLOGICAL DATA (WS FORM: F-6)
STATION: MONTGOMERY
MONTH: DECEMBER
YEAR: 2022
LATITUDE: 32 17 N
LONGITUDE: 86 24 W
TEMPERATURE IN F: :PCPN: SNOW: WIND :SUNSHINE: SKY :PK WND
================================================================================
1 2 3 4 5 6A 6B 7 8 9 10 11 12 13 14 15 16 17 18
12Z AVG MX 2MIN
DY MAX MIN AVG DEP HDD CDD WTR SNW DPTH SPD SPD DIR MIN PSBL S-S WX SPD DR
================================================================================
1 59 35 47 -6 18 0 0.00 0.0 0 5.5 12 40 M M 0 18 100
2 71 37 54 2 11 0 0.00 0.0 0 6.9 15 100 M M 2 18 100
3 77 51 64 12 1 0 0.06 0.0 0 4.3 13 310 M M 9 12 16 300
4 68 58 63 11 2 0 0.00 0.0 0 3.1 9 290 M M 7 128 11 290
5 75 58 67 15 0 2 0.01 0.0 0 4.8 14 210 M M 10 17 220
6 81 67 74 22 0 9 0.00 0.0 0 5.7 17 210 M M 6 22 210
7 81 59 70 18 0 5 0.00 0.0 0 4.9 14 220 M M 4 1 19 220
8 81 54 68 17 0 3 0.00 0.0 0 3.6 15 280 M M 5 12 20 290
9 81 54 68 17 0 3 0.00 0.0 0 5.8 16 240 M M 5 12 21 230
10 75 57 66 15 0 1 0.00 0.0 0 3.2 12 100 M M 6 12 13 100
11 66 60 63 12 2 0 0.12 0.0 0 3.8 9 130 M M 10 1 11 130
12 63 59 61 10 4 0 0.01 0.0 0 6.7 16 110 M M 10 1 20 110
13 63 56 60 9 5 0 T 0.0 0 11.8 18 100 M M 9 22 90
14 70 57 64 14 1 0 2.12 0.0 M 12.1 25 270 M M 10 13 31 220
15 61 41 51 1 14 0 T 0.0 0 7.7 16 280 M M 2 21 290
16 58 34 46 -4 19 0 0.00 0.0 0 5.5 18 270 M M 1 23 270
17 49 32 41 -9 24 0 0.00 0.0 0 5.3 15 300 M M 6 18 290
18 53 28 41 -9 24 0 0.00 0.0 0 6.2 15 350 M M 0 20 310
19 50 25 38 -12 27 0 0.15 0.0 0 3.6 13 80 M M 4 15 80
20 48 44 46 -4 19 0 0.39 0.0 0 9.1 16 60 M M 10 1 21 50
21 51 44 48 -1 17 0 0.01 M M 8.2 15 80 M M 10 1 18 50
22 56 48 52 3 13 0 0.02 0.0 M 6.0 26 270 M M 10 1 35 260
23 52 18 35 -14 30 0 0.00 0.0 0 17.9 28 320 M M 2 39 290
24 32 16 24 -25 41 0 0.00 0.0 0 9.4 21 300 M M 0 27 300
25 41 18 30 -19 35 0 0.00 0.0 0 4.8 13 310 M M 0 16 300
26 48 18 33 -16 32 0 0.00 0.0 0 1.5 8 220 M M 1 11 220
27 58 27 43 -6 22 0 0.00 0.0 0 1.7 8 130 M M 1 10 60
28 63 25 44 -4 21 0 0.00 0.0 0 5.5 12 110 M M 4 18 130
29 77 39 58 10 7 0 0.00 0.0 0 7.2 15 160 M M 1 20 150
30 76 44 60 12 5 0 0.64 M 0 8.2 38 110 M M 4 1 49 110
31 68 52 60 12 5 0 0.04 0.0 0 2.2 8 200 M M 7 12 10 240
================================================================================
SM 1952 1315 399 23 3.57 0.0 192.2 M 156
================================================================================
AV 63.0 42.4 6.2 FASTST M M 5 MAX(MPH)
MISC ----> 38 110 49 110
================================================================================
NOTES:
# LAST OF SEVERAL OCCURRENCES
COLUMN 17 PEAK WIND IN M.P.H.
PRELIMINARY LOCAL CLIMATOLOGICAL DATA (WS FORM: F-6) , PAGE 2
STATION: MONTGOMERY
MONTH: DECEMBER
YEAR: 2022
LATITUDE: 32 17 N
LONGITUDE: 86 24 W
[TEMPERATURE DATA] [PRECIPITATION DATA] SYMBOLS USED IN COLUMN 16
AVERAGE MONTHLY: 52.7 TOTAL FOR MONTH: 3.57 1 = FOG OR MIST
DPTR FM NORMAL: 2.5 DPTR FM NORMAL: -1.42 2 = FOG REDUCING VISIBILITY
HIGHEST: 81 ON 9, 8 GRTST 24HR 2.12 ON 14-14 TO 1/4 MILE OR LESS
LOWEST: 16 ON 24 3 = THUNDER
SNOW, ICE PELLETS, HAIL 4 = ICE PELLETS
TOTAL MONTH: 0.0 INCH 5 = HAIL
GRTST 24HR 0.0 6 = FREEZING RAIN OR DRIZZLE
GRTST DEPTH: 0 7 = DUSTSTORM OR SANDSTORM:
VSBY 1/2 MILE OR LESS
8 = SMOKE OR HAZE
[NO. OF DAYS WITH] [WEATHER - DAYS WITH] 9 = BLOWING SNOW
X = TORNADO
MAX 32 OR BELOW: 1 0.01 INCH OR MORE: 11
MAX 90 OR ABOVE: 0 0.10 INCH OR MORE: 5
MIN 32 OR BELOW: 9 0.50 INCH OR MORE: 2
MIN 0 OR BELOW: 0 1.00 INCH OR MORE: 1
[HDD (BASE 65) ]
TOTAL THIS MO. 399 CLEAR (SCALE 0-3) 11
DPTR FM NORMAL -65 PTCLDY (SCALE 4-7) 11
TOTAL FM JUL 1 747 CLOUDY (SCALE 8-10) 9
DPTR FM NORMAL -68
[CDD (BASE 65) ]
TOTAL THIS MO. 23
DPTR FM NORMAL 16 [PRESSURE DATA]
TOTAL FM JAN 1 2609 HIGHEST SLP 30.54 ON 24
DPTR FM NORMAL 70 LOWEST SLP 29.63 ON 14
[REMARKS]
#FINAL-12-22#