000
CXUS54 KBMX 011010
CF6MGM
PRELIMINARY LOCAL CLIMATOLOGICAL DATA (WS FORM: F-6)
STATION: MONTGOMERY
MONTH: MARCH
YEAR: 2022
LATITUDE: 32 17 N
LONGITUDE: 86 24 W
TEMPERATURE IN F: :PCPN: SNOW: WIND :SUNSHINE: SKY :PK WND
================================================================================
1 2 3 4 5 6A 6B 7 8 9 10 11 12 13 14 15 16 17 18
12Z AVG MX 2MIN
DY MAX MIN AVG DEP HDD CDD WTR SNW DPTH SPD SPD DIR MIN PSBL S-S WX SPD DR
================================================================================
1 72 35 54 -2 11 0 0.00 0.0 0 5.5 12 300 M M 0 17 310
2 78 36 57 1 8 0 0.00 0.0 0 2.7 8 220 M M 0 11 230
3 80 39 60 4 5 0 0.00 0.0 0 1.7 12 210 M M 0 16 230
4 85 40 63 6 2 0 0.00 0.0 0 3.6 13 120 M M 0 18 120
5 83 48 66 9 0 1 0.00 0.0 0 7.3 17 170 M M 0 23 170
6 86 55 71 14 0 6 0.00 0.0 0 7.5 16 150 M M 1 23 200
7 79 60 70 13 0 5 0.38 0.0 M 6.4 23 290 M M 10 1 29 190
8 61 53 57 -1 8 0 0.37 0.0 0 6.8 13 30 M M 10 13 16 340
9 62 49 56 -2 9 0 0.18 0.0 0 7.2 21 290 M M 7 13 25 310
10 72 48 60 2 5 0 0.00 0.0 0 2.8 8 50 M M 4 15 30
11 67 49 58 0 7 0 0.41 0.0 0 6.8 26 310 M M 10 13 34 300
12 55 28 42 -16 23 0 0.01 T 0 16.0 31 320 M M 4 44 300
13 59 25 42 -17 23 0 0.00 0.0 0 2.3 8 80 M M 0 13 40
14 71 32 52 -7 13 0 T 0.0 0 5.1 16 120 M M 1 21 90
15 63 51 57 -2 8 0 0.43 0.0 0 8.1 16 80 M M 8 1 20 80
16 70 52 61 2 4 0 0.10 0.0 M 4.7 16 10 M M 8 3 21 10
17 77 46 62 2 3 0 0.00 0.0 0 4.1 12 160 M M 4 12 16 160
18 71 53 62 2 3 0 1.37 0.0 0 8.2 23 270 M M 6 13 31 300
19 68 50 59 -1 6 0 T 0.0 0 8.8 18 280 M M 1 25 280
20 76 39 58 -2 7 0 0.00 0.0 0 4.1 17 340 M M 0 23 350
21 79 41 60 0 5 0 0.00 0.0 0 6.4 17 110 M M 0 22 110
22 82 51 67 7 0 2 0.06 0.0 0 12.3 28 160 M M 4 34 150
23 76 51 64 3 1 0 0.46 0.0 0 8.2 20 200 M M 5 13 34 170
24 71 45 58 -3 7 0 0.00 0.0 0 4.6 18 280 M M 2 25 300
25 71 49 60 -1 5 0 0.00 0.0 0 9.5 23 280 M M 2 30 300
26 71 47 59 -2 6 0 0.00 0.0 0 9.8 24 300 M M 0 30 280
27 76 42 59 -3 6 0 0.00 0.0 0 5.0 15 300 M M 1 20 290
28 80 45 63 1 2 0 0.00 0.0 0 3.1 12 320 M M 0 16 340
29 84 55 70 8 0 5 0.00 0.0 0 6.0 15 170 M M 3 19 170
30 86 60 73 11 0 8 1.20 0.0 0 15.6 31 200 M M 1 13 45 180
31 72 50 61 -1 4 0 0.42 0.0 0 7.7 20 210 M M 5 13 26 230
================================================================================
SM 2283 1424 181 27 5.39 T 207.9 M 97
================================================================================
AV 73.6 45.9 6.7 FASTST M M 3 MAX(MPH)
MISC ----> # 31 320 45 180
================================================================================
NOTES:
# LAST OF SEVERAL OCCURRENCES
COLUMN 17 PEAK WIND IN M.P.H.
PRELIMINARY LOCAL CLIMATOLOGICAL DATA (WS FORM: F-6) , PAGE 2
STATION: MONTGOMERY
MONTH: MARCH
YEAR: 2022
LATITUDE: 32 17 N
LONGITUDE: 86 24 W
[TEMPERATURE DATA] [PRECIPITATION DATA] SYMBOLS USED IN COLUMN 16
AVERAGE MONTHLY: 59.8 TOTAL FOR MONTH: 5.39 1 = FOG OR MIST
DPTR FM NORMAL: 0.6 DPTR FM NORMAL: 0.18 2 = FOG REDUCING VISIBILITY
HIGHEST: 86 ON 30, 6 GRTST 24HR 1.62 ON 30-31 TO 1/4 MILE OR LESS
LOWEST: 25 ON 13 3 = THUNDER
SNOW, ICE PELLETS, HAIL 4 = ICE PELLETS
TOTAL MONTH: T 5 = HAIL
GRTST 24HR T ON 12-12 6 = FREEZING RAIN OR DRIZZLE
GRTST DEPTH: 0 7 = DUSTSTORM OR SANDSTORM:
VSBY 1/2 MILE OR LESS
8 = SMOKE OR HAZE
[NO. OF DAYS WITH] [WEATHER - DAYS WITH] 9 = BLOWING SNOW
X = TORNADO
MAX 32 OR BELOW: 0 0.01 INCH OR MORE: 12
MAX 90 OR ABOVE: 0 0.10 INCH OR MORE: 10
MIN 32 OR BELOW: 3 0.50 INCH OR MORE: 2
MIN 0 OR BELOW: 0 1.00 INCH OR MORE: 2
[HDD (BASE 65) ]
TOTAL THIS MO. 181 CLEAR (SCALE 0-3) 17
DPTR FM NORMAL -37 PTCLDY (SCALE 4-7) 11
TOTAL FM JUL 1 1672 CLOUDY (SCALE 8-10) 3
DPTR FM NORMAL -244
[CDD (BASE 65) ]
TOTAL THIS MO. 27
DPTR FM NORMAL -11 [PRESSURE DATA]
TOTAL FM JAN 1 62 HIGHEST SLP 30.51 ON 13
DPTR FM NORMAL 10 LOWEST SLP 29.59 ON 30
[REMARKS]
#FINAL-03-22#