608
CXUS54 KBMX 011110
CF6MGM
PRELIMINARY LOCAL CLIMATOLOGICAL DATA (WS FORM: F-6)
STATION: MONTGOMERY
MONTH: JANUARY
YEAR: 2021
LATITUDE: 32 17 N
LONGITUDE: 86 24 W
TEMPERATURE IN F: :PCPN: SNOW: WIND :SUNSHINE: SKY :PK WND
================================================================================
1 2 3 4 5 6A 6B 7 8 9 10 11 12 13 14 15 16 17 18
12Z AVG MX 2MIN
DY MAX MIN AVG DEP HDD CDD WTR SNW DPTH SPD SPD DIR MIN PSBL S-S WX SPD DR
================================================================================
1 72 58 65 19 0 0 0.69 0.0 0 8.5 23 120 M M 6 13 29 150
2 63 47 55 9 10 0 0.00 0.0 0 5.8 16 290 M M 4 21 280
3 56 36 46 0 19 0 0.00 0.0 0 7.6 17 300 M M 3 21 310
4 63 31 47 1 18 0 0.00 0.0 0 2.9 9 240 M M 2 12 12 250
5 63 35 49 3 16 0 0.00 0.0 0 7.1 16 310 M M 1 12 19 260
6 56 30 43 -3 22 0 0.00 0.0 0 2.6 12 70 M M 0 1 13 60
7 48 37 43 -3 22 0 0.28 0.0 0 10.3 28 80 M M 7 1 34 80
8 48 41 45 -1 20 0 0.00 0.0 0 11.5 20 300 M M 10 1 23 300
9 41 37 39 -7 26 0 0.00 0.0 0 10.2 17 310 M M 10 22 340
10 44 34 39 -7 26 0 0.00 0.0 M 4.2 12 50 M M 5 15 20
11 47 40 44 -2 21 0 0.35 0.0 M 6.4 15 110 M M 10 1 19 110
12 44 35 40 -6 25 0 0.00 0.0 M 7.7 13 310 M M 10 18 17 320
13 52 30 41 -5 24 0 0.00 0.0 M 4.4 10 300 M M 4 12 14 240
14 62 27 45 -1 20 0 0.00 0.0 M 5.7 15 200 M M 0 20 220
15 60 35 48 2 17 0 0.00 0.0 M 10.5 25 240 M M 1 32 240
16 51 29 40 -6 25 0 0.00 0.0 0 8.8 21 270 M M 0 27 280
17 57 26 42 -4 23 0 0.00 0.0 0 5.8 16 240 M M 0 22 250
18 59 31 45 -1 20 0 0.00 0.0 0 4.6 18 270 M M 0 22 280
19 66 30 48 2 17 0 0.00 0.0 0 2.8 9 340 M M 5 11 330
20 64 49 57 11 8 0 T 0.0 M 4.6 14 300 M M 5 18 310
21 65 50 58 11 7 0 0.13 0.0 M 5.7 20 240 M M 10 1 27 240
22 60 48 54 7 11 0 0.80 0.0 0 3.6 10 10 M M 10 1 12 20
23 65 41 53 6 12 0 0.00 0.0 0 4.2 10 40 M M 3 1 15 30
24 71 47 59 12 6 0 0.00 0.0 0 6.6 15 160 M M 6 19 160
25 77 61 69 22 0 4 T 0.0 0 10.2 23 170 M M 8 1 31 170
26 73 59 66 19 0 1 0.03 0.0 0 4.8 24 300 M M 10 30 300
27 67 46 57 10 8 0 0.10 0.0 M 10.2 24 290 M M 8 1 29 310
28 54 36 45 -2 20 0 0.00 0.0 0 10.4 23 320 M M 2 29 330
29 61 32 47 0 18 0 0.00 0.0 0 2.9 9 320 M M 0 13 10
30 66 35 51 3 14 0 0.00 0.0 0 7.8 18 150 M M 4 28 130
31 74 47 61 13 4 0 0.13 0.0 0 12.0 28 300 M M 8 1 38 300
================================================================================
SM 1849 1220 479 5 2.51 0.0 210.4 M 152
================================================================================
AV 59.6 39.4 6.8 FASTST M M 5 MAX(MPH)
MISC ----> # 28 80 38 300
================================================================================
NOTES:
# LAST OF SEVERAL OCCURRENCES
COLUMN 17 PEAK WIND IN M.P.H.
PRELIMINARY LOCAL CLIMATOLOGICAL DATA (WS FORM: F-6) , PAGE 2
STATION: MONTGOMERY
MONTH: JANUARY
YEAR: 2021
LATITUDE: 32 17 N
LONGITUDE: 86 24 W
[TEMPERATURE DATA] [PRECIPITATION DATA] SYMBOLS USED IN COLUMN 16
AVERAGE MONTHLY: 49.5 TOTAL FOR MONTH: 2.51 1 = FOG OR MIST
DPTR FM NORMAL: 2.9 DPTR FM NORMAL: -2.14 2 = FOG REDUCING VISIBILITY
HIGHEST: 77 ON 25 GRTST 24HR 0.80 ON 22-22 TO 1/4 MILE OR LESS
LOWEST: 26 ON 17 3 = THUNDER
SNOW, ICE PELLETS, HAIL 4 = ICE PELLETS
TOTAL MONTH: 0.0 INCH 5 = HAIL
GRTST 24HR 0.0 6 = FREEZING RAIN OR DRIZZLE
GRTST DEPTH: 0 7 = DUSTSTORM OR SANDSTORM:
VSBY 1/2 MILE OR LESS
8 = SMOKE OR HAZE
[NO. OF DAYS WITH] [WEATHER - DAYS WITH] 9 = BLOWING SNOW
X = TORNADO
MAX 32 OR BELOW: 0 0.01 INCH OR MORE: 8
MAX 90 OR ABOVE: 0 0.10 INCH OR MORE: 7
MIN 32 OR BELOW: 9 0.50 INCH OR MORE: 2
MIN 0 OR BELOW: 0 1.00 INCH OR MORE: 0
[HDD (BASE 65) ]
TOTAL THIS MO. 479 CLEAR (SCALE 0-3) 11
DPTR FM NORMAL -95 PTCLDY (SCALE 4-7) 11
TOTAL FM JUL 1 1173 CLOUDY (SCALE 8-10) 9
DPTR FM NORMAL -292
[CDD (BASE 65) ]
TOTAL THIS MO. 5
DPTR FM NORMAL 3 [PRESSURE DATA]
TOTAL FM JAN 1 5 HIGHEST SLP 30.53 ON 28
DPTR FM NORMAL 3 LOWEST SLP 29.73 ON 15
[REMARKS]
#FINAL-01-21#