000
CXUS54 KBMX 020332
CLMMGM
CLIMATE REPORT
NATIONAL WEATHER SERVICE BIRMINGHAM AL
1032 PM CDT TUE AUG 01 2023
...................................
...THE MONTGOMERY CLIMATE SUMMARY FOR THE MONTH OF JULY 2023...
CLIMATE NORMAL PERIOD 1991 TO 2020
CLIMATE RECORD PERIOD 1872 TO 2023
WEATHER OBSERVED NORMAL DEPART LAST YEAR`S
VALUE DATE(S) VALUE FROM VALUE DATE(S)
NORMAL
................................................................
TEMPERATURE (F)
RECORD
HIGH 107 07/07/1881
LOW 59 07/30/2014
07/20/2009
01/05/2000
HIGHEST 98 07/02 MM MM 99 07/08
07/27
07/29
LOWEST 69 07/25 MM MM 70 07/16
AVG. MAXIMUM 94.1 93.7 0.4 94.2
AVG. MINIMUM 73.7 72.1 1.6 73.9
MEAN 83.9 84.1
DAYS MAX >= 90 29 25.6 3.4 30
DAYS MAX <= 32 0 0.0 0.0 0
DAYS MIN <= 32 0 0.0 0.0 0
DAYS MIN <= 0 0 0.0 0.0 0
PRECIPITATION (INCHES)
RECORD
MAXIMUM 13.42 1899
MINIMUM 0.43 1902
TOTALS 6.68 5.06 1.62 4.06
DAILY AVG. 0.22 0.16 0.06 0.13
DAYS >= .01 12 11.7 0.3 10
DAYS >= .10 9 8.0 1.0 5
DAYS >= .50 4 3.3 0.7 3
DAYS >= 1.00 2 1.6 0.4 2
DEGREE DAYS
HEATING TOTAL 0 0 0 0
SINCE 7/1 0 0 0 MM
COOLING TOTAL 594 555 39 599
SINCE 1/1 1557 1437 120 MM
................................................................
WIND (MPH)
AVERAGE WIND SPEED 4.2
HIGHEST WIND SPEED/DIRECTION 41/150 DATE 07/02
HIGHEST GUST SPEED/DIRECTION 57/160 DATE 07/02
AVERAGE RH (PERCENT) 73
WEATHER CONDITIONS. NUMBER OF DAYS WITH
THUNDERSTORM 20 MIXED PRECIP 0
HEAVY RAIN 9 RAIN 7
LIGHT RAIN 11 FREEZING RAIN 0
LT FREEZING RAIN 0 HAIL 0
HEAVY SNOW 0 SNOW 0
LIGHT SNOW 0 SLEET 0
FOG 16 FOG W/VIS <= 1/4 MILE 1
HAZE 4
- INDICATES NEGATIVE NUMBERS.
R INDICATES RECORD WAS SET OR TIED.
MM INDICATES DATA IS MISSING.
T INDICATES TRACE AMOUNT.
$$