000
CXUS51 KPBZ 010830
CF6MGW
PRELIMINARY LOCAL CLIMATOLOGICAL DATA (WS FORM: F-6)
STATION: MORGANTOWN WV
MONTH: FEBRUARY
YEAR: 2020
LATITUDE: 39 39 N
LONGITUDE: 79 55 W
TEMPERATURE IN F: :PCPN: SNOW: WIND :SUNSHINE: SKY :PK WND
================================================================================
1 2 3 4 5 6A 6B 7 8 9 10 11 12 13 14 15 16 17 18
12Z AVG MX 2MIN
DY MAX MIN AVG DEP HDD CDD WTR SNW DPTH SPD SPD DIR MIN PSBL S-S WX SPD DR
================================================================================
1 37 33 35 3 30 0 0.19 M M 2.6 8 220 M M 10 12 12 210
2 57 34 46 14 19 0 0.03 M M 8.5 20 220 M M 5 18 31 230
3 65 40 53 21 12 0 0.00 M M 6.0 14 190 M M 0 23 200
4 63 37 50 18 15 0 0.36 M M 6.8 16 10 M M 10 1 26 280
5 48 32 40 8 25 0 0.06 M M 8.3 18 150 M M 10 18 21 150
6 57 38 48 15 17 0 0.27 M M 3.3 20 150 M M 8 12 26 150
7 39 27 33 0 32 0 0.71 M M 6.5 14 260 M M 10 128 23 280
8 33 26 30 -3 35 0 0.02 M M 4.5 10 210 M M 8 18 18 210
9 45 29 37 4 28 0 0.04 M M 4.6 14 150 M M 9 1 18 150
10 49 42 46 13 19 0 0.73 M M 5.9 12 200 M M 10 1 19 210
11 49 37 43 10 22 0 0.15 M M 3.7 10 360 M M 10 12 14 280
12 41 30 36 2 29 0 0.57 M M 3.0 12 310 M M 7 18 17 330
13 56 34 45 11 20 0 0.62 M M 6.9 18 200 M M 10 18 30 200
14 34 16 25 -9 40 0 0.01 M M 6.7 14 360 M M 9 18 21 350
15 40 13 27 -7 38 0 0.00 M M 4.4 12 200 M M 0 17 220
16 52 35 44 10 21 0 0.00 M M 5.4 15 220 M M 7 22 170
17 53 24 39 5 26 0 0.00 M M 4.6 16 120 M M 3 12 23 110
18 54 41 48 13 17 0 0.33 M M 5.5 15 150 M M 9 1 20 170
19 44 28 36 1 29 0 0.00 M M 3.5 12 280 M M 3 17 260
20 34 20 27 -8 38 0 0.00 M M 4.4 15 350 M M 5 20 350
21 35 14 25 -10 40 0 0.00 M M 3.0 9 210 M M 1 13 220
22 46 23 35 -1 30 0 0.00 M M 6.1 14 210 M M 0 23 210
23 53 21 37 1 28 0 0.00 M M 4.0 14 220 M M 4 23 200
24 55 39 47 11 18 0 T M M 3.5 12 230 M M 8 17 230
25 52 42 47 11 18 0 0.17 M M 1.2 6 210 M M 10 12 9 220
26 57 34 46 10 19 0 0.50 M M 5.5 20 280 M M 10 1 32 280
27 34 23 29 -8 36 0 0.02 M M 10.0 18 270 M M 10 189 30 290
28 36 25 31 -6 34 0 0.05 M M 8.1 18 230 M M 9 18 31 280
29 32 20 26 -11 39 0 T M M 8.4 14 280 M M 5 23 280
================================================================================
SM 1350 857 774 0 4.83 M 154.9 M 200
================================================================================
AV 46.6 29.6 5.3 FASTST M M 7 MAX(MPH)
MISC ----> # 20 220 32 280
================================================================================
NOTES:
# LAST OF SEVERAL OCCURRENCES
COLUMN 17 PEAK WIND IN M.P.H.
PRELIMINARY LOCAL CLIMATOLOGICAL DATA (WS FORM: F-6) , PAGE 2
STATION: MORGANTOWN WV
MONTH: FEBRUARY
YEAR: 2020
LATITUDE: 39 39 N
LONGITUDE: 79 55 W
[TEMPERATURE DATA] [PRECIPITATION DATA] SYMBOLS USED IN COLUMN 16
AVERAGE MONTHLY: 38.1 TOTAL FOR MONTH: 4.83 1 = FOG OR MIST
DPTR FM NORMAL: 3.9 DPTR FM NORMAL: 2.23 2 = FOG REDUCING VISIBILITY
HIGHEST: 65 ON 3 GRTST 24HR 1.18 ON 12-13 TO 1/4 MILE OR LESS
LOWEST: 13 ON 15 3 = THUNDER
SNOW, ICE PELLETS, HAIL 4 = ICE PELLETS
TOTAL MONTH: M 5 = HAIL
GRTST 24HR M ON M 6 = FREEZING RAIN OR DRIZZLE
GRTST DEPTH: M ON M 7 = DUSTSTORM OR SANDSTORM:
VSBY 1/2 MILE OR LESS
8 = SMOKE OR HAZE
[NO. OF DAYS WITH] [WEATHER - DAYS WITH] 9 = BLOWING SNOW
X = TORNADO
MAX 32 OR BELOW: 1 0.01 INCH OR MORE: 18
MAX 90 OR ABOVE: 0 0.10 INCH OR MORE: 11
MIN 32 OR BELOW: 16 0.50 INCH OR MORE: 5
MIN 0 OR BELOW: 0 1.00 INCH OR MORE: 0
[HDD (BASE 65) ]
TOTAL THIS MO. 774 CLEAR (SCALE 0-3) 6
DPTR FM NORMAL -89 PTCLDY (SCALE 4-7) 6
TOTAL FM JUL 1 3339 CLOUDY (SCALE 8-10) 17
DPTR FM NORMAL -606
[CDD (BASE 65) ]
TOTAL THIS MO. 0
DPTR FM NORMAL 0 [PRESSURE DATA]
TOTAL FM JAN 1 1 HIGHEST SLP 30.64 ON 21
DPTR FM NORMAL 1 LOWEST SLP 29.16 ON 7
[REMARKS]
#FINAL-02-20#