000
CXUS51 KPBZ 011335
CLSMGW
CLIMATE REPORT
NATIONAL WEATHER SERVICE PITTSBURGH PA
935 AM EDT THU JUN 01 2023
...................................
...THE MORGANTOWN WV CLIMATE SUMMARY FOR THE SEASON, FROM
3/1/2023 TO 5/31/2023...
CLIMATE NORMAL PERIOD 1991 TO 2020
CLIMATE RECORD PERIOD 1872 TO 2023
WEATHER OBSERVED NORMAL DEPART LAST YEAR`S
VALUE DATE(S) VALUE FROM VALUE DATE(S)
NORMAL
................................................................
TEMPERATURE (F)
RECORD
HIGH 95 05/31/1919
LOW -4 03/13/1896
HIGHEST 87 04/05 86 1 90 05/31
LOWEST 18 03/19 14 4 12 03/13
AVG. MAXIMUM 65.0 63.8 1.2 65.6
AVG. MINIMUM 41.5 42.2 -0.7 43.2
MEAN 53.2 53.0 0.2 54.4
DAYS MAX >= 90 0 0.5 -0.5 1
DAYS MAX <= 32 1 1.8 -0.8 1
DAYS MIN <= 32 22 21.8 0.2 19
DAYS MIN <= 0 0 0.0 0.0 0
PRECIPITATION (INCHES)
RECORD
MAXIMUM 22.31 1933
MINIMUM 1.03 1894
TOTALS 7.40 11.85 -4.45 10.60
DAILY AVG. 0.08 0.13 -0.05 0.12
DAYS >= .01 36 43.2 -7.2 42
DAYS >= .10 22 27.3 -5.3 19
DAYS >= .50 5 7.9 -2.9 9
DAYS >= 1.00 0 1.7 -1.7 1
GREATEST
24 HR. TOTAL 1.22
STORM TOTAL 0.81
(MM/DD(HH))
DEGREE DAYS
HEATING TOTAL 1112 1196 -84 1073
SINCE 7/1 4337 4940 -603 MM
COOLING TOTAL 54 89 -35 122
SINCE 1/1 54 89 -35 MM
................................................................
WIND (MPH)
AVERAGE WIND SPEED 5.2
HIGHEST WIND SPEED/DIRECTION 33/130 DATE 03/25
HIGHEST GUST SPEED/DIRECTION 46/230 DATE 04/01
AVERAGE RH (PERCENT) 60
WEATHER CONDITIONS. NUMBER OF DAYS WITH
THUNDERSTORM 6 MIXED PRECIP 0
HEAVY RAIN 4 RAIN 13
LIGHT RAIN 34 FREEZING RAIN 0
LT FREEZING RAIN 0 HAIL 0
HEAVY SNOW 0 SNOW 1
LIGHT SNOW 6 SLEET 0
FOG 39 FOG W/VIS <= 1/4 MILE 5
HAZE 17
- INDICATES NEGATIVE NUMBERS.
R INDICATES RECORD WAS SET OR TIED.
MM INDICATES DATA IS MISSING.
T INDICATES TRACE AMOUNT.
$$