000
CXUS53 KTOP 010810
CF6MHK
PRELIMINARY LOCAL CLIMATOLOGICAL DATA (WS FORM: F-6)
STATION: MANHATTAN KS
MONTH: JUNE
YEAR: 2021
LATITUDE: 39 9 N
LONGITUDE: 96 40 W
TEMPERATURE IN F: :PCPN: SNOW: WIND :SUNSHINE: SKY :PK WND
================================================================================
1 2 3 4 5 6A 6B 7 8 9 10 11 12 13 14 15 16 17 18
12Z AVG MX 2MIN
DY MAX MIN AVG DEP HDD CDD WTR SNW DPTH SPD SPD DIR MIN PSBL S-S WX SPD DR
================================================================================
1 74 55 65 -6 0 0 T M M 2.7 12 90 M M 6 18 15 100
2 79 51 65 -6 0 0 0.00 M M 1.4 8 50 M M 4 12 11 30
3 85 52 69 -3 0 4 0.00 M M 1.7 9 210 M M 0 12 13 200
4 90 56 73 1 0 8 0.00 M M 4.3 13 210 M M 0 19 180
5 88 64 76 4 0 11 0.00 M M 10.1 20 170 M M 1 26 180
6 86 66 76 4 0 11 T M M 8.0 17 170 M M 4 23 160
7 89 65 77 4 0 12 0.00 M M 5.8 16 160 M M 2 26 140
8 90 64 77 4 0 12 0.00 M M 3.2 13 130 M M 2 1 17 140
9 93 66 80 7 0 15 0.00 M M 2.9 15 140 M M 1 20 150
10 97 67 82 8 0 17 0.00 M M 4.8 15 120 M M 2 8 24 110
11 91 74 83 9 0 18 0.01 M M 7.0 23 50 M M 5 1 32 40
12 88 62 75 1 0 10 0.00 M M 6.4 17 40 M M 2 22 40
13 93 56 75 0 0 10 0.00 M M 2.9 13 140 M M 0 19 110
14 94 55 75 0 0 10 0.00 M M 1.4 9 210 M M 0 14 220
15 100 62 81 6 0 16 0.00 M M 2.2 9 160 M M 0 13 150
16 104 67 86 11 0 21 T M M 4.9 13 180 M M 0 18 200
17 105 72 89 13 0 24 0.00 M M 12.0 24 200 M M 0 32 210
18 105 77 91 15 0 26 0.00 M M 13.7 21 220 M M 0 30 230
19 95 77 86 10 0 21 0.00 M M 8.4 18 230 M M 0 28 230
20 100 74 87 11 0 22 T M M 8.5 17 20 M M 1 32 350
21 83 57 70 -7 0 5 0.01 M M 5.2 20 40 M M 2 32 40
22 93 53 73 -4 0 8 0.00 M M 11.3 23 220 M M 0 33 190
23 95 68 82 5 0 17 0.00 M M 13.4 24 210 M M 1 35 210
24 99 74 87 10 0 22 0.16 M M 10.8 23 210 M M 4 138 37 200
25 91 71 81 4 0 16 0.57 M M 6.7 24 270 M M 4 13 40 270
26 83 66 75 -3 0 10 0.02 M M 6.0 14 210 M M 5 21 280
27 85 64 75 -3 0 10 0.00 M M 2.1 10 130 M M 1 13 120
28 87 67 77 -1 0 12 0.00 M M 4.5 13 90 M M 1 17 100
29 86 71 79 1 0 14 T M M 2.9 12 190 M M 6 17 120
30 84 71 78 0 0 13 1.99 M M 3.7 13 30 M M 7 1 19 10
================================================================================
SM 2732 1944 0 395 2.76 M 178.9 M 61
================================================================================
AV 91.1 64.8 6.0 FASTST M M 2 MAX(MPH)
MISC ----> # 24 200 40 270
================================================================================
NOTES:
# LAST OF SEVERAL OCCURRENCES
COLUMN 17 PEAK WIND IN M.P.H.
PRELIMINARY LOCAL CLIMATOLOGICAL DATA (WS FORM: F-6) , PAGE 2
STATION: MANHATTAN KS
MONTH: JUNE
YEAR: 2021
LATITUDE: 39 9 N
LONGITUDE: 96 40 W
[TEMPERATURE DATA] [PRECIPITATION DATA] SYMBOLS USED IN COLUMN 16
AVERAGE MONTHLY: 77.9 TOTAL FOR MONTH: 2.76 1 = FOG OR MIST
DPTR FM NORMAL: 2.9 DPTR FM NORMAL: -2.07 2 = FOG REDUCING VISIBILITY
HIGHEST: 105 ON 18,17 GRTST 24HR 1.99 ON 30-30 TO 1/4 MILE OR LESS
LOWEST: 51 ON 2 3 = THUNDER
SNOW, ICE PELLETS, HAIL 4 = ICE PELLETS
TOTAL MONTH: M 5 = HAIL
GRTST 24HR M ON M 6 = FREEZING RAIN OR DRIZZLE
GRTST DEPTH: M ON M 7 = DUSTSTORM OR SANDSTORM:
VSBY 1/2 MILE OR LESS
8 = SMOKE OR HAZE
[NO. OF DAYS WITH] [WEATHER - DAYS WITH] 9 = BLOWING SNOW
X = TORNADO
MAX 32 OR BELOW: 0 0.01 INCH OR MORE: 6
MAX 90 OR ABOVE: 17 0.10 INCH OR MORE: 3
MIN 32 OR BELOW: 0 0.50 INCH OR MORE: 2
MIN 0 OR BELOW: 0 1.00 INCH OR MORE: 1
[HDD (BASE 65) ]
TOTAL THIS MO. 0 CLEAR (SCALE 0-3) 21
DPTR FM NORMAL -8 PTCLDY (SCALE 4-7) 9
TOTAL FM JUL 1 4974 CLOUDY (SCALE 8-10) 0
DPTR FM NORMAL -126
[CDD (BASE 65) ]
TOTAL THIS MO. 395
DPTR FM NORMAL 88 [PRESSURE DATA]
TOTAL FM JAN 1 509 HIGHEST SLP M ON M
DPTR FM NORMAL 71 LOWEST SLP 29.52 ON 20
[REMARKS]
#FINAL-06-21#