000
CXUS53 KTOP 011414
CLMMHK
CLIMATE REPORT
NATIONAL WEATHER SERVICE TOPEKA KS
914 AM CDT THU JUN 01 2023
...................................
...THE MANHATTAN KS CLIMATE SUMMARY FOR THE MONTH OF MAY 2023...
CLIMATE NORMAL PERIOD 1991 TO 2020
CLIMATE RECORD PERIOD 9999 TO 9999
WEATHER OBSERVED NORMAL DEPART LAST YEAR`S
VALUE DATE(S) VALUE FROM VALUE
NORMAL
..............................................................
TEMPERATURE (F)
HIGHEST 94 05/06 95
05/07
LOWEST 30R 05/03 38
AVG. MAXIMUM 81.5 76.8 4.7 77.4
AVG. MINIMUM 54.1 52.9 1.2 56.4
MEAN 67.8 64.8 3.0 66.9
DAYS MAX >= 90 4 3.0 1.0 6
DAYS MAX <= 32 0 0.0 0.0 0
DAYS MIN <= 32 1 0.3 0.7 0
DAYS MIN <= 0 0 0.0 0.0 0
PRECIPITATION (INCHES)
TOTALS 3.85R 4.65 -0.80 6.89
DAILY AVG. 0.12 0.23
DAYS >= .01 9 12
DAYS >= .10 6 8
DAYS >= .50 2 6
DAYS >= 1.00 1 2
GREATEST
24 HR. TOTAL 2.23 05/09 TO 05/09 2.17
DEGREE DAYS
HEATING TOTAL 62 113 -51 117
SINCE 7/1 4912 5096 -184 MM
COOLING TOTAL 155 108 47 187
SINCE 1/1 186 131 55 MM
..............................................................
WIND (MPH)
AVERAGE WIND SPEED 5.8
HIGHEST WIND SPEED/DIRECTION 41/090 DATE 05/09
HIGHEST GUST SPEED/DIRECTION 58/090 DATE 05/09
SKY COVER
POSSIBLE SUNSHINE (PERCENT) MM
AVERAGE SKY COVER 0.27
NUMBER OF DAYS FAIR 23
NUMBER OF DAYS PC 5
NUMBER OF DAYS CLOUDY 3
AVERAGE RH (PERCENT) 62
WEATHER CONDITIONS. NUMBER OF DAYS WITH
THUNDERSTORM 6 MIXED PRECIP 0
HEAVY RAIN 4 RAIN 7
LIGHT RAIN 11 FREEZING RAIN 0
LT FREEZING RAIN 0 HAIL 0
HEAVY SNOW 0 SNOW 0
LIGHT SNOW 0 SLEET 0
FOG 13 FOG W/VIS <= 1/4 MILE 1
HAZE 12
- INDICATES NEGATIVE NUMBERS.
R INDICATES RECORD WAS SET OR TIED.
MM INDICATES DATA IS MISSING.
T INDICATES TRACE AMOUNT.
$$