736
CXUS56 KMFR 011710
CF6MHS
PRELIMINARY LOCAL CLIMATOLOGICAL DATA (WS FORM: F-6)
STATION: MT SHASTA CITY CA
MONTH: JANUARY
YEAR: 2021
LATITUDE: 41 19 N
LONGITUDE: 122 19 W
TEMPERATURE IN F: :PCPN: SNOW: WIND :SUNSHINE: SKY :PK WND
================================================================================
1 2 3 4 5 6A 6B 7 8 9 10 11 12 13 14 15 16 17 18
12Z AVG MX 2MIN
DY MAX MIN AVG DEP HDD CDD WTR SNW DPTH SPD SPD DIR MIN PSBL S-S WX SPD DR
================================================================================
1 48 26 37 2 28 0 0.08 M M 2.1 8 90 M M 3 18 15 130
2 38 35 37 2 28 0 0.02 M M 3.5 9 90 M M 10 1 17 90
3 43 38 41 6 24 0 0.05 M M 4.3 10 90 M M 10 1 16 100
4 43 29 36 1 29 0 1.30 M M 3.0 10 100 M M 8 1 22 80
5 47 29 38 3 27 0 0.00 M M 0.3 5 80 M M 5 12 9 150
6 43 28 36 1 29 0 0.13 M M 1.7 9 100 M M 6 1 16 90
7 45 26 36 1 29 0 0.00 M M 0.8 5 70 M M 3 128 8 220
8 44 26 35 0 30 0 0.38 M M 1.6 7 310 M M 6 18 12 100
9 43 23 33 -2 32 0 0.00 M M 1.8 10 320 M M 0 18 19 320
10 49 30 40 4 25 0 T M M 0.9 10 320 M M 5 1 19 300
11 52 27 40 4 25 0 0.00 M M 1.5 7 320 M M 1 1 12 320
12 44 40 42 6 23 0 0.11 M M 5.5 15 90 M M 10 18 24 80
13 49 32 41 5 24 0 0.10 M M 1.4 12 90 M M 8 1 20 80
14 60 29 45 9 20 0 0.00 M M 2.2 8 330 M M 1 18 15 350
15 53 34 44 8 21 0 0.00 M M 2.3 12 330 M M 1 18 20 300
16 44 32 38 2 27 0 0.00 M M 3.5 15 300 M M 1 1 22 310
17 56 32 44 8 21 0 0.00 M M 3.6 13 340 M M 0 1 22 290
18 53 31 42 6 23 0 0.00 M M 4.4 13 340 M M 0 23 350
19 47 25 36 0 29 0 0.00 M M 2.7 10 300 M M 0 8 16 340
20 50 22 36 0 29 0 0.00 M M 2.2 9 310 M M 0 8 13 300
21 50 29 40 4 25 0 0.00 M M 1.4 8 130 M M 4 8 15 150
22 40 33 37 1 28 0 0.02 M M 2.8 9 310 M M 9 1 18 310
23 44 23 34 -2 31 0 0.00 M M 3.9 10 340 M M 6 18 20 310
24 37 21 29 -7 36 0 0.42 M M 2.5 14 340 M M 7 128 25 340
25 34 19 27 -9 38 0 0.01 M M 7.6 16 320 M M 3 18 30 340
26 29 10 20 -16 45 0 1.32 M M 2.3 8 130 M M 6 128 15 140
27 34 27 31 -6 34 0 1.66 M M 3.7 12 80 M M 8 12 20 90
28 36 31 34 -3 31 0 1.47 M M 0.7 8 90 M M 10 12 15 90
29 37 28 33 -4 32 0 0.02 M M 1.7 10 100 M M 7 1 17 100
30 37 33 35 -2 30 0 0.07 M M 3.7 8 100 M M 10 1 14 90
31 41 33 37 0 28 0 0.70 M M 4.8 13 90 M M 10 1 20 80
================================================================================
SM 1370 881 881 0 7.86 M 84.4 M 158
================================================================================
AV 44.2 28.4 2.7 FASTST M M 5 MAX(MPH)
MISC ----> 16 320 30 340
================================================================================
NOTES:
# LAST OF SEVERAL OCCURRENCES
COLUMN 17 PEAK WIND IN M.P.H.
PRELIMINARY LOCAL CLIMATOLOGICAL DATA (WS FORM: F-6) , PAGE 2
STATION: MT SHASTA CITY CA
MONTH: JANUARY
YEAR: 2021
LATITUDE: 41 19 N
LONGITUDE: 122 19 W
[TEMPERATURE DATA] [PRECIPITATION DATA] SYMBOLS USED IN COLUMN 16
AVERAGE MONTHLY: 36.3 TOTAL FOR MONTH: 7.86 1 = FOG OR MIST
DPTR FM NORMAL: 0.4 DPTR FM NORMAL: 0.80 2 = FOG REDUCING VISIBILITY
HIGHEST: 60 ON 14 GRTST 24HR 1.66 ON 27-27 TO 1/4 MILE OR LESS
LOWEST: 10 ON 26 3 = THUNDER
SNOW, ICE PELLETS, HAIL 4 = ICE PELLETS
TOTAL MONTH: M 5 = HAIL
GRTST 24HR M ON M 6 = FREEZING RAIN OR DRIZZLE
GRTST DEPTH: M ON M 7 = DUSTSTORM OR SANDSTORM:
VSBY 1/2 MILE OR LESS
8 = SMOKE OR HAZE
[NO. OF DAYS WITH] [WEATHER - DAYS WITH] 9 = BLOWING SNOW
X = TORNADO
MAX 32 OR BELOW: 1 0.01 INCH OR MORE: 17
MAX 90 OR ABOVE: 0 0.10 INCH OR MORE: 10
MIN 32 OR BELOW: 24 0.50 INCH OR MORE: 5
MIN 0 OR BELOW: 0 1.00 INCH OR MORE: 4
[HDD (BASE 65) ]
TOTAL THIS MO. 881 CLEAR (SCALE 0-3) 10
DPTR FM NORMAL -23 PTCLDY (SCALE 4-7) 13
TOTAL FM JUL 1 2792 CLOUDY (SCALE 8-10) 8
DPTR FM NORMAL -434
[CDD (BASE 65) ]
TOTAL THIS MO. 0
DPTR FM NORMAL 0 [PRESSURE DATA]
TOTAL FM JAN 1 0 HIGHEST SLP 30.57 ON 14
DPTR FM NORMAL 0 LOWEST SLP 29.61 ON 27
[REMARKS]
#FINAL-01-21#