000
CXUS52 KMLB 010624
CF6MLB
PRELIMINARY LOCAL CLIMATOLOGICAL DATA (WS FORM: F-6)
STATION: MELBOURNE
MONTH: AUGUST
YEAR: 2023
LATITUDE: 28 6 N
LONGITUDE: 80 39 W
TEMPERATURE IN F: :PCPN: SNOW: WIND :SUNSHINE: SKY :PK WND
================================================================================
1 2 3 4 5 6A 6B 7 8 9 10 11 12 13 14 15 16 17 18
12Z AVG MX 2MIN
DY MAX MIN AVG DEP HDD CDD WTR SNW DPTH SPD SPD DIR MIN PSBL S-S WX SPD DR
================================================================================
1 92 75 84 2 0 19 0.42 0.0 0 5.9 17 220 M M 1 13 20 220
2 89 76 83 1 0 18 0.00 0.0 0 7.0 18 60 M M 4 23 60
3 89 82 86 4 0 21 0.00 0.0 0 9.2 18 90 M M 2 23 90
4 90 79 85 3 0 20 0.00 0.0 0 7.2 17 100 M M 1 3 22 90
5 92 76 84 2 0 19 1.54 0.0 0 5.1 24 270 M M 1 138 32 350
6 96 76 86 4 0 21 0.00 0.0 0 4.9 21 290 M M 2 3 25 290
7 95 79 87 5 0 22 0.23 0.0 0 6.0 20 220 M M 3 13 24 230
8 98 82 90 8 0 25 0.00 0.0 0 6.5 21 170 M M 2 3 31 170
9 94 76 85 3 0 20 0.16 0.0 0 7.0 21 200 M M 2 13 32 210
10 96 79 88 6 0 23 0.01 0.0 0 6.7 24 290 M M 2 3 33 300
11 92 76 84 2 0 19 0.00 0.0 0 7.2 15 140 M M 1 3 20 140
12 93 80 87 5 0 22 0.00 0.0 0 6.9 16 100 M M 0 3 24 140
13 92 79 86 4 0 21 0.00 0.0 0 7.5 18 160 M M 2 26 110
14 93 75 84 2 0 19 0.42 0.0 0 6.8 16 100 M M 3 13 21 100
15 93 77 85 3 0 20 0.15 0.0 0 7.0 18 140 M M 2 3 24 140
16 90 75 83 1 0 18 0.67 0.0 0 7.0 16 220 M M 3 13 36 340
17 92 76 84 2 0 19 0.33 0.0 0 7.3 17 290 M M 3 13 27 300
18 91 73 82 0 0 17 0.85 0.0 0 6.7 28 360 M M 1 1238 41 360
19 89 74 82 0 0 17 T 0.0 0 7.4 17 110 M M 1 25 130
20 89 78 84 2 0 19 0.25 0.0 0 9.3 28 140 M M 2 38 40 150
21 90 80 85 3 0 20 0.00 0.0 0 11.1 17 70 M M 2 23 70
22 90 78 84 2 0 19 0.00 0.0 0 8.5 14 40 M M 1 21 30
23 90 76 83 1 0 18 T 0.0 0 6.5 17 100 M M 1 3 24 50
24 90 76 83 1 0 18 0.03 0.0 0 10.5 20 40 M M 4 13 27 40
25 90 80 85 3 0 20 0.00 0.0 0 10.5 17 40 M M 2 27 20
26 89 75 82 0 0 17 0.00 0.0 0 9.0 16 40 M M 1 21 40
27 90 81 86 4 0 21 T 0.0 0 9.8 21 70 M M 3 28 70
28 89 80 85 3 0 20 0.06 0.0 0 6.5 16 120 M M 2 3 23 150
29 91 76 84 2 0 19 0.39 0.0 0 9.1 25 200 M M 2 13 37 200
30 92 77 85 3 0 20 0.03 0.0 0 18.3 37 210 M M 2 3 55 200
31 91 77 84 2 0 19 0.49 0.0 0 6.5 17 170 M M 3 138 23 190
================================================================================
SM 2837 2399 0 610 6.03 0.0 244.9 M 61
================================================================================
AV 91.5 77.4 7.9 FASTST M M 2 MAX(MPH)
MISC ----> 37 210 55 200
================================================================================
NOTES:
# LAST OF SEVERAL OCCURRENCES
COLUMN 17 PEAK WIND IN M.P.H.
PRELIMINARY LOCAL CLIMATOLOGICAL DATA (WS FORM: F-6) , PAGE 2
STATION: MELBOURNE
MONTH: AUGUST
YEAR: 2023
LATITUDE: 28 6 N
LONGITUDE: 80 39 W
[TEMPERATURE DATA] [PRECIPITATION DATA] SYMBOLS USED IN COLUMN 16
AVERAGE MONTHLY: 84.5 TOTAL FOR MONTH: 6.03 1 = FOG OR MIST
DPTR FM NORMAL: 2.5 DPTR FM NORMAL: -0.64 2 = FOG REDUCING VISIBILITY
HIGHEST: 98 ON 8 GRTST 24HR 1.54 ON 5- 5 TO 1/4 MILE OR LESS
LOWEST: 73 ON 18 3 = THUNDER
SNOW, ICE PELLETS, HAIL 4 = ICE PELLETS
TOTAL MONTH: 0.0 INCH 5 = HAIL
GRTST 24HR 0.0 6 = FREEZING RAIN OR DRIZZLE
GRTST DEPTH: 0 7 = DUSTSTORM OR SANDSTORM:
VSBY 1/2 MILE OR LESS
8 = SMOKE OR HAZE
[NO. OF DAYS WITH] [WEATHER - DAYS WITH] 9 = BLOWING SNOW
X = TORNADO
MAX 32 OR BELOW: 0 0.01 INCH OR MORE: 16
MAX 90 OR ABOVE: 25 0.10 INCH OR MORE: 12
MIN 32 OR BELOW: 0 0.50 INCH OR MORE: 3
MIN 0 OR BELOW: 0 1.00 INCH OR MORE: 1
[HDD (BASE 65) ]
TOTAL THIS MO. 0 CLEAR (SCALE 0-3) 28
DPTR FM NORMAL 0 PTCLDY (SCALE 4-7) 3
TOTAL FM JUL 1 0 CLOUDY (SCALE 8-10) 0
DPTR FM NORMAL 0
[CDD (BASE 65) ]
TOTAL THIS MO. 610
DPTR FM NORMAL 83 [PRESSURE DATA]
TOTAL FM JAN 1 2921 HIGHEST SLP M ON M
DPTR FM NORMAL 558 LOWEST SLP 29.67 ON 30
[REMARKS]
#FINAL-08-23#