000
CXUS54 KSHV 011300
CF6MLU
PRELIMINARY LOCAL CLIMATOLOGICAL DATA (WS FORM: F-6)
STATION: MONROE
MONTH: MAY
YEAR: 2022
LATITUDE: 32 30 N
LONGITUDE: 92 2 W
TEMPERATURE IN F: :PCPN: SNOW: WIND :SUNSHINE: SKY :PK WND
================================================================================
1 2 3 4 5 6A 6B 7 8 9 10 11 12 13 14 15 16 17 18
12Z AVG MX 2MIN
DY MAX MIN AVG DEP HDD CDD WTR SNW DPTH SPD SPD DIR MIN PSBL S-S WX SPD DR
================================================================================
1 85 66 76 6 0 11 1.44 0.0 0 4.1 20 290 M M 7 13 24 290
2 84 66 75 5 0 10 T 0.0 0 6.9 18 210 M M 2 1 25 210
3 84 68 76 6 0 11 0.10 0.0 0 5.4 18 320 M M 4 1 23 320
4 88 67 78 8 0 13 0.00 0.0 0 3.6 10 190 M M 3 1 14 210
5 83 66 75 4 0 10 0.46 0.0 0 6.9 32 290 M M 5 13 40 280
6 82 62 72 1 0 7 T 0.0 0 10.0 25 280 M M 2 34 300
7 86 59 73 2 0 8 0.00 0.0 0 4.1 12 60 M M 0 1 14 60
8 87 63 75 3 0 10 0.00 0.0 0 6.0 12 180 M M 4 18 170
9 91 73 82 10 0 17 0.00 0.0 0 6.4 15 200 M M 3 18 20 200
10 90 73 82 10 0 17 0.00 0.0 0 4.0 10 200 M M 5 8 14 170
11 91 69 80 8 0 15 0.00 0.0 0 2.4 9 180 M M 1 1 12 80
12 94 71 83 10 0 18 0.00 0.0 0 3.1 9 310 M M 1 1 13 290
13 94 70 82 9 0 17 0.00 0.0 0 5.7 17 100 M M 2 1 25 90
14 86 68 77 4 0 12 0.00 0.0 0 5.0 17 200 M M 1 1 22 200
15 92 67 80 6 0 15 0.00 0.0 0 3.4 30 20 M M 1 1 38 10
16 90 66 78 4 0 13 0.00 0.0 0 4.7 13 60 M M 1 16 60
17 91 66 79 5 0 14 0.00 0.0 0 3.9 10 70 M M 0 14 60
18 92 70 81 7 0 16 0.00 0.0 0 8.8 17 200 M M 1 18 24 220
19 94 71 83 8 0 18 0.00 0.0 0 10.5 22 200 M M 2 8 28 180
20 93 72 83 8 0 18 0.00 0.0 0 11.5 23 200 M M 1 32 200
21 93 77 85 10 0 20 0.00 0.0 0 8.1 17 190 M M 4 24 180
22 79 65 72 -4 0 7 1.33 0.0 0 9.3 23 350 M M 6 13 30 330
23 72 63 68 -8 0 3 0.00 0.0 0 6.2 10 20 M M 10 1 M M
24 M M M M M M 0.52 0.0 0 M M M M M 4 1 M M
25 M M M M M M 0.53 0.0 0 M M M M M 5 1 M M
26 M M M M M M 0.00 0.0 0 M M M M M 0 1 M M
27 83 M M M M M 0.00 0.0 0 6.8 18 270 M M 0 29 300
28 87 57 72 -5 0 7 0.00 0.0 0 1.9 8 90 M M 0 1 11 90
29 89 61 75 -2 0 10 0.00 0.0 0 4.6 13 200 M M 0 19 190
30 91 69 80 2 0 15 0.00 0.0 0 6.2 17 190 M M 2 23 180
31 93 69 81 3 0 16 0.00 0.0 0 4.5 10 130 M M 3 1 16 140
================================================================================
SM 2464 1814 0 348 4.38 0.0 164.0 M 80
================================================================================
AV 88.0 67.2 5.9 FASTST M M 3 MAX(MPH)
MISC ----> 32 290 40 280
================================================================================
NOTES:
# LAST OF SEVERAL OCCURRENCES
COLUMN 17 PEAK WIND IN M.P.H.
PRELIMINARY LOCAL CLIMATOLOGICAL DATA (WS FORM: F-6) , PAGE 2
STATION: MONROE
MONTH: MAY
YEAR: 2022
LATITUDE: 32 30 N
LONGITUDE: 92 2 W
[TEMPERATURE DATA] [PRECIPITATION DATA] SYMBOLS USED IN COLUMN 16
AVERAGE MONTHLY: 77.6 TOTAL FOR MONTH: 4.38 1 = FOG OR MIST
DPTR FM NORMAL: 3.8 DPTR FM NORMAL: -0.05 2 = FOG REDUCING VISIBILITY
HIGHEST: 94 ON 19,13 GRTST 24HR 1.70 ON 30- 1 TO 1/4 MILE OR LESS
LOWEST: 57 ON 28 3 = THUNDER
SNOW, ICE PELLETS, HAIL 4 = ICE PELLETS
TOTAL MONTH: 0.0 INCH 5 = HAIL
GRTST 24HR 0.0 6 = FREEZING RAIN OR DRIZZLE
GRTST DEPTH: 0 7 = DUSTSTORM OR SANDSTORM:
VSBY 1/2 MILE OR LESS
8 = SMOKE OR HAZE
[NO. OF DAYS WITH] [WEATHER - DAYS WITH] 9 = BLOWING SNOW
X = TORNADO
MAX 32 OR BELOW: 0 0.01 INCH OR MORE: 6
MAX 90 OR ABOVE: 14 0.10 INCH OR MORE: 6
MIN 32 OR BELOW: 0 0.50 INCH OR MORE: 4
MIN 0 OR BELOW: 0 1.00 INCH OR MORE: 2
[HDD (BASE 65) ]
TOTAL THIS MO. 0 CLEAR (SCALE 0-3) 19
DPTR FM NORMAL -8 PTCLDY (SCALE 4-7) 11
TOTAL FM JUL 1 1919 CLOUDY (SCALE 8-10) 1
DPTR FM NORMAL -290
[CDD (BASE 65) ]
TOTAL THIS MO. 348
DPTR FM NORMAL 68 [PRESSURE DATA]
TOTAL FM JAN 1 498 HIGHEST SLP 30.19 ON 11
DPTR FM NORMAL 74 LOWEST SLP 29.70 ON 19
[REMARKS]
#FINAL-05-22#