000
CXUS55 KBOU 010900
CF6MNH
PRELIMINARY LOCAL CLIMATOLOGICAL DATA (WS FORM: F-6)
STATION: ELBERT 6W CO
MONTH: SEPTEMBER
YEAR: 2021
LATITUDE: 39 13 N
LONGITUDE: 104 38 W
TEMPERATURE IN F: :PCPN: SNOW: WIND :SUNSHINE: SKY :PK WND
================================================================================
1 2 3 4 5 6A 6B 7 8 9 10 11 12 13 14 15 16 17 18
12Z AVG MX 2MIN
DY MAX MIN AVG DEP HDD CDD WTR SNW DPTH SPD SPD DIR MIN PSBL S-S WX SPD DR
================================================================================
1 82 55 69 M 0 4 0.06 M M 11.4 17 140 M M 2 25 130
2 73 50 62 M 3 0 0.08 M M 6.3 13 150 M M 6 M M
3 72 50 61 M 4 0 0.55 M M 8.4 18 160 M M 7 1 25 160
4 75 48 62 M 3 0 0.00 M M 7.1 16 160 M M 2 1 22 110
5 77 46 62 M 3 0 0.00 M M 5.8 9 250 M M 0 M M
6 82 50 66 M 0 1 0.00 M M 6.1 12 210 M M 0 16 290
7 77 54 66 M 0 1 0.00 M M 8.1 12 340 M M 0 20 340
8 81 52 67 M 0 2 0.00 M M 7.5 17 190 M M 0 20 190
9 86 48 67 M 0 2 0.00 M M 6.7 9 190 M M 0 M M
10 88 55 72 M 0 7 0.00 M M 6.6 10 30 M M 0 18 250
11 88 55 72 M 0 7 0.00 M M 7.5 28 240 M M 1 37 240
12 79 46 63 M 2 0 0.06 M M 9.3 21 170 M M 4 30 340
13 79 50 65 M 0 0 0.00 M M 9.9 18 360 M M 2 27 360
14 72 45 59 M 6 0 0.37 M M 9.3 20 130 M M 2 3 27 130
15 79 46 63 M 2 0 0.00 M M 9.0 15 160 M M 0 21 160
16 82 48 65 M 0 0 0.00 M M 7.2 14 170 M M 0 21 240
17 72 41 57 M 8 0 0.00 M M 12.1 20 310 M M 3 25 310
18 82 46 64 M 1 0 0.00 M M 11.6 23 170 M M 0 31 160
19 79 54 67 M 0 2 0.00 M M 13.7 22 210 M M 0 31 250
20 59 37 48 M 17 0 0.10 M M 8.8 16 350 M M 6 23 30
21 59 34 47 M 18 0 0.07 M M 6.0 13 180 M M 2 M M
22 70 37 54 M 11 0 0.00 M M 8.0 15 180 M M 0 16 30
23 72 41 57 M 8 0 0.00 M M 6.6 13 210 M M 1 21 70
24 70 39 55 M 10 0 0.00 M M 6.8 14 190 M M 0 16 80
25 79 45 62 M 3 0 0.00 M M 8.9 17 180 M M 0 22 190
26 81 46 64 M 1 0 0.00 M M 6.4 10 220 M M 0 16 110
27 79 50 65 M 0 0 0.00 M M 8.2 16 100 M M 1 22 100
28 70 46 58 M 7 0 0.00 M M 9.6 20 180 M M 1 25 180
29 64 37 51 M 14 0 0.14 M M 9.1 15 20 M M 4 22 20
30 50 36 43 M 22 0 0.00 M M 6.8 10 330 M M 10 M M
================================================================================
SM 2258 1387 143 26 1.43 M 248.7 M 54
================================================================================
AV 75.3 46.2 8.3 FASTST M M 2 MAX(MPH)
MISC ----> 28 240 37 240
================================================================================
NOTES:
# LAST OF SEVERAL OCCURRENCES
COLUMN 17 PEAK WIND IN M.P.H.
PRELIMINARY LOCAL CLIMATOLOGICAL DATA (WS FORM: F-6) , PAGE 2
STATION: ELBERT 6W CO
MONTH: SEPTEMBER
YEAR: 2021
LATITUDE: 39 13 N
LONGITUDE: 104 38 W
[TEMPERATURE DATA] [PRECIPITATION DATA] SYMBOLS USED IN COLUMN 16
AVERAGE MONTHLY: 60.8 TOTAL FOR MONTH: 1.43 1 = FOG OR MIST
DPTR FM NORMAL: 0.0 DPTR FM NORMAL: M 2 = FOG REDUCING VISIBILITY
HIGHEST: 88 ON 11,10 GRTST 24HR 0.55 ON 3- 3 TO 1/4 MILE OR LESS
LOWEST: 34 ON 21 3 = THUNDER
SNOW, ICE PELLETS, HAIL 4 = ICE PELLETS
TOTAL MONTH: M 5 = HAIL
GRTST 24HR M ON M 6 = FREEZING RAIN OR DRIZZLE
GRTST DEPTH: M ON M 7 = DUSTSTORM OR SANDSTORM:
VSBY 1/2 MILE OR LESS
8 = SMOKE OR HAZE
[NO. OF DAYS WITH] [WEATHER - DAYS WITH] 9 = BLOWING SNOW
X = TORNADO
MAX 32 OR BELOW: 0 0.01 INCH OR MORE: 8
MAX 90 OR ABOVE: 0 0.10 INCH OR MORE: 3
MIN 32 OR BELOW: 0 0.50 INCH OR MORE: 1
MIN 0 OR BELOW: 0 1.00 INCH OR MORE: 0
[HDD (BASE 65) ]
TOTAL THIS MO. 143 CLEAR (SCALE 0-3) 24
DPTR FM NORMAL M PTCLDY (SCALE 4-7) 5
TOTAL FM JUL 1 182 CLOUDY (SCALE 8-10) 1
DPTR FM NORMAL M
[CDD (BASE 65) ]
TOTAL THIS MO. 26
DPTR FM NORMAL M [PRESSURE DATA]
TOTAL FM JAN 1 273 HIGHEST SLP M ON M
DPTR FM NORMAL M LOWEST SLP M ON M
[REMARKS]
#FINAL-09-21#