000
CXUS56 KSTO 082038
CF6MOD
PRELIMINARY LOCAL CLIMATOLOGICAL DATA (WS FORM: F-6)
STATION: MODESTO CA
MONTH: MARCH
YEAR: 2023
LATITUDE: 37 37 N
LONGITUDE: 120 57 W
TEMPERATURE IN F: :PCPN: SNOW: WIND :SUNSHINE: SKY :PK WND
================================================================================
1 2 3 4 5 6A 6B 7 8 9 10 11 12 13 14 15 16 17 18
12Z AVG MX 2MIN
DY MAX MIN AVG DEP HDD CDD WTR SNW DPTH SPD SPD DIR MIN PSBL S-S WX SPD DR
================================================================================
1 53 36 45 -10 20 0 0.00 M M 17.6 29 310 M M 1 40 310
2 57 34 46 -9 19 0 0.00 M M 3.7 15 290 M M 0 20 290
3 58 36 47 -8 18 0 0.00 M M 3.6 15 330 M M 2 17 320
4 56 41 49 -6 16 0 0.02 M M 6.3 22 200 M M 6 1 33 200
5 51 39 45 -10 20 0 0.41 M M 6.2 20 290 M M 7 13 23 130
6 54 33 44 -12 21 0 0.02 M M 3.6 15 280 M M 3 1 20 260
7 56 38 47 -9 18 0 0.00 M M 3.4 12 300 M M 5 15 350
8 54 37 46 -10 19 0 T M M 4.2 14 130 M M 5 18 140
9 54 38 46 -10 19 0 0.34 0.0 M 6.9 22 130 M M 4 33 140
10 58 50 54 -2 11 0 0.42 M M 7.7 20 140 M M 10 1 27 140
11 67 50 59 3 6 0 0.00 M M 5.1 14 170 M M 6 1 25 180
12 61 51 56 0 9 0 0.43 M M 5.5 9 340 M M 7 1 M M
13 70 50 60 4 5 0 0.04 M M M M M M M 4 M M
14 65 48 57 1 8 0 0.35 M M 13.4 29 140 M M 8 1 47 140
15 59 42 51 -6 14 0 0.00 M M 7.2 20 320 M M 2 M M
16 63 40 52 -5 13 0 0.00 M M 4.1 12 270 M M 0 14 300
17 67 43 55 -2 10 0 0.00 M M 4.4 13 300 M M 0 1 17 310
18 68 42 55 -2 10 0 0.00 M M 4.8 12 120 M M 1 1 15 130
19 62 51 57 0 8 0 0.17 M M 9.2 21 150 M M 9 1 31 150
20 62 48 55 -2 10 0 0.00 M M 4.2 8 320 M M 6 M M
21 60 46 53 -4 12 0 0.64 M M 12.3 30 140 M M 9 13 43 120
22 57 47 52 -5 13 0 0.19 0.0 M 10.6 16 130 M M 10 24 150
23 59 48 54 -3 11 0 0.23 0.0 M 10.3 18 290 M M 9 1 M M
24 57 40 49 -9 16 0 0.00 M M 12.7 18 310 M M 0 29 310
25 58 41 50 -8 15 0 0.00 M M 14.2 24 310 M M 0 33 300
26 57 40 49 -9 16 0 0.00 M M 10.4 20 310 M M 0 29 320
27 63 35 49 -9 16 0 0.00 M M 5.1 15 180 M M 0 22 200
28 57 43 50 -8 15 0 0.46 M M 7.0 18 150 M M 8 1 25 140
29 55 40 48 -10 17 0 0.59 M M 7.7 21 140 M M 8 13 30 140
30 59 43 51 -7 14 0 0.01 M M 4.6 15 320 M M 8 1 21 300
31 63 41 52 -6 13 0 0.00 M M 5.0 14 320 M M 4 17 320
================================================================================
SM 1840 1311 432 0 4.32 0.0 221.0 M 142
================================================================================
AV 59.4 42.3 7.4 FASTST M M 5 MAX(MPH)
MISC ----> 30 140 47 140
================================================================================
NOTES:
# LAST OF SEVERAL OCCURRENCES
COLUMN 17 PEAK WIND IN M.P.H.
PRELIMINARY LOCAL CLIMATOLOGICAL DATA (WS FORM: F-6) , PAGE 2
STATION: MODESTO CA
MONTH: MARCH
YEAR: 2023
LATITUDE: 37 37 N
LONGITUDE: 120 57 W
[TEMPERATURE DATA] [PRECIPITATION DATA] SYMBOLS USED IN COLUMN 16
AVERAGE MONTHLY: 50.8 TOTAL FOR MONTH: 4.32 1 = FOG OR MIST
DPTR FM NORMAL: -5.9 DPTR FM NORMAL: 2.54 2 = FOG REDUCING VISIBILITY
HIGHEST: 70 ON 13 GRTST 24HR 0.76 ON 28-29 TO 1/4 MILE OR LESS
LOWEST: 33 ON 6 3 = THUNDER
SNOW, ICE PELLETS, HAIL 4 = ICE PELLETS
TOTAL MONTH: 0.0 INCH 5 = HAIL
GRTST 24HR 0.0 6 = FREEZING RAIN OR DRIZZLE
GRTST DEPTH: M ON M 7 = DUSTSTORM OR SANDSTORM:
VSBY 1/2 MILE OR LESS
8 = SMOKE OR HAZE
[NO. OF DAYS WITH] [WEATHER - DAYS WITH] 9 = BLOWING SNOW
X = TORNADO
MAX 32 OR BELOW: 0 0.01 INCH OR MORE: 15
MAX 90 OR ABOVE: 0 0.10 INCH OR MORE: 11
MIN 32 OR BELOW: 0 0.50 INCH OR MORE: 2
MIN 0 OR BELOW: 0 1.00 INCH OR MORE: 0
[HDD (BASE 65) ]
TOTAL THIS MO. 432 CLEAR (SCALE 0-3) 11
DPTR FM NORMAL 170 PTCLDY (SCALE 4-7) 13
TOTAL FM JUL 1 2595 CLOUDY (SCALE 8-10) 7
DPTR FM NORMAL 489
[CDD (BASE 65) ]
TOTAL THIS MO. 0
DPTR FM NORMAL -3 [PRESSURE DATA]
TOTAL FM JAN 1 0 HIGHEST SLP 30.42 ON 24
DPTR FM NORMAL -3 LOWEST SLP 29.31 ON 21
[REMARKS]
#FINAL-03-23#