000
CXUS56 KSTO 011400
CF6MOD
PRELIMINARY LOCAL CLIMATOLOGICAL DATA (WS FORM: F-6)
STATION: MODESTO CA
MONTH: NOVEMBER
YEAR: 2023
LATITUDE: 37 37 N
LONGITUDE: 120 57 W
TEMPERATURE IN F: :PCPN: SNOW: WIND :SUNSHINE: SKY :PK WND
================================================================================
1 2 3 4 5 6A 6B 7 8 9 10 11 12 13 14 15 16 17 18
12Z AVG MX 2MIN
DY MAX MIN AVG DEP HDD CDD WTR SNW DPTH SPD SPD DIR MIN PSBL S-S WX SPD DR
================================================================================
1 74 37 56 -4 9 0 0.00 M M 0.4 6 310 M M 0 1 8 340
2 77 42 60 1 5 0 0.00 0.0 M 3.8 10 290 M M 0 18 13 300
3 78 46 62 3 3 0 0.00 M M 2.4 10 310 M M 0 18 13 300
4 79 48 64 6 1 0 0.00 M M 3.1 12 340 M M 0 18 18 340
5 76 54 65 7 0 0 0.04 M M 2.9 9 240 M M 5 18 15 230
6 69 53 61 3 4 0 0.06 M M 3.8 10 340 M M 6 1 13 340
7 65 47 56 -1 9 0 0.00 M M 7.6 18 340 M M 0 1 26 300
8 67 42 55 -2 10 0 0.00 M M 7.2 17 300 M M 0 25 310
9 66 37 52 -5 13 0 0.00 M M 2.3 10 290 M M 1 1 16 300
10 68 38 53 -3 12 0 0.00 M M 2.6 12 340 M M 0 18 15 320
11 70 39 55 -1 10 0 0.00 M M 2.2 9 320 M M 0 18 14 350
12 72 39 56 0 9 0 0.00 M M 4.1 12 120 M M 0 18 16 180
13 71 44 58 3 7 0 0.00 M M 1.9 12 320 M M 0 18 16 330
14 73 38 56 1 9 0 0.00 0.0 M 4.3 12 130 M M 0 18 16 140
15 63 45 54 0 11 0 0.01 M M 2.6 10 100 M M 7 128 15 240
16 67 50 59 5 6 0 0.01 M M 3.5 9 300 M M 3 18 12 290
17 68 49 59 5 6 0 0.02 M M 3.4 13 130 M M 4 1 17 160
18 64 54 59 6 6 0 0.39 M M 8.1 18 280 M M 8 1 28 170
19 62 45 54 1 11 0 T M M 12.9 23 300 M M 0 32 340
20 62 41 52 -1 13 0 0.00 M M 5.6 17 310 M M 0 23 290
21 64 36 50 -2 15 0 0.00 M M 2.3 8 270 M M 0 1 10 300
22 66 38 52 0 13 0 0.00 M M 1.2 8 320 M M 0 18 12 330
23 66 41 54 2 11 0 0.00 M M 6.1 21 310 M M 0 1 26 310
24 59 43 51 -1 14 0 0.00 M M 10.6 21 300 M M 0 29 300
25 59 37 48 -3 17 0 0.00 M M 4.9 15 300 M M 0 8 18 300
26 59 32 46 -5 19 0 0.00 M M 1.2 6 120 M M 0 1 8 250
27 63 31 47 -4 18 0 0.00 M M 0.7 6 210 M M 0 18 7 210
28 64 32 48 -2 17 0 0.00 M M 1.0 7 120 M M 0 18 9 130
29 61 36 49 -1 16 0 0.01 M M 3.2 10 300 M M 2 18 14 260
30 64 37 51 1 14 0 0.00 M M 5.1 18 280 M M 2 1 23 280
================================================================================
SM 2016 1251 308 0 0.54 0.0 121.0 M 38
================================================================================
AV 67.2 41.7 4.0 FASTST M M 1 MAX(MPH)
MISC ----> 23 300 32 340
================================================================================
NOTES:
# LAST OF SEVERAL OCCURRENCES
COLUMN 17 PEAK WIND IN M.P.H.
PRELIMINARY LOCAL CLIMATOLOGICAL DATA (WS FORM: F-6) , PAGE 2
STATION: MODESTO CA
MONTH: NOVEMBER
YEAR: 2023
LATITUDE: 37 37 N
LONGITUDE: 120 57 W
[TEMPERATURE DATA] [PRECIPITATION DATA] SYMBOLS USED IN COLUMN 16
AVERAGE MONTHLY: 54.5 TOTAL FOR MONTH: 0.54 1 = FOG OR MIST
DPTR FM NORMAL: -0.1 DPTR FM NORMAL: -0.53 2 = FOG REDUCING VISIBILITY
HIGHEST: 79 ON 4 GRTST 24HR 0.40 ON 17-18 TO 1/4 MILE OR LESS
LOWEST: 31 ON 27 3 = THUNDER
SNOW, ICE PELLETS, HAIL 4 = ICE PELLETS
TOTAL MONTH: 0.0 INCH 5 = HAIL
GRTST 24HR 0.0 6 = FREEZING RAIN OR DRIZZLE
GRTST DEPTH: M ON M 7 = DUSTSTORM OR SANDSTORM:
VSBY 1/2 MILE OR LESS
8 = SMOKE OR HAZE
[NO. OF DAYS WITH] [WEATHER - DAYS WITH] 9 = BLOWING SNOW
X = TORNADO
MAX 32 OR BELOW: 0 0.01 INCH OR MORE: 7
MAX 90 OR ABOVE: 0 0.10 INCH OR MORE: 1
MIN 32 OR BELOW: 3 0.50 INCH OR MORE: 0
MIN 0 OR BELOW: 0 1.00 INCH OR MORE: 0
[HDD (BASE 65) ]
TOTAL THIS MO. 308 CLEAR (SCALE 0-3) 25
DPTR FM NORMAL -10 PTCLDY (SCALE 4-7) 5
TOTAL FM JUL 1 375 CLOUDY (SCALE 8-10) 0
DPTR FM NORMAL -15
[CDD (BASE 65) ]
TOTAL THIS MO. 0
DPTR FM NORMAL -2 [PRESSURE DATA]
TOTAL FM JAN 1 1549 HIGHEST SLP 30.41 ON 21
DPTR FM NORMAL -74 LOWEST SLP 29.75 ON 15
[REMARKS]
#FINAL-11-23#