000
CXUS56 KSTO 011300
CF6MOD
PRELIMINARY LOCAL CLIMATOLOGICAL DATA (WS FORM: F-6)
STATION: MODESTO CA
MONTH: SEPTEMBER
YEAR: 2023
LATITUDE: 37 37 N
LONGITUDE: 120 57 W
TEMPERATURE IN F: :PCPN: SNOW: WIND :SUNSHINE: SKY :PK WND
================================================================================
1 2 3 4 5 6A 6B 7 8 9 10 11 12 13 14 15 16 17 18
12Z AVG MX 2MIN
DY MAX MIN AVG DEP HDD CDD WTR SNW DPTH SPD SPD DIR MIN PSBL S-S WX SPD DR
================================================================================
1 80 61 71 -5 0 6 0.00 M M 8.2 20 320 M M 2 23 330
2 77 63 70 -6 0 5 0.00 M M 8.2 14 330 M M 7 16 330
3 78 62 70 -6 0 5 0.01 M M 7.6 16 320 M M 7 21 320
4 84 58 71 -5 0 6 0.00 M M 5.7 15 330 M M 0 19 320
5 90 58 74 -2 0 9 0.00 M M 2.9 9 310 M M 0 11 330
6 87 62 75 -1 0 10 0.00 0.0 M 8.3 13 330 M M 0 19 320
7 89 61 75 -1 0 10 0.00 M M 7.8 12 320 M M 0 18 360
8 93 63 78 3 0 13 0.00 M M 5.7 14 330 M M 0 17 330
9 87 66 77 2 0 12 0.02 M M 5.9 15 290 M M 1 3 20 300
10 91 62 77 2 0 12 0.00 M M 7.0 15 320 M M 0 22 320
11 92 59 76 1 0 11 0.00 M M 6.4 13 330 M M 0 18 290
12 89 60 75 0 0 10 0.00 M M 7.2 13 340 M M 0 16 320
13 89 61 75 0 0 10 0.00 M M 5.2 12 310 M M 0 16 330
14 91 61 76 2 0 11 0.00 M M 4.3 13 330 M M 0 17 330
15 87 62 75 1 0 10 0.00 0.0 M 8.5 15 330 M M 0 18 24 320
16 84 62 73 -1 0 8 0.00 M M 9.7 16 330 M M 0 22 360
17 82 60 71 -3 0 6 0.00 M M 9.2 17 330 M M 0 22 330
18 82 60 71 -3 0 6 0.00 M M 8.3 16 300 M M 0 22 340
19 84 60 72 -1 0 7 0.00 M M 6.6 13 310 M M 1 18 310
20 83 59 71 -2 0 6 0.00 M M 4.6 14 330 M M 0 8 19 340
21 80 54 67 -6 0 2 0.00 M M 5.6 12 340 M M 2 18 17 300
22 80 55 68 -5 0 3 0.00 M M 5.8 13 340 M M 2 18 18 300
23 81 56 69 -3 0 4 0.00 M M 7.1 14 320 M M 1 18 18 330
24 83 55 69 -3 0 4 0.00 M M 6.4 17 330 M M 0 21 340
25 80 57 69 -3 0 4 0.00 0.0 M 7.4 18 300 M M 0 24 300
26 81 55 68 -4 0 3 0.00 M M 8.4 17 320 M M 1 23 320
27 82 57 70 -1 0 5 0.00 M M 10.2 18 340 M M 0 24 320
28 83 56 70 -1 0 5 0.00 M M 9.3 18 300 M M 0 27 330
29 80 53 67 -4 0 2 0.00 M M 6.8 21 310 M M 1 27 300
30 71 55 63 -7 2 0 0.03 M M 4.3 12 20 M M 9 1 15 340
================================================================================
SM 2520 1773 2 205 0.06 0.0 208.6 M 34
================================================================================
AV 84.0 59.1 7.0 FASTST M M 1 MAX(MPH)
MISC ----> 21 310 # 27 330
================================================================================
NOTES:
# LAST OF SEVERAL OCCURRENCES
COLUMN 17 PEAK WIND IN M.P.H.
PRELIMINARY LOCAL CLIMATOLOGICAL DATA (WS FORM: F-6) , PAGE 2
STATION: MODESTO CA
MONTH: SEPTEMBER
YEAR: 2023
LATITUDE: 37 37 N
LONGITUDE: 120 57 W
[TEMPERATURE DATA] [PRECIPITATION DATA] SYMBOLS USED IN COLUMN 16
AVERAGE MONTHLY: 71.6 TOTAL FOR MONTH: 0.06 1 = FOG OR MIST
DPTR FM NORMAL: -2.3 DPTR FM NORMAL: 0.00 2 = FOG REDUCING VISIBILITY
HIGHEST: 93 ON 8 GRTST 24HR 0.03 ON 30-30 TO 1/4 MILE OR LESS
LOWEST: 53 ON 29 3 = THUNDER
SNOW, ICE PELLETS, HAIL 4 = ICE PELLETS
TOTAL MONTH: 0.0 INCH 5 = HAIL
GRTST 24HR 0.0 6 = FREEZING RAIN OR DRIZZLE
GRTST DEPTH: M ON M 7 = DUSTSTORM OR SANDSTORM:
VSBY 1/2 MILE OR LESS
8 = SMOKE OR HAZE
[NO. OF DAYS WITH] [WEATHER - DAYS WITH] 9 = BLOWING SNOW
X = TORNADO
MAX 32 OR BELOW: 0 0.01 INCH OR MORE: 3
MAX 90 OR ABOVE: 5 0.10 INCH OR MORE: 0
MIN 32 OR BELOW: 0 0.50 INCH OR MORE: 0
MIN 0 OR BELOW: 0 1.00 INCH OR MORE: 0
[HDD (BASE 65) ]
TOTAL THIS MO. 2 CLEAR (SCALE 0-3) 27
DPTR FM NORMAL -2 PTCLDY (SCALE 4-7) 2
TOTAL FM JUL 1 2 CLOUDY (SCALE 8-10) 1
DPTR FM NORMAL 2
[CDD (BASE 65) ]
TOTAL THIS MO. 205
DPTR FM NORMAL -64 [PRESSURE DATA]
TOTAL FM JAN 1 1450 HIGHEST SLP 30.13 ON 26
DPTR FM NORMAL -96 LOWEST SLP 29.69 ON 1
[REMARKS]
#FINAL-09-23#