000
CXUS51 KPHI 012116
CF6MPO
PRELIMINARY LOCAL CLIMATOLOGICAL DATA (WS FORM: F-6)
STATION: MOUNT POCONO PA
MONTH: NOVEMBER
YEAR: 2023
LATITUDE: 41 8 N
LONGITUDE: 75 24 W
TEMPERATURE IN F: :PCPN: SNOW: WIND :SUNSHINE: SKY :PK WND
================================================================================
1 2 3 4 5 6A 6B 7 8 9 10 11 12 13 14 15 16 17 18
12Z AVG MX 2MIN
DY MAX MIN AVG DEP HDD CDD WTR SNW DPTH SPD SPD DIR MIN PSBL S-S WX SPD DR
================================================================================
1 40 26 33 -9 32 0 0.00 M M 12.5 28 310 M M 4 37 320
2 42 20 31 -11 34 0 0.00 M M 5.7 14 230 M M 3 18 220
3 50 30 40 -2 25 0 0.00 M M 7.9 17 220 M M 1 22 200
4 56 39 48 6 17 0 T M M 7.3 14 220 M M 2 20 240
5 56 36 46 5 19 0 T M M 8.0 20 320 M M 5 25 310
6 49 29 39 -2 26 0 0.03 M M 6.6 13 160 M M 1 1 18 150
7 63 44 54 13 11 0 0.05 M M 14.8 26 300 M M 4 1 34 320
8 44 31 38 -2 27 0 0.00 M M 11.5 29 310 M M 3 39 320
9 59 33 46 6 19 0 T M M 9.7 18 280 M M 5 24 270
10 46 34 40 0 25 0 0.00 M M 9.1 17 280 M M 5 23 290
11 45 27 36 -3 29 0 0.00 M M 9.3 21 320 M M 2 28 320
12 34 21 28 -11 37 0 0.00 M M 6.3 14 330 M M 3 17 290
13 43 18 31 -8 34 0 T M M 4.4 12 280 M M 3 15 190
14 44 26 35 -3 30 0 0.00 M M 12.8 26 320 M M 4 36 320
15 50 21 36 -2 29 0 0.00 M M 5.9 15 210 M M 0 20 200
16 60 32 46 8 19 0 0.00 M M 5.9 14 260 M M 0 18 240
17 57 42 50 13 15 0 T M M 9.8 23 200 M M 4 32 200
18 53 30 42 5 23 0 0.01 M M 15.6 31 320 M M 4 1 39 320
19 46 27 37 0 28 0 0.00 M M 11.5 25 330 M M 1 33 330
20 39 25 32 -4 33 0 0.00 M M 7.6 16 320 M M 0 22 340
21 39 23 31 -5 34 0 1.57 M M 9.7 16 100 M M 7 1246 26 100
22 46 38 42 6 23 0 0.47 M M 11.2 22 310 M M 10 1 28 310
23 42 33 38 3 27 0 0.01 M M 15.1 28 310 M M 8 1 37 310
24 38 22 30 -5 35 0 0.00 M M 14.6 24 300 M M 5 31 310
25 37 20 29 -6 36 0 0.00 M M 6.5 21 310 M M 0 26 300
26 40 24 32 -2 33 0 1.39 M M 6.5 14 130 M M 6 1 18 130
27 40 26 33 -1 32 0 0.00 M M 14.8 25 270 M M 7 33 270
28 28 21 25 -9 40 0 T M M 16.5 30 280 M M 6 43 280
29 27 15 21 -12 44 0 0.00 M M 10.9 17 250 M M 5 23 250
30 43 19 31 -2 34 0 0.00 M M 8.3 16 220 M M 1 22 270
================================================================================
SM 1356 832 850 0 3.53 M 296.3 M 109
================================================================================
AV 45.2 27.7 9.9 FASTST M M 4 MAX(MPH)
MISC ----> 31 320 43 280
================================================================================
NOTES:
# LAST OF SEVERAL OCCURRENCES
COLUMN 17 PEAK WIND IN M.P.H.
PRELIMINARY LOCAL CLIMATOLOGICAL DATA (WS FORM: F-6) , PAGE 2
STATION: MOUNT POCONO PA
MONTH: NOVEMBER
YEAR: 2023
LATITUDE: 41 8 N
LONGITUDE: 75 24 W
[TEMPERATURE DATA] [PRECIPITATION DATA] SYMBOLS USED IN COLUMN 16
AVERAGE MONTHLY: 36.5 TOTAL FOR MONTH: 3.53 1 = FOG OR MIST
DPTR FM NORMAL: -1.3 DPTR FM NORMAL: -0.55 2 = FOG REDUCING VISIBILITY
HIGHEST: 63 ON 7 GRTST 24HR 2.03 ON 21-22 TO 1/4 MILE OR LESS
LOWEST: 15 ON 29 3 = THUNDER
SNOW, ICE PELLETS, HAIL 4 = ICE PELLETS
TOTAL MONTH: M 5 = HAIL
GRTST 24HR M ON M 6 = FREEZING RAIN OR DRIZZLE
GRTST DEPTH: M ON M 7 = DUSTSTORM OR SANDSTORM:
VSBY 1/2 MILE OR LESS
8 = SMOKE OR HAZE
[NO. OF DAYS WITH] [WEATHER - DAYS WITH] 9 = BLOWING SNOW
X = TORNADO
MAX 32 OR BELOW: 2 0.01 INCH OR MORE: 7
MAX 90 OR ABOVE: 0 0.10 INCH OR MORE: 3
MIN 32 OR BELOW: 22 0.50 INCH OR MORE: 2
MIN 0 OR BELOW: 0 1.00 INCH OR MORE: 2
[HDD (BASE 65) ]
TOTAL THIS MO. 850 CLEAR (SCALE 0-3) 11
DPTR FM NORMAL 32 PTCLDY (SCALE 4-7) 18
TOTAL FM JUL 1 1372 CLOUDY (SCALE 8-10) 1
DPTR FM NORMAL -248
[CDD (BASE 65) ]
TOTAL THIS MO. 0
DPTR FM NORMAL 0 [PRESSURE DATA]
TOTAL FM JAN 1 278 HIGHEST SLP 30.51 ON 21
DPTR FM NORMAL -10 LOWEST SLP 29.66 ON 27
[REMARKS]
#FINAL-11-23#