000
CXUS53 KMPX 022009
CF6MPX
PRELIMINARY LOCAL CLIMATOLOGICAL DATA (WS FORM: F-6)
STATION: CHANHASSEN MN
MONTH: JANUARY
YEAR: 2022
LATITUDE: 44 50 N
LONGITUDE: 93 34 W
TEMPERATURE IN F: :PCPN: SNOW: WIND :SUNSHINE: SKY :PK WND
================================================================================
1 2 3 4 5 6A 6B 7 8 9 10 11 12 13 14 15 16 17 18
12Z AVG MX 2MIN
DY MAX MIN AVG DEP HDD CDD WTR SNW DPTH SPD SPD DIR MIN PSBL S-S WX SPD DR
================================================================================
1 -4 -15 -9 -24 74 0 0.00 0.0 3 M M M M M M M M
2 5 -19 -7 -22 72 0 0.00 0.0 3 M M M M M M M M
3 28 5 17 2 48 0 0.00 0.0 3 M M M M M M M M
4 32 14 23 8 42 0 T T 3 M M M M M M M M
5 19 0 10 -5 55 0 0.12 1.7 4 M M M M M M M M
6 0 -16 -8 -23 73 0 T T 4 M M M M M M M M
7 10 -21 -5 -19 70 0 0.00 0.0 4 M M M M M M M M
8 28 1 15 1 50 0 0.00 0.0 4 M M M M M M M M
9 4 -6 -1 -15 66 0 0.00 0.0 3 M M M M M M M M
10 3 -9 -3 -17 68 0 0.00 0.0 3 M M M M M M M M
11 37 2 20 6 45 0 0.00 0.0 3 M M M M M M M M
12 39 25 32 18 33 0 0.00 0.0 3 M M M M M M M M
13 33 24 29 15 36 0 T T 2 M M M M M M M M
14 25 8 17 3 48 0 0.37 4.6 3 M M M M M M M M
15 15 -5 5 -9 60 0 0.00 0.0 6 M M M M M M M M
16 29 4 17 3 48 0 T T 6 M M M M M M M M
17 29 15 22 8 43 0 0.00 0.0 6 M M M M M M M M
18 41 6 24 10 41 0 0.00 0.0 5 M M M M M M M M
19 6 -9 -1 -15 66 0 0.00 0.0 5 M M M M M M M M
20 -1 -16 -8 -21 73 0 0.00 0.0 5 M M M M M M M M
21 24 -12 6 -7 59 0 0.06 0.7 5 M M M M M M M M
22 25 5 15 2 50 0 0.08 2.6 5 M M M M M M M M
23 7 -12 -2 -16 67 0 0.04 1.1 8 M M M M M M M M
24 9 -8 1 -13 64 0 0.01 0.1 9 M M M M M M M M
25 2 -15 -6 -20 71 0 0.00 0.0 8 M M M M M M M M
26 30 -20 5 -9 60 0 T T 8 M M M M M M M M
27 33 2 18 4 47 0 T T 7 M M M M M M M M
28 11 -12 0 -14 65 0 0.00 0.0 7 M M M M M M M M
29 25 4 15 1 50 0 0.00 0.0 7 M M M M M M M M
30 21 11 16 2 49 0 T T 7 M M M M M M M M
31 31 8 20 6 45 0 0.00 0.0 7 M M M M M M M M
================================================================================
SM 596 -61 1738 0 0.68 10.8 M M M
================================================================================
AV 19.2 -2.0 M FASTST M M M MAX(MPH)
MISC ----> M M M M
================================================================================
NOTES:
# LAST OF SEVERAL OCCURRENCES
COLUMN 17 PEAK WIND IN M.P.H.
PRELIMINARY LOCAL CLIMATOLOGICAL DATA (WS FORM: F-6) , PAGE 2
STATION: CHANHASSEN MN
MONTH: JANUARY
YEAR: 2022
LATITUDE: 44 50 N
LONGITUDE: 93 34 W
[TEMPERATURE DATA] [PRECIPITATION DATA] SYMBOLS USED IN COLUMN 16
AVERAGE MONTHLY: 8.6 TOTAL FOR MONTH: 0.68 1 = FOG OR MIST
DPTR FM NORMAL: -5.4 DPTR FM NORMAL: -0.19 2 = FOG REDUCING VISIBILITY
HIGHEST: 41 ON 18 GRTST 24HR 0.37 ON 14-14 TO 1/4 MILE OR LESS
LOWEST: -21 ON 7 3 = THUNDER
SNOW, ICE PELLETS, HAIL 4 = ICE PELLETS
TOTAL MONTH: 11.1 INCHES 5 = HAIL
GRTST 24HR 4.6 ON 14-14 6 = FREEZING RAIN OR DRIZZLE
GRTST DEPTH: 9 ON 24 7 = DUSTSTORM OR SANDSTORM:
VSBY 1/2 MILE OR LESS
8 = SMOKE OR HAZE
[NO. OF DAYS WITH] [WEATHER - DAYS WITH] 9 = BLOWING SNOW
X = TORNADO
MAX 32 OR BELOW: 26 0.01 INCH OR MORE: 6
MAX 90 OR ABOVE: 0 0.10 INCH OR MORE: 2
MIN 32 OR BELOW: 31 0.50 INCH OR MORE: 0
MIN 0 OR BELOW: 16 1.00 INCH OR MORE: 0
[HDD (BASE 65) ]
TOTAL THIS MO. 1738 CLEAR (SCALE 0-3) 0
DPTR FM NORMAL 157 PTCLDY (SCALE 4-7) 0
TOTAL FM JUL 1 4433 CLOUDY (SCALE 8-10) 31
DPTR FM NORMAL -262
[CDD (BASE 65) ]
TOTAL THIS MO. 0
DPTR FM NORMAL 0 [PRESSURE DATA]
TOTAL FM JAN 1 0 HIGHEST SLP M ON M
DPTR FM NORMAL 0 LOWEST SLP M ON M
[REMARKS]
#FINAL-01-22#