000
CXUS53 KMQT 032201
CF6MQT
PRELIMINARY LOCAL CLIMATOLOGICAL DATA (WS FORM: F-6)
STATION: MARQUETTE MI
MONTH: JUNE
YEAR: 2021
LATITUDE: 46 31 N
LONGITUDE: 87 33 W
TEMPERATURE IN F: :PCPN: SNOW: WIND :SUNSHINE: SKY :PK WND
================================================================================
1 2 3 4 5 6A 6B 7 8 9 10 11 12 13 14 15 16 17 18
12Z AVG MX 2MIN
DY MAX MIN AVG DEP HDD CDD WTR SNW DPTH SPD SPD DIR MIN PSBL S-S WX SPD DR
================================================================================
1 75 43 59 2 6 0 0.00 0.0 0 M M M M M M 15 90
2 76 53 65 8 0 0 0.12 0.0 0 M M M M M M 3 16 225
3 77 56 67 10 0 2 T 0.0 0 M M M M M M 18 270
4 88 49 69 11 0 4 0.00 0.0 0 M M M M M M 22 225
5 88 62 75 17 0 10 T 0.0 0 M M M M M M 20 45
6 91 65 78 20 0 13 0.00 0.0 0 M M M M M M 30 180
7 84 66 75 16 0 10 0.00 0.0 0 M M M M M M 20 225
8 90 63 77 18 0 12 T 0.0 0 M M M M M M 13 20 360
9 77 57 67 8 0 2 0.00 0.0 0 M M M M M M 15 90
10 83 63 73 13 0 8 0.12 0.0 0 M M M M M M 3 16 180
11 71 57 64 4 1 0 0.00 0.0 0 M M M M M M 17 90
12 75 57 66 6 0 1 0.30 0.0 0 M M M M M M 3 18 270
13 80 54 67 7 0 2 0.27 0.0 0 M M M M M M 33 315
14 72 53 63 3 2 0 0.00 0.0 0 M M M M M M 19 360
15 66 47 57 -4 8 0 0.00 0.0 0 M M M M M M 21 360
16 72 40 56 -5 9 0 0.00 0.0 0 M M M M M M 13 45
17 87 49 68 7 0 3 0.00 0.0 0 M M M M M M 29 225
18 81 55 68 6 0 3 0.00 0.0 0 M M M M M M 43 270
19 63 47 55 -7 10 0 0.00 0.0 0 M M M M M M 16 90
20 67 44 56 -6 9 0 0.31 0.0 0 M M M M M M 17 270
21 57 42 50 -12 15 0 0.55 0.0 0 M M M M M M 1 28 315
22 60 42 51 -11 14 0 T 0.0 0 M M M M M M 24 315
23 78 48 63 0 2 0 T 0.0 0 M M M M M M 28 225
24 76 62 69 6 0 4 0.28 0.0 0 M M M M M M 3 25 225
25 75 58 67 4 0 2 0.01 0.0 0 M M M M M M 13 45
26 72 54 63 0 2 0 T 0.0 0 M M M M M M 10 45
27 72 55 64 0 1 0 0.06 0.0 0 M M M M M M 14 45
28 77 54 66 2 0 1 0.29 0.0 0 M M M M M M 13 360
29 74 62 68 4 0 3 0.84 0.0 0 M M M M M M 1 16 315
30 77 57 67 3 0 2 0.21 0.0 0 M M M M M M 13 17 45
================================================================================
SM 2281 1614 79 82 3.36 0.0 M M M
================================================================================
AV 76.0 53.8 M FASTST M M M MAX(MPH)
MISC ----> M M 43 270
================================================================================
NOTES:
# LAST OF SEVERAL OCCURRENCES
COLUMN 17 PEAK WIND IN M.P.H.
PRELIMINARY LOCAL CLIMATOLOGICAL DATA (WS FORM: F-6) , PAGE 2
STATION: MARQUETTE MI
MONTH: JUNE
YEAR: 2021
LATITUDE: 46 31 N
LONGITUDE: 87 33 W
[TEMPERATURE DATA] [PRECIPITATION DATA] SYMBOLS USED IN COLUMN 16
AVERAGE MONTHLY: 64.9 TOTAL FOR MONTH: 3.36 1 = FOG OR MIST
DPTR FM NORMAL: 4.2 DPTR FM NORMAL: 0.09 2 = FOG REDUCING VISIBILITY
HIGHEST: 91 ON 6 GRTST 24HR 0.84 ON 29-29 TO 1/4 MILE OR LESS
LOWEST: 40 ON 16 3 = THUNDER
SNOW, ICE PELLETS, HAIL 4 = ICE PELLETS
TOTAL MONTH: 0.0 INCH 5 = HAIL
GRTST 24HR 0.0 6 = FREEZING RAIN OR DRIZZLE
GRTST DEPTH: 0 7 = DUSTSTORM OR SANDSTORM:
VSBY 1/2 MILE OR LESS
8 = SMOKE OR HAZE
[NO. OF DAYS WITH] [WEATHER - DAYS WITH] 9 = BLOWING SNOW
X = TORNADO
MAX 32 OR BELOW: 0 0.01 INCH OR MORE: 12
MAX 90 OR ABOVE: 2 0.10 INCH OR MORE: 10
MIN 32 OR BELOW: 0 0.50 INCH OR MORE: 2
MIN 0 OR BELOW: 0 1.00 INCH OR MORE: 0
[HDD (BASE 65) ]
TOTAL THIS MO. 79 CLEAR (SCALE 0-3) 0
DPTR FM NORMAL -95 PTCLDY (SCALE 4-7) 0
TOTAL FM JUL 1 8587 CLOUDY (SCALE 8-10) 30
DPTR FM NORMAL -630
[CDD (BASE 65) ]
TOTAL THIS MO. 82
DPTR FM NORMAL 35 [PRESSURE DATA]
TOTAL FM JAN 1 104 HIGHEST SLP M ON M
DPTR FM NORMAL 45 LOWEST SLP M ON M
[REMARKS]
#FINAL-06-21#