000
CXUS53 KMQT 010900
CF6MQT
PRELIMINARY LOCAL CLIMATOLOGICAL DATA (WS FORM: F-6)
STATION: MARQUETTE MI
MONTH: JULY
YEAR: 2020
LATITUDE: 46 31 N
LONGITUDE: 87 33 W
TEMPERATURE IN F: :PCPN: SNOW: WIND :SUNSHINE: SKY :PK WND
================================================================================
1 2 3 4 5 6A 6B 7 8 9 10 11 12 13 14 15 16 17 18
12Z AVG MX 2MIN
DY MAX MIN AVG DEP HDD CDD WTR SNW DPTH SPD SPD DIR MIN PSBL S-S WX SPD DR
================================================================================
1 88 65 77 13 0 12 0.00 0.0 0 M M M M M M 15 90
2 87 65 76 11 0 11 0.00 0.0 0 M M M M M M 18 45
3 85 61 73 8 0 8 0.00 0.0 0 M M M M M M 14 45
4 89 56 73 8 0 8 0.00 0.0 0 M M M M M M 16 225
5 84 64 74 9 0 9 0.00 0.0 0 M M M M M M 16 45
6 89 66 78 13 0 13 1.95 0.0 0 M M M M M M 3 23 315
7 81 61 71 6 0 6 0.00 0.0 0 M M M M M M 13 90
8 85 60 73 8 0 8 0.05 0.0 0 M M M M M M 123 32 270
9 85 65 75 9 0 10 0.31 0.0 0 M M M M M M 3 27 270
10 78 65 72 6 0 7 0.82 0.0 0 M M M M M M 3 20 315
11 73 60 67 1 0 2 0.00 0.0 0 M M M M M M 17 360
12 70 55 63 -3 2 0 0.00 0.0 0 M M M M M M 20 90
13 77 50 64 -2 1 0 0.00 0.0 0 M M M M M M 16 90
14 69 59 64 -2 1 0 0.67 0.0 0 M M M M M M 3 21 180
15 76 56 66 0 0 1 0.00 0.0 0 M M M M M M 14 270
16 82 58 70 4 0 5 0.00 0.0 0 M M M M M M 21 225
17 81 61 71 5 0 6 T 0.0 0 M M M M M M 17 90
18 86 66 76 10 0 11 0.66 0.0 0 M M M M M M 3 26 180
19 78 54 66 0 0 1 0.35 0.0 0 M M M M M M 3 47 270
20 64 49 57 -9 8 0 T 0.0 0 M M M M M M 21 315
21 66 47 57 -9 8 0 0.11 0.0 0 M M M M M M 13 180
22 58 53 56 -10 9 0 0.84 0.0 0 M M M M M M 123 13 45
23 72 50 61 -5 4 0 0.00 0.0 0 M M M M M M 12 45
24 81 52 67 1 0 2 0.00 0.0 0 M M M M M M 20 180
25 90 67 79 13 0 14 0.07 0.0 0 M M M M M M 3 33 225
26 80 69 75 9 0 10 0.48 0.0 0 M M M M M M 23 225
27 77 60 69 3 0 4 0.00 0.0 0 M M M M M M 28 270
28 76 57 67 1 0 2 0.01 0.0 0 M M M M M M 22 270
29 71 53 62 -3 3 0 T 0.0 0 M M M M M M 15 315
30 73 53 63 -2 2 0 0.00 0.0 0 M M M M M M 16 315
31 74 54 64 -1 1 0 0.00 0.0 0 M M M M M M 16 45
================================================================================
SM 2425 1811 39 150 6.32 0.0 M M M
================================================================================
AV 78.2 58.4 M FASTST M M 0 MAX(MPH)
MISC ----> M M # 47 270
================================================================================
NOTES:
# LAST OF SEVERAL OCCURRENCES
COLUMN 17 PEAK WIND IN M.P.H.
PRELIMINARY LOCAL CLIMATOLOGICAL DATA (WS FORM: F-6) , PAGE 2
STATION: MARQUETTE MI
MONTH: JULY
YEAR: 2020
LATITUDE: 46 31 N
LONGITUDE: 87 33 W
[TEMPERATURE DATA] [PRECIPITATION DATA] SYMBOLS USED IN COLUMN 16
AVERAGE MONTHLY: 68.3 TOTAL FOR MONTH: 6.32 1 = FOG OR MIST
DPTR FM NORMAL: 2.8 DPTR FM NORMAL: 3.48 2 = FOG REDUCING VISIBILITY
HIGHEST: 90 ON 25 GRTST 24HR 1.95 ON 6- 6 TO 1/4 MILE OR LESS
LOWEST: 47 ON 21 3 = THUNDER
SNOW, ICE PELLETS, HAIL 4 = ICE PELLETS
TOTAL MONTH: 0.0 INCH 5 = HAIL
GRTST 24HR 0.0 6 = FREEZING RAIN OR DRIZZLE
GRTST DEPTH: 0 7 = DUSTSTORM OR SANDSTORM:
VSBY 1/2 MILE OR LESS
8 = SMOKE OR HAZE
[NO. OF DAYS WITH] [WEATHER - DAYS WITH] 9 = BLOWING SNOW
X = TORNADO
MAX 32 OR BELOW: 0 0.01 INCH OR MORE: 12
MAX 90 OR ABOVE: 1 0.10 INCH OR MORE: 9
MIN 32 OR BELOW: 0 0.50 INCH OR MORE: 5
MIN 0 OR BELOW: 0 1.00 INCH OR MORE: 1
[HDD (BASE 65) ]
TOTAL THIS MO. 39 CLEAR (SCALE 0-3) 0
DPTR FM NORMAL -40 PTCLDY (SCALE 4-7) 0
TOTAL FM JUL 1 39 CLOUDY (SCALE 8-10) 0
DPTR FM NORMAL -40
[CDD (BASE 65) ]
TOTAL THIS MO. 150
DPTR FM NORMAL 56 [PRESSURE DATA]
TOTAL FM JAN 1 255 HIGHEST SLP M ON M
DPTR FM NORMAL 101 LOWEST SLP M ON M
[REMARKS]
#FINAL-07-20#