000
CXUS53 KMQT 012146
CLMMQT
CLIMATE REPORT
NATIONAL WEATHER SERVICE MARQUETTE MI
446 PM EST THU FEB 01 2024
...................................
...THE MARQUETTE MI CLIMATE SUMMARY FOR THE MONTH OF JANUARY 2024...
CLIMATE NORMAL PERIOD: 1991 TO 2020
CLIMATE RECORD PERIOD: 1961 TO 2024
WEATHER OBSERVED NORMAL DEPART LAST YEAR`S
VALUE DATE(S) VALUE FROM VALUE DATE(S)
NORMAL
................................................................
TEMPERATURE (F)
RECORD
HIGH 53 01/26/1973
LOW -32 01/09/1977
HIGHEST 47 01/31 20 27 35 01/15
LOWEST -9 01/16 3 -12 -11 01/31
AVG. MAXIMUM 24.6 21.5 3.1 25.7
AVG. MINIMUM 15.1 7.2 7.9 16.8
MEAN 19.9 14.3 5.6 21.3
DAYS MAX >= 90 0 0.0 0.0 0
DAYS MAX <= 32 25 26.7 -1.7 26
DAYS MIN <= 32 30 30.9 -0.9 31
DAYS MIN <= 0 5 9.5 -4.5 4
PRECIPITATION (INCHES)
RECORD
MAXIMUM 6.61 1997
MINIMUM 0.61 1965
TOTALS 3.27 2.33 0.94 4.56
DAILY AVG. 0.11 0.08 0.03 0.15
DAYS >= .01 21 17.9 3.1 17
DAYS >= .10 4 6.8 -2.8 8
DAYS >= .50 3 0.9 2.1 3
DAYS >= 1.00 1 0.2 0.8 2
GREATEST
24 HR. TOTAL 1.08 01/13 TO 01/13
SNOWFALL (INCHES)
RECORDS
TOTAL 91.7 1997
TOTALS 47.4 42.1 5.3 40.5
SINCE 7/1 64.3 111.6 -47.3 MM
SNOWDEPTH AVG. 11 22
DAYS >= 1.0 7 12.0 -5.0 8
GREATEST
SNOW DEPTH 21 01/20 27 01/21
01/28
01/29
24 HR TOTAL MM
DEGREE DAYS
HEATING TOTAL 1392 1570 -178 1349
SINCE 7/1 4419 5128 -709 MM
COOLING TOTAL 0 0 0 0
SINCE 1/1 0 0 0 MM
................................................................
WIND (MPH)
AVERAGE WIND SPEED MM
HIGHEST WIND SPEED/DIRECTION MM DATE MM
HIGHEST GUST SPEED/DIRECTION 36/045 DATE 01/13
SKY COVER
POSSIBLE SUNSHINE (PERCENT) MM
AVERAGE SKY COVER MM
NUMBER OF DAYS FAIR 0
NUMBER OF DAYS PC 0
NUMBER OF DAYS CLOUDY 0
AVERAGE RH (PERCENT) MM
WEATHER CONDITIONS. NUMBER OF DAYS WITH
THUNDERSTORM 0 MIXED PRECIP 2
HEAVY RAIN 0 RAIN 0
LIGHT RAIN 3 FREEZING RAIN 0
LT FREEZING RAIN 8 HAIL 0
HEAVY SNOW 3 SNOW 4
LIGHT SNOW 27 SLEET 0
FOG 5 FOG W/VIS <= 1/4 MILE 1
HAZE 0
- INDICATES NEGATIVE NUMBERS.
R INDICATES RECORD WAS SET OR TIED.
MM INDICATES DATA IS MISSING.
T INDICATES TRACE AMOUNT.
$$