000
CXUS53 KMPX 012135
CLMMSP
CLIMATE REPORT
NATIONAL WEATHER SERVICE TWIN CITIES/CHANHASSEN MN
335 PM CST FRI MAR 01 2024
...................................
...THE TWIN CITIES MN CLIMATE SUMMARY FOR THE MONTH OF FEBRUARY 2024...
CLIMATE NORMAL PERIOD 1991 TO 2020
CLIMATE RECORD PERIOD 1871 TO 2024
WEATHER OBSERVED NORMAL DEPART LAST YEAR`S
VALUE DATE(S) VALUE FROM VALUE DATE(S)
NORMAL
................................................................
TEMPERATURE (F)
RECORD
HIGH 65 02/26/2024
LOW -33 02/09/1899
02/09/1888
HIGHEST 65R 02/26 41 24 45 02/08
LOWEST 4 02/28 -8 12 -13 02/03
AVG. MAXIMUM 42.9 28.5 14.4 30.0
AVG. MINIMUM 23.8 12.7 11.1 12.1
MEAN 33.3 20.6 12.7 21.1
DAYS MAX >= 90 0 0.0 0.0 0
DAYS MAX <= 32 4 17.3 -13.3 13
DAYS MIN <= 32 27 26.8 0.2 27
DAYS MIN <= 0 0 5.9 -5.9 4
PRECIPITATION (INCHES)
RECORD
MAXIMUM 3.25 1922
MINIMUM 0.03 1894
TOTALS 0.65 0.87 -0.22 2.38
DAILY AVG. 0.02 NAN NAN 0.09
DAYS >= .01 3 7.8 -4.8 8
DAYS >= .10 2 2.5 -0.5 7
DAYS >= .50 0 0.4 -0.4 1
DAYS >= 1.00 0 0.0 0.0 0
GREATEST
24 HR. TOTAL 0.41 02/14 TO 02/14
SNOWFALL (INCHES)
RECORDS
TOTAL 39.0 2019
TOTALS 7.0 9.5 -2.5 15.5
SINCE 7/1 14.3 39.5 -25.2 MM
SNOWDEPTH AVG. 1 8
DAYS >= 1.0 1 2.8 -1.8 4
GREATEST
SNOW DEPTH 7 02/15 13 02/24
02/16
24 HR TOTAL 6.9
DEGREE DAYS
HEATING TOTAL 910 1243 -333 1223
SINCE 7/1 4426 5703 -1277 MM
COOLING TOTAL 0 0 0 0
SINCE 1/1 0 0 0 MM
................................................................
WIND (MPH)
AVERAGE WIND SPEED 9.0
HIGHEST WIND SPEED/DIRECTION 32/310 DATE 02/27
HIGHEST GUST SPEED/DIRECTION 48/220 DATE 02/08
SKY COVER
POSSIBLE SUNSHINE (PERCENT) MM
AVERAGE SKY COVER 0.47
NUMBER OF DAYS FAIR 12
NUMBER OF DAYS PC 11
NUMBER OF DAYS CLOUDY 6
AVERAGE RH (PERCENT) 63
WEATHER CONDITIONS. NUMBER OF DAYS WITH
THUNDERSTORM 0 MIXED PRECIP 0
HEAVY RAIN 0 RAIN 1
LIGHT RAIN 1 FREEZING RAIN 0
LT FREEZING RAIN 0 HAIL 0
HEAVY SNOW 0 SNOW 1
LIGHT SNOW 5 SLEET 0
FOG 11 FOG W/VIS <= 1/4 MILE 2
HAZE 10
- INDICATES NEGATIVE NUMBERS.
R INDICATES RECORD WAS SET OR TIED.
MM INDICATES DATA IS MISSING.
T INDICATES TRACE AMOUNT.
$$