000
CXUS53 KILX 012300
CF6MTO
PRELIMINARY LOCAL CLIMATOLOGICAL DATA (WS FORM: F-6)
STATION: MATTOON IL AIRPORT
MONTH: MAY
YEAR: 2020
LATITUDE: 39 28 N
LONGITUDE: 88 17 W
TEMPERATURE IN F: :PCPN: SNOW: WIND :SUNSHINE: SKY :PK WND
================================================================================
1 2 3 4 5 6A 6B 7 8 9 10 11 12 13 14 15 16 17 18
12Z AVG MX 2MIN
DY MAX MIN AVG DEP HDD CDD WTR SNW DPTH SPD SPD DIR MIN PSBL S-S WX SPD DR
================================================================================
1 69 43 56 -3 9 0 T M M 6.2 17 160 M M 1 29 170
2 82 58 70 11 0 5 0.23 M M 9.6 17 10 M M 5 138 23 10
3 71 51 61 1 4 0 0.10 M M 6.9 24 340 M M 6 29 350
4 64 47 56 -4 9 0 0.09 M M 9.2 18 110 M M 2 1 29 90
5 53 43 48 -12 17 0 0.56 M M 9.8 21 50 M M 10 18 27 50
6 61 39 50 -10 15 0 T M M 12.2 23 290 M M 3 1 32 290
7 67 47 57 -4 8 0 0.06 M M 9.2 21 280 M M 3 1 29 280
8 55 37 46 -15 19 0 0.12 M M 13.0 29 350 M M 6 1 41 340
9 58 31 45 -16 20 0 0.00 M M 5.3 14 310 M M 0 21 310
10 57 41 49 -13 16 0 T M M 15.6 30 280 M M 8 41 300
11 56 39 48 -14 17 0 0.00 M M 8.4 18 320 M M 8 27 310
12 60 35 48 -14 17 0 0.00 M M 4.8 14 190 M M 3 17 210
13 54 43 49 -13 16 0 T M M 9.9 20 110 M M 9 1 29 150
14 78 53 66 3 0 1 0.31 M M 11.6 22 200 M M 5 13 32 170
15 74 61 68 5 0 3 0.18 M M 7.4 21 310 M M 4 13 28 310
16 81 58 70 7 0 5 0.40 M M 6.4 22 180 M M 4 123 37 170
17 73 61 67 3 0 2 0.68 M M 10.2 21 290 M M 8 13 31 170
18 64 56 60 -4 5 0 T M M 6.5 14 270 M M 9 1 19 280
19 69 57 63 -1 2 0 0.24 M M 10.6 20 10 M M 9 12 26 30
20 62 56 59 -5 6 0 T M M 10.4 20 60 M M 10 1 25 60
21 66 53 60 -5 5 0 0.00 M M 5.1 13 40 M M 7 1 17 40
22 76 53 65 0 0 0 0.00 M M 4.9 10 160 M M 8 1 16 160
23 83 63 73 8 0 8 0.00 M M 8.3 17 210 M M 2 3 27 220
24 84 65 75 9 0 10 0.01 M M 5.4 18 150 M M 4 13 29 190
25 86 66 76 10 0 11 M M M 7.3 38 130 M M 2 38 51 120
26 84 68 76 10 0 11 T M M 8.7 16 160 M M 1 3 23 170
27 79 65 72 6 0 7 T M M 9.0 18 160 M M 5 27 160
28 80 63 72 5 0 7 0.18 M M 7.2 23 220 M M 5 13 33 190
29 78 57 68 1 0 3 M M M 10.6 22 300 M M 5 1 29 300
30 76 51 64 -3 1 0 0.00 M M 7.7 16 330 M M 1 22 320
31 76 54 65 -3 0 0 0.00 M M 5.4 13 100 M M 1 20 120
================================================================================
SM 2176 1614 186 73 3.16 M 262.8 M 154
================================================================================
AV 70.2 52.1 8.5 FASTST M M 5 MAX(MPH)
MISC ----> # 38 130 # 51 120
================================================================================
NOTES:
# LAST OF SEVERAL OCCURRENCES
COLUMN 17 PEAK WIND IN M.P.H.
PRELIMINARY LOCAL CLIMATOLOGICAL DATA (WS FORM: F-6) , PAGE 2
STATION: MATTOON IL AIRPORT
MONTH: MAY
YEAR: 2020
LATITUDE: 39 28 N
LONGITUDE: 88 17 W
[TEMPERATURE DATA] [PRECIPITATION DATA] SYMBOLS USED IN COLUMN 16
AVERAGE MONTHLY: 61.1 TOTAL FOR MONTH: 3.16 1 = FOG OR MIST
DPTR FM NORMAL: -2.1 DPTR FM NORMAL: -1.21 2 = FOG REDUCING VISIBILITY
HIGHEST: 86 ON 25 GRTST 24HR 0.68 ON 17-17 TO 1/4 MILE OR LESS
LOWEST: 31 ON 9 3 = THUNDER
SNOW, ICE PELLETS, HAIL 4 = ICE PELLETS
TOTAL MONTH: M 5 = HAIL
GRTST 24HR M ON M 6 = FREEZING RAIN OR DRIZZLE
GRTST DEPTH: M ON M 7 = DUSTSTORM OR SANDSTORM:
VSBY 1/2 MILE OR LESS
8 = SMOKE OR HAZE
[NO. OF DAYS WITH] [WEATHER - DAYS WITH] 9 = BLOWING SNOW
X = TORNADO
MAX 32 OR BELOW: 0 0.01 INCH OR MORE: 13
MAX 90 OR ABOVE: 0 0.10 INCH OR MORE: 10
MIN 32 OR BELOW: 1 0.50 INCH OR MORE: 2
MIN 0 OR BELOW: 0 1.00 INCH OR MORE: 0
[HDD (BASE 65) ]
TOTAL THIS MO. 186 CLEAR (SCALE 0-3) 11
DPTR FM NORMAL 58 PTCLDY (SCALE 4-7) 14
TOTAL FM JUL 1 5083 CLOUDY (SCALE 8-10) 6
DPTR FM NORMAL -307
[CDD (BASE 65) ]
TOTAL THIS MO. 73
DPTR FM NORMAL -1 [PRESSURE DATA]
TOTAL FM JAN 1 85 HIGHEST SLP 30.31 ON 31
DPTR FM NORMAL -3 LOWEST SLP 29.67 ON 17
[REMARKS]
#FINAL-05-20#