744
CXUS53 KILX 012300
CF6MTO
PRELIMINARY LOCAL CLIMATOLOGICAL DATA (WS FORM: F-6)
STATION: MATTOON IL AIRPORT
MONTH: APRIL
YEAR: 2020
LATITUDE: 39 28 N
LONGITUDE: 88 17 W
TEMPERATURE IN F: :PCPN: SNOW: WIND :SUNSHINE: SKY :PK WND
================================================================================
1 2 3 4 5 6A 6B 7 8 9 10 11 12 13 14 15 16 17 18
12Z AVG MX 2MIN
DY MAX MIN AVG DEP HDD CDD WTR SNW DPTH SPD SPD DIR MIN PSBL S-S WX SPD DR
================================================================================
1 57 31 44 -4 21 0 0.00 M M 4.4 12 20 M M 2 8 15 20
2 64 37 51 2 14 0 0.00 M M 5.4 13 130 M M 0 18 120
3 69 49 59 10 6 0 T M M 6.7 18 310 M M 8 22 320
4 49 40 45 -4 20 0 0.02 M M 11.6 18 310 M M 10 1 23 310
5 56 38 47 -3 18 0 0.00 M M 6.0 16 30 M M 9 19 30
6 68 43 56 6 9 0 0.00 M M 5.5 14 200 M M 8 20 190
7 79 60 70 20 0 5 0.00 M M 9.8 18 190 M M 4 38 28 200
8 83 50 67 16 0 2 0.36 M M 10.9 53 320 M M 2 123 69 330
9 53 34 44 -7 21 0 T M M 18.6 25 290 M M 2 38 290
10 55 30 43 -9 22 0 0.00 M M 11.3 20 310 M M 0 25 290
11 61 46 54 2 11 0 0.13 M M 11.5 31 170 M M 4 3 44 160
12 61 51 56 4 9 0 T M M 11.4 22 160 M M 9 18 32 160
13 54 34 44 -9 21 0 0.03 M M 20.3 36 310 M M 6 1 46 300
14 49 31 40 -13 25 0 0.00 M M 9.9 23 290 M M 2 31 270
15 47 30 39 -14 26 0 T M M 12.1 24 310 M M 3 37 230
16 46 25 36 -18 29 0 0.08 M M 5.6 17 70 M M 7 1 22 70
17 48 31 40 -14 25 0 0.29 M M 11.8 22 320 M M 9 18 30 310
18 56 31 44 -10 21 0 0.00 M M 9.2 18 180 M M 0 1 27 200
19 67 42 55 0 10 0 0.00 M M 6.8 14 330 M M 3 20 290
20 66 34 50 -5 15 0 0.03 M M 7.2 24 300 M M 2 35 310
21 59 43 51 -5 14 0 0.00 M M 13.6 25 320 M M 0 34 280
22 74 37 56 0 9 0 T M M 11.6 23 190 M M 1 8 35 200
23 59 45 52 -4 13 0 0.70 M M 7.8 17 50 M M 7 12 21 60
24 69 43 56 0 9 0 0.00 M M 4.6 20 30 M M 7 128 27 20
25 60 47 54 -3 11 0 0.89 M M 13.1 30 20 M M 8 1 39 30
26 61 43 52 -5 13 0 0.35 M M 13.8 26 350 M M 5 1 34 340
27 67 39 53 -5 12 0 0.00 M M 9.8 20 200 M M 3 32 160
28 74 57 66 8 0 1 1.20 M M 12.0 23 170 M M 4 13 35 170
29 59 48 54 -4 11 0 0.73 M M 12.0 28 350 M M 10 1 37 340
30 61 48 55 -3 10 0 0.03 M M 13.2 29 320 M M 7 1 37 320
================================================================================
SM 1831 1217 425 8 4.84 M 307.5 M 142
================================================================================
AV 61.0 40.6 10.3 FASTST M M 5 MAX(MPH)
MISC ----> # 53 320 # 69 330
================================================================================
NOTES:
# LAST OF SEVERAL OCCURRENCES
COLUMN 17 PEAK WIND IN M.P.H.
PRELIMINARY LOCAL CLIMATOLOGICAL DATA (WS FORM: F-6) , PAGE 2
STATION: MATTOON IL AIRPORT
MONTH: APRIL
YEAR: 2020
LATITUDE: 39 28 N
LONGITUDE: 88 17 W
[TEMPERATURE DATA] [PRECIPITATION DATA] SYMBOLS USED IN COLUMN 16
AVERAGE MONTHLY: 50.8 TOTAL FOR MONTH: 4.84 1 = FOG OR MIST
DPTR FM NORMAL: -2.7 DPTR FM NORMAL: 1.41 2 = FOG REDUCING VISIBILITY
HIGHEST: 83 ON 8 GRTST 24HR 1.20 ON 28-28 TO 1/4 MILE OR LESS
LOWEST: 25 ON 16 3 = THUNDER
SNOW, ICE PELLETS, HAIL 4 = ICE PELLETS
TOTAL MONTH: M 5 = HAIL
GRTST 24HR M ON M 6 = FREEZING RAIN OR DRIZZLE
GRTST DEPTH: M ON M 7 = DUSTSTORM OR SANDSTORM:
VSBY 1/2 MILE OR LESS
8 = SMOKE OR HAZE
[NO. OF DAYS WITH] [WEATHER - DAYS WITH] 9 = BLOWING SNOW
X = TORNADO
MAX 32 OR BELOW: 0 0.01 INCH OR MORE: 13
MAX 90 OR ABOVE: 0 0.10 INCH OR MORE: 8
MIN 32 OR BELOW: 7 0.50 INCH OR MORE: 4
MIN 0 OR BELOW: 0 1.00 INCH OR MORE: 1
[HDD (BASE 65) ]
TOTAL THIS MO. 425 CLEAR (SCALE 0-3) 13
DPTR FM NORMAL 66 PTCLDY (SCALE 4-7) 11
TOTAL FM JUL 1 4897 CLOUDY (SCALE 8-10) 6
DPTR FM NORMAL -365
[CDD (BASE 65) ]
TOTAL THIS MO. 8
DPTR FM NORMAL -5 [PRESSURE DATA]
TOTAL FM JAN 1 12 HIGHEST SLP 30.41 ON 16
DPTR FM NORMAL -2 LOWEST SLP 29.39 ON 12
[REMARKS]
#FINAL-04-20#