000
CXUS53 KGRB 161453
CF6MTW
PRELIMINARY LOCAL CLIMATOLOGICAL DATA (WS FORM: F-6)
STATION: MANITOWOC AWOS
MONTH: FEBRUARY
YEAR: 2024
LATITUDE: 44 7 N
LONGITUDE: 87 40 W
TEMPERATURE IN F: :PCPN: SNOW: WIND :SUNSHINE: SKY :PK WND
================================================================================
1 2 3 4 5 6A 6B 7 8 9 10 11 12 13 14 15 16 17 18
12Z AVG MX 2MIN
DY MAX MIN AVG DEP HDD CDD WTR SNW DPTH SPD SPD DIR MIN PSBL S-S WX SPD DR
================================================================================
1 46 29 38 18 27 0 T M M 8.4 15 260 M M 3 1 22 260
2 36 28 32 12 33 0 T M M 5.6 10 360 M M 10 1 17 10
3 40 27 34 14 31 0 M M M 3.6 10 140 M M 10 1 M M
4 42 26 34 14 31 0 T M M 2.7 8 100 M M 8 12 M M
5 35 28 32 12 33 0 T M M 5.7 9 340 M M 10 1 M M
6 40 29 35 14 30 0 T M M 8.3 15 170 M M 8 1 20 170
7 46 31 39 18 26 0 0.04 M M 7.6 14 170 M M 2 18 M M
8 50 37 44 23 21 0 0.02 M M 14.4 22 160 M M 3 1 33 230
9 49 38 44 M 21 0 0.01 M M 15.3 22 230 M M 10 33 250
10 38 29 34 M 31 0 M M M 12.7 20 270 M M 9 25 270
11 37 28 33 M 32 0 M M M 7.0 13 270 M M 7 M M
12 46 27 37 M 28 0 M M M 8.2 14 290 M M 4 20 220
13 34 25 30 M 35 0 T M M 6.2 13 320 M M 9 1 M M
14 41 21 31 M 34 0 T M M 6.5 14 180 M M 9 M M
15 38 25 32 M 33 0 0.31 M M 13.0 22 280 M M 9 1 33 310
16 27 12 20 M 45 0 T M M 10.6 17 310 M M 2 23 310
17 28 7 18 M 47 0 M M M 14.2 21 230 M M 0 35 250
18 34 21 28 M 37 0 M M M 10.5 21 300 M M 1 28 280
19 38 17 28 M 37 0 M M M 4.7 12 140 M M 0 1 M M
20 42 21 32 M 33 0 M M M 8.4 16 170 M M 1 1 21 170
21 54 30 42 M 23 0 T M M 2.6 7 100 M M 2 1 M M
22 52 27 40 M 25 0 M M M 4.2 13 300 M M 0 1 M M
23 44 16 30 M 35 0 T M M 10.9 16 350 M M 6 23 30
24 33 15 24 M 41 0 T M M 9.5 16 190 M M 4 20 360
25 54 27 41 M 24 0 M M M 9.3 14 270 M M 2 21 260
26 45 24 35 M 30 0 M M M 8.2 23 160 M M 0 1 29 160
27 69 29 49 M 16 0 M M M 5.0 14 320 M M 0 12 23 320
28 46 15 31 M 34 0 T M M 19.1 29 290 M M 5 1 39 310
29 35 10 23 M 42 0 M M M 9.0 22 160 M M 0 25 160
================================================================================
SM 1219 699 915 0 0.38 M 251.6 M 134
================================================================================
AV 42.0 24.1 8.7 FASTST M M 5 MAX(MPH)
MISC ----> 29 290 39 310
================================================================================
NOTES:
# LAST OF SEVERAL OCCURRENCES
COLUMN 17 PEAK WIND IN M.P.H.
PRELIMINARY LOCAL CLIMATOLOGICAL DATA (WS FORM: F-6) , PAGE 2
STATION: MANITOWOC AWOS
MONTH: FEBRUARY
YEAR: 2024
LATITUDE: 44 7 N
LONGITUDE: 87 40 W
[TEMPERATURE DATA] [PRECIPITATION DATA] SYMBOLS USED IN COLUMN 16
AVERAGE MONTHLY: 33.1 TOTAL FOR MONTH: 0.38 1 = FOG OR MIST
DPTR FM NORMAL: 0.0 DPTR FM NORMAL: M 2 = FOG REDUCING VISIBILITY
HIGHEST: 69 ON 27 GRTST 24HR 0.31 ON 14-15 TO 1/4 MILE OR LESS
LOWEST: 7 ON 17 3 = THUNDER
SNOW, ICE PELLETS, HAIL 4 = ICE PELLETS
TOTAL MONTH: M 5 = HAIL
GRTST 24HR M ON M 6 = FREEZING RAIN OR DRIZZLE
GRTST DEPTH: M ON M 7 = DUSTSTORM OR SANDSTORM:
VSBY 1/2 MILE OR LESS
8 = SMOKE OR HAZE
[NO. OF DAYS WITH] [WEATHER - DAYS WITH] 9 = BLOWING SNOW
X = TORNADO
MAX 32 OR BELOW: 2 0.01 INCH OR MORE: 4
MAX 90 OR ABOVE: 0 0.10 INCH OR MORE: 1
MIN 32 OR BELOW: 27 0.50 INCH OR MORE: 0
MIN 0 OR BELOW: 0 1.00 INCH OR MORE: 0
[HDD (BASE 65) ]
TOTAL THIS MO. 915 CLEAR (SCALE 0-3) 13
DPTR FM NORMAL 558 PTCLDY (SCALE 4-7) 8
TOTAL FM JUL 1 4480 CLOUDY (SCALE 8-10) 8
DPTR FM NORMAL 2685
[CDD (BASE 65) ]
TOTAL THIS MO. 0
DPTR FM NORMAL 0 [PRESSURE DATA]
TOTAL FM JAN 1 0 HIGHEST SLP 30.33 ON 28
DPTR FM NORMAL 0 LOWEST SLP 29.22 ON 27
[REMARKS]
#FINAL-02-24#