000
CXUS51 KBTV 010801
CF6MVL
PRELIMINARY LOCAL CLIMATOLOGICAL DATA (WS FORM: F-6)
STATION: MORRISVILLE VT
MONTH: NOVEMBER
YEAR: 2021
LATITUDE: 44 31 N
LONGITUDE: 72 37 W
TEMPERATURE IN F: :PCPN: SNOW: WIND :SUNSHINE: SKY :PK WND
================================================================================
1 2 3 4 5 6A 6B 7 8 9 10 11 12 13 14 15 16 17 18
12Z AVG MX 2MIN
DY MAX MIN AVG DEP HDD CDD WTR SNW DPTH SPD SPD DIR MIN PSBL S-S WX SPD DR
================================================================================
1 54 41 48 8 17 0 0.08 M M 6.0 17 230 M M 6 1 29 220
2 49 33 41 2 24 0 0.04 M M 2.4 14 200 M M 8 12 18 210
3 40 29 35 -4 30 0 0.13 M M 2.1 7 180 M M 8 12 9 210
4 43 24 34 -5 31 0 0.00 M M 1.4 7 360 M M 6 12 9 330
5 44 22 33 -5 32 0 0.00 M M 1.9 10 310 M M 5 12 15 330
6 50 21 36 -2 29 0 0.00 M M 1.7 12 170 M M 0 14 170
7 56 20 38 0 27 0 0.00 M M 1.5 7 200 M M 0 10 190
8 57 26 42 5 23 0 0.00 M M 0.5 6 200 M M 4 1 7 20
9 59 29 44 7 21 0 0.00 M M 1.5 13 10 M M 7 12 15 10
10 54 28 41 5 24 0 0.10 M M 2.9 16 320 M M 5 1 22 320
11 51 23 37 1 28 0 0.00 M M 3.5 21 190 M M 2 29 170
12 50 31 41 5 24 0 0.48 M M 7.5 23 170 M M 9 12 33 150
13 51 31 41 6 24 0 0.33 M M 3.1 10 290 M M 9 12 16 290
14 45 31 38 3 27 0 0.05 M M 4.9 14 210 M M 7 20 240
15 39 33 36 2 29 0 0.17 M M 3.6 12 210 M M 10 1 18 310
16 36 25 31 -3 34 0 0.02 M M 3.9 12 320 M M 9 1 20 340
17 39 20 30 -4 35 0 0.05 M M 2.0 8 120 M M 6 1 11 140
18 62 34 48 15 17 0 0.48 M M 5.1 18 350 M M 7 1 26 340
19 42 30 36 3 29 0 0.01 M M 6.3 16 320 M M 9 1 26 330
20 41 22 32 0 33 0 0.00 M M 2.6 9 310 M M 1 14 300
21 47 28 38 6 27 0 0.04 M M 2.9 18 190 M M 6 18 23 200
22 48 27 38 6 27 0 0.10 M M 4.7 13 260 M M 7 1 19 290
23 31 24 28 -3 37 0 T M M 7.2 18 330 M M 9 26 330
24 35 14 25 -6 40 0 T M M 2.6 12 330 M M 1 18 320
25 35 17 26 -4 39 0 0.05 M M 0.3 5 360 M M 6 1 5 150
26 36 30 33 3 32 0 0.30 M M 2.2 15 330 M M 10 1 22 340
27 30 23 27 -3 38 0 0.02 M M 10.2 21 310 M M 9 18 36 300
28 30 10 20 -9 45 0 T M M 1.3 12 300 M M 5 1 19 310
29 29 14 22 -7 43 0 T M M 3.8 15 20 M M 4 1 19 30
30 32 15 24 -4 41 0 0.01 M M 2.3 13 210 M M 10 1 17 220
================================================================================
SM 1315 755 907 0 2.46 M 101.9 M 185
================================================================================
AV 43.8 25.2 3.4 FASTST M M 6 MAX(MPH)
MISC ----> 23 170 36 300
================================================================================
NOTES:
# LAST OF SEVERAL OCCURRENCES
COLUMN 17 PEAK WIND IN M.P.H.
PRELIMINARY LOCAL CLIMATOLOGICAL DATA (WS FORM: F-6) , PAGE 2
STATION: MORRISVILLE VT
MONTH: NOVEMBER
YEAR: 2021
LATITUDE: 44 31 N
LONGITUDE: 72 37 W
[TEMPERATURE DATA] [PRECIPITATION DATA] SYMBOLS USED IN COLUMN 16
AVERAGE MONTHLY: 34.5 TOTAL FOR MONTH: 2.46 1 = FOG OR MIST
DPTR FM NORMAL: 0.3 DPTR FM NORMAL: -0.29 2 = FOG REDUCING VISIBILITY
HIGHEST: 62 ON 18 GRTST 24HR 0.52 ON 17-18 TO 1/4 MILE OR LESS
LOWEST: 10 ON 28 3 = THUNDER
SNOW, ICE PELLETS, HAIL 4 = ICE PELLETS
TOTAL MONTH: M 5 = HAIL
GRTST 24HR M ON M 6 = FREEZING RAIN OR DRIZZLE
GRTST DEPTH: M ON M 7 = DUSTSTORM OR SANDSTORM:
VSBY 1/2 MILE OR LESS
8 = SMOKE OR HAZE
[NO. OF DAYS WITH] [WEATHER - DAYS WITH] 9 = BLOWING SNOW
X = TORNADO
MAX 32 OR BELOW: 5 0.01 INCH OR MORE: 18
MAX 90 OR ABOVE: 0 0.10 INCH OR MORE: 8
MIN 32 OR BELOW: 26 0.50 INCH OR MORE: 0
MIN 0 OR BELOW: 0 1.00 INCH OR MORE: 0
[HDD (BASE 65) ]
TOTAL THIS MO. 907 CLEAR (SCALE 0-3) 5
DPTR FM NORMAL -15 PTCLDY (SCALE 4-7) 15
TOTAL FM JUL 1 1540 CLOUDY (SCALE 8-10) 10
DPTR FM NORMAL -328
[CDD (BASE 65) ]
TOTAL THIS MO. 0
DPTR FM NORMAL 0 [PRESSURE DATA]
TOTAL FM JAN 1 426 HIGHEST SLP 30.53 ON 20
DPTR FM NORMAL 181 LOWEST SLP 29.45 ON 26
[REMARKS]
#FINAL-11-21#