000
CXUS56 KOTX 010910
CF6MWH
PRELIMINARY LOCAL CLIMATOLOGICAL DATA (WS FORM: F-6)
STATION: MOSES LAKE WA AIRPORT
MONTH: APRIL
YEAR: 2022
LATITUDE: 47 12 N
LONGITUDE: 119 19 W
TEMPERATURE IN F: :PCPN: SNOW: WIND :SUNSHINE: SKY :PK WND
================================================================================
1 2 3 4 5 6A 6B 7 8 9 10 11 12 13 14 15 16 17 18
12Z AVG MX 2MIN
DY MAX MIN AVG DEP HDD CDD WTR SNW DPTH SPD SPD DIR MIN PSBL S-S WX SPD DR
================================================================================
1 58 28 43 -4 22 0 T M M 5.4 15 180 M M 3 20 180
2 62 41 52 5 13 0 0.00 M M 10.7 28 260 M M 2 34 270
3 61 32 47 0 18 0 T M M 8.5 23 190 M M 4 30 190
4 56 38 47 -1 18 0 0.03 M M 25.3 41 260 M M 4 78 55 260
5 59 36 48 0 17 0 0.00 M M 12.7 25 270 M M 1 32 280
6 57 27 42 -6 23 0 0.00 M M 4.5 10 230 M M 0 13 220
7 67 32 50 2 15 0 0.00 M M 6.3 10 240 M M 0 14 40
8 64 37 51 3 14 0 0.00 M M 14.0 33 260 M M 2 8 44 250
9 56 36 46 -3 19 0 0.00 M M 14.9 28 290 M M 1 32 290
10 51 32 42 -7 23 0 0.01 M M 8.6 21 250 M M 4 1 24 250
11 42 34 38 -11 27 0 0.01 M M 15.9 38 50 M M 10 18 46 40
12 44 28 36 -13 29 0 T M M 7.5 21 50 M M 7 1 23 50
13 50 30 40 -10 25 0 0.06 M M 13.1 29 70 M M 9 1 34 70
14 41 28 35 -15 30 0 0.18 M M 6.4 22 90 M M 7 12 27 90
15 48 21 35 -15 30 0 0.00 M M 5.3 12 100 M M 2 15 180
16 46 28 37 -13 28 0 0.00 M M 10.8 21 10 M M 5 26 10
17 53 30 42 -9 23 0 0.00 M M 6.6 16 220 M M 1 21 210
18 57 38 48 -3 17 0 0.03 M M 6.9 20 240 M M 9 25 240
19 58 35 47 -4 18 0 0.00 M M 8.8 21 200 M M 2 32 180
20 57 24 41 -11 24 0 0.12 M M 7.0 22 180 M M 5 1 32 180
21 60 36 48 -4 17 0 0.07 M M 7.3 17 270 M M 5 1 23 190
22 64 30 47 -5 18 0 0.00 M M 7.2 30 280 M M 1 37 290
23 65 36 51 -1 14 0 0.00 M M 6.5 15 160 M M 0 19 190
24 67 31 49 -4 16 0 0.00 M M 4.4 13 210 M M 0 18 190
25 64 39 52 -1 13 0 0.00 M M 7.5 17 180 M M 1 23 190
26 62 44 53 -1 12 0 0.00 M M 12.2 22 260 M M 2 40 250
27 M M M M M M M M M M M M M M M M M
28 62 31 47 -7 18 0 T M M 7.0 18 240 M M 4 21 180
29 64 36 50 -4 15 0 0.00 M M 7.4 16 170 M M 1 22 180
30 56 41 49 -6 16 0 0.10 M M 7.1 17 50 M M 10 1 19 40
================================================================================
SM 1651 959 572 0 0.61 M 265.8 M 102
================================================================================
AV 56.9 33.1 9.2 FASTST M M 4 MAX(MPH)
MISC ----> 41 260 55 260
================================================================================
NOTES:
# LAST OF SEVERAL OCCURRENCES
COLUMN 17 PEAK WIND IN M.P.H.
PRELIMINARY LOCAL CLIMATOLOGICAL DATA (WS FORM: F-6) , PAGE 2
STATION: MOSES LAKE WA AIRPORT
MONTH: APRIL
YEAR: 2022
LATITUDE: 47 12 N
LONGITUDE: 119 19 W
[TEMPERATURE DATA] [PRECIPITATION DATA] SYMBOLS USED IN COLUMN 16
AVERAGE MONTHLY: 45.0 TOTAL FOR MONTH: 0.61 1 = FOG OR MIST
DPTR FM NORMAL: -5.5 DPTR FM NORMAL: -0.04 2 = FOG REDUCING VISIBILITY
HIGHEST: 67 ON 24, 7 GRTST 24HR 0.24 ON 13-14 TO 1/4 MILE OR LESS
LOWEST: 21 ON 15 3 = THUNDER
SNOW, ICE PELLETS, HAIL 4 = ICE PELLETS
TOTAL MONTH: M 5 = HAIL
GRTST 24HR M ON M 6 = FREEZING RAIN OR DRIZZLE
GRTST DEPTH: M ON M 7 = DUSTSTORM OR SANDSTORM:
VSBY 1/2 MILE OR LESS
8 = SMOKE OR HAZE
[NO. OF DAYS WITH] [WEATHER - DAYS WITH] 9 = BLOWING SNOW
X = TORNADO
MAX 32 OR BELOW: 0 0.01 INCH OR MORE: 9
MAX 90 OR ABOVE: 0 0.10 INCH OR MORE: 3
MIN 32 OR BELOW: 15 0.50 INCH OR MORE: 0
MIN 0 OR BELOW: 0 1.00 INCH OR MORE: 0
[HDD (BASE 65) ]
TOTAL THIS MO. 572 CLEAR (SCALE 0-3) 16
DPTR FM NORMAL 136 PTCLDY (SCALE 4-7) 9
TOTAL FM JUL 1 5675 CLOUDY (SCALE 8-10) 5
DPTR FM NORMAL 138
[CDD (BASE 65) ]
TOTAL THIS MO. 0
DPTR FM NORMAL -1 [PRESSURE DATA]
TOTAL FM JAN 1 0 HIGHEST SLP M ON M
DPTR FM NORMAL -1 LOWEST SLP 29.38 ON 4
[REMARKS]
#FINAL-04-22#