000
CXUS54 KFWD 010830
CF6MWL
PRELIMINARY LOCAL CLIMATOLOGICAL DATA (WS FORM: F-6)
STATION: MINERAL WELLS
MONTH: DECEMBER
YEAR: 2021
LATITUDE: 32 46 N
LONGITUDE: 98 4 W
TEMPERATURE IN F: :PCPN: SNOW: WIND :SUNSHINE: SKY :PK WND
================================================================================
1 2 3 4 5 6A 6B 7 8 9 10 11 12 13 14 15 16 17 18
12Z AVG MX 2MIN
DY MAX MIN AVG DEP HDD CDD WTR SNW DPTH SPD SPD DIR MIN PSBL S-S WX SPD DR
================================================================================
1 77 46 62 12 3 0 0.00 M M 3.7 10 360 M M 0 14 290
2 79 40 60 10 5 0 0.00 M M 4.0 12 140 M M 0 18 15 160
3 81 56 69 20 0 4 0.00 M M 9.1 17 150 M M 1 1 24 170
4 71 48 60 11 5 0 0.01 M M 6.9 16 150 M M 3 3 21 150
5 77 46 62 13 3 0 0.00 M M 7.8 21 210 M M 3 27 180
6 66 36 51 3 14 0 0.00 M M 12.1 26 360 M M 2 38 350
7 62 28 45 -3 20 0 0.00 M M 4.4 14 120 M M 0 17 170
8 60 35 48 0 17 0 0.00 M M 5.9 16 150 M M 2 12 23 140
9 81 53 67 19 0 2 0.00 M M 8.1 16 230 M M 0 20 270
10 86 53 70 23 0 5 0.00 M M 9.8 28 340 M M 3 18 39 350
11 68 29 49 2 16 0 0.00 M M 10.3 32 340 M M 0 42 350
12 64 23 44 -3 21 0 0.00 M M 9.4 18 170 M M 0 24 140
13 76 40 58 11 7 0 T M M 11.7 18 170 M M 0 28 200
14 78 55 67 21 0 2 T M M 11.2 23 210 M M 4 1 32 210
15 83 64 74 28 0 9 T M M 16.1 32 190 M M 6 48 180
16 71 59 65 19 0 0 T M M 6.9 16 340 M M 6 1 21 340
17 77 60 69 23 0 4 T M M 10.4 23 170 M M 7 33 170
18 68 35 52 6 13 0 T M M 14.8 25 350 M M 2 35 350
19 49 30 40 -6 25 0 0.00 M M 5.1 13 360 M M 2 17 360
20 58 38 48 2 17 0 0.02 M M 6.0 12 130 M M 4 18 120
21 68 31 50 5 15 0 0.00 M M 5.8 15 130 M M 2 12 18 120
22 58 36 47 2 18 0 0.00 M M 4.0 12 140 M M 3 12 16 150
23 83 44 64 19 1 0 0.00 M M 11.0 21 170 M M 3 12 31 160
24 88 55 72 27 0 7 0.00 M M 12.0 22 170 M M 0 35 180
25 83 52 68 23 0 3 0.00 M M 3.9 12 230 M M 0 1 16 180
26 85 57 71 26 0 6 0.00 M M 11.3 20 160 M M 3 12 27 160
27 80 57 69 24 0 4 0.00 M M 6.9 13 150 M M 2 12 20 160
28 80 48 64 19 1 0 T M M 8.5 22 280 M M 1 29 290
29 78 46 62 17 3 0 0.06 M M 4.7 25 280 M M 2 8 36 280
30 72 39 56 11 9 0 0.00 M M 4.0 13 150 M M 2 15 160
31 70 46 58 13 7 0 T M M 3.6 13 160 M M 4 16 160
================================================================================
SM 2277 1385 220 46 0.09 M 249.4 M 67
================================================================================
AV 73.5 44.7 8.0 FASTST M M 2 MAX(MPH)
MISC ----> # 32 340 48 180
================================================================================
NOTES:
# LAST OF SEVERAL OCCURRENCES
COLUMN 17 PEAK WIND IN M.P.H.
PRELIMINARY LOCAL CLIMATOLOGICAL DATA (WS FORM: F-6) , PAGE 2
STATION: MINERAL WELLS
MONTH: DECEMBER
YEAR: 2021
LATITUDE: 32 46 N
LONGITUDE: 98 4 W
[TEMPERATURE DATA] [PRECIPITATION DATA] SYMBOLS USED IN COLUMN 16
AVERAGE MONTHLY: 59.1 TOTAL FOR MONTH: 0.09 1 = FOG OR MIST
DPTR FM NORMAL: 12.6 DPTR FM NORMAL: -1.80 2 = FOG REDUCING VISIBILITY
HIGHEST: 88 ON 24 GRTST 24HR 0.06 ON 29-29 TO 1/4 MILE OR LESS
LOWEST: 23 ON 12 3 = THUNDER
SNOW, ICE PELLETS, HAIL 4 = ICE PELLETS
TOTAL MONTH: M 5 = HAIL
GRTST 24HR M ON M 6 = FREEZING RAIN OR DRIZZLE
GRTST DEPTH: M ON M 7 = DUSTSTORM OR SANDSTORM:
VSBY 1/2 MILE OR LESS
8 = SMOKE OR HAZE
[NO. OF DAYS WITH] [WEATHER - DAYS WITH] 9 = BLOWING SNOW
X = TORNADO
MAX 32 OR BELOW: 0 0.01 INCH OR MORE: 3
MAX 90 OR ABOVE: 0 0.10 INCH OR MORE: 0
MIN 32 OR BELOW: 5 0.50 INCH OR MORE: 0
MIN 0 OR BELOW: 0 1.00 INCH OR MORE: 0
[HDD (BASE 65) ]
TOTAL THIS MO. 220 CLEAR (SCALE 0-3) 24
DPTR FM NORMAL -356 PTCLDY (SCALE 4-7) 7
TOTAL FM JUL 1 521 CLOUDY (SCALE 8-10) 0
DPTR FM NORMAL -469
[CDD (BASE 65) ]
TOTAL THIS MO. 46
DPTR FM NORMAL 44 [PRESSURE DATA]
TOTAL FM JAN 1 2379 HIGHEST SLP 30.40 ON 19
DPTR FM NORMAL -109 LOWEST SLP 29.52 ON 28
[REMARKS]
#FINAL-12-21#