000
CXUS56 KSGX 011045
CF6MYF
PRELIMINARY LOCAL CLIMATOLOGICAL DATA (WS FORM: F-6)
STATION: SAN DIEGO/MONTGOMERY FLD CA
MONTH: APRIL
YEAR: 2021
LATITUDE: 32 49 N
LONGITUDE: 117 9 W
TEMPERATURE IN F: :PCPN: SNOW: WIND :SUNSHINE: SKY :PK WND
================================================================================
1 2 3 4 5 6A 6B 7 8 9 10 11 12 13 14 15 16 17 18
12Z AVG MX 2MIN
DY MAX MIN AVG DEP HDD CDD WTR SNW DPTH SPD SPD DIR MIN PSBL S-S WX SPD DR
================================================================================
1 90 55 73 14 0 8 0.00 M M 5.1 15 310 M M 0 18 290
2 71 55 63 4 2 0 0.00 M M 5.2 13 200 M M 3 18 180
3 72 52 62 3 3 0 0.00 M M 5.2 14 290 M M 4 128 16 290
4 80 51 66 7 0 1 0.00 M M 4.6 13 300 M M 4 12 15 240
5 67 55 61 2 4 0 0.00 M M 5.5 14 250 M M 5 1 19 250
6 71 54 63 4 2 0 0.00 M M 4.2 13 240 M M 2 15 240
7 79 52 66 7 0 1 0.00 M M 4.3 17 270 M M 0 18 21 260
8 71 53 62 3 3 0 0.00 M M 4.8 14 220 M M 2 128 17 260
9 71 54 63 3 2 0 0.00 M M 4.8 14 240 M M 4 18 17 250
10 72 55 64 4 1 0 0.00 M M 5.2 13 260 M M 4 18 16 220
11 69 56 63 3 2 0 0.00 M M 6.0 13 200 M M 6 18 17 240
12 69 57 63 3 2 0 0.00 M M 6.2 15 260 M M 7 20 280
13 59 54 57 -3 8 0 T M M 5.9 12 200 M M 10 18 14 220
14 63 54 59 -1 6 0 0.00 M M 6.3 14 250 M M 6 18 230
15 66 49 58 -2 7 0 0.00 M M 6.3 14 290 M M 2 25 280
16 70 53 62 2 3 0 0.00 M M 5.8 14 240 M M 5 18 240
17 69 56 63 2 2 0 0.00 M M 4.6 15 250 M M 4 18 290
18 84 53 69 8 0 4 0.00 M M 9.1 23 300 M M 2 128 29 300
19 87 51 69 8 0 4 0.00 M M 4.5 16 300 M M 0 19 300
20 65 56 61 0 4 0 0.00 M M 7.2 14 170 M M 5 8 20 190
21 63 55 59 -2 6 0 T M M 7.8 17 200 M M 10 22 190
22 60 54 57 -4 8 0 T M M 6.2 10 260 M M 10 8 13 250
23 62 55 59 -3 6 0 0.00 M M 6.2 13 230 M M 10 1 17 280
24 67 57 62 0 3 0 0.00 M M 5.8 13 280 M M 7 20 290
25 68 57 63 1 2 0 0.00 M M 6.7 15 290 M M 6 19 310
26 62 54 58 -4 7 0 0.17 M M 7.7 16 280 M M 7 18 22 270
27 64 51 58 -4 7 0 0.01 M M 5.4 15 260 M M 4 21 220
28 75 49 62 0 3 0 0.00 M M 4.3 15 310 M M 0 19 320
29 88 53 71 9 0 6 0.00 M M 4.6 15 310 M M 0 20 320
30 91 57 74 12 0 9 0.00 M M 3.8 14 270 M M 0 1 19 300
================================================================================
SM 2145 1617 93 33 0.18 M 169.3 M 129
================================================================================
AV 71.5 53.9 5.6 FASTST M M 4 MAX(MPH)
MISC ----> 23 300 29 300
================================================================================
NOTES:
# LAST OF SEVERAL OCCURRENCES
COLUMN 17 PEAK WIND IN M.P.H.
PRELIMINARY LOCAL CLIMATOLOGICAL DATA (WS FORM: F-6) , PAGE 2
STATION: SAN DIEGO/MONTGOMERY FLD CA
MONTH: APRIL
YEAR: 2021
LATITUDE: 32 49 N
LONGITUDE: 117 9 W
[TEMPERATURE DATA] [PRECIPITATION DATA] SYMBOLS USED IN COLUMN 16
AVERAGE MONTHLY: 62.7 TOTAL FOR MONTH: 0.18 1 = FOG OR MIST
DPTR FM NORMAL: 2.3 DPTR FM NORMAL: -0.68 2 = FOG REDUCING VISIBILITY
HIGHEST: 91 ON 30 GRTST 24HR 0.18 ON 26-27 TO 1/4 MILE OR LESS
LOWEST: 49 ON 28,15 3 = THUNDER
SNOW, ICE PELLETS, HAIL 4 = ICE PELLETS
TOTAL MONTH: M 5 = HAIL
GRTST 24HR M ON M 6 = FREEZING RAIN OR DRIZZLE
GRTST DEPTH: M ON M 7 = DUSTSTORM OR SANDSTORM:
VSBY 1/2 MILE OR LESS
8 = SMOKE OR HAZE
[NO. OF DAYS WITH] [WEATHER - DAYS WITH] 9 = BLOWING SNOW
X = TORNADO
MAX 32 OR BELOW: 0 0.01 INCH OR MORE: 2
MAX 90 OR ABOVE: 2 0.10 INCH OR MORE: 1
MIN 32 OR BELOW: 0 0.50 INCH OR MORE: 0
MIN 0 OR BELOW: 0 1.00 INCH OR MORE: 0
[HDD (BASE 65) ]
TOTAL THIS MO. 93 CLEAR (SCALE 0-3) 11
DPTR FM NORMAL -59 PTCLDY (SCALE 4-7) 15
TOTAL FM JUL 1 1200 CLOUDY (SCALE 8-10) 4
DPTR FM NORMAL -250
[CDD (BASE 65) ]
TOTAL THIS MO. 33
DPTR FM NORMAL 18 [PRESSURE DATA]
TOTAL FM JAN 1 51 HIGHEST SLP 30.13 ON 3
DPTR FM NORMAL 27 LOWEST SLP 29.74 ON 11
[REMARKS]
#FINAL-04-21#