000
CXUS56 KMTR 011000
CF6OAK
PRELIMINARY LOCAL CLIMATOLOGICAL DATA (WS FORM: F-6)
STATION: OAKLAND AIRPORT
MONTH: NOVEMBER
YEAR: 2022
LATITUDE: 37 43 N
LONGITUDE: 122 13 W
TEMPERATURE IN F: :PCPN: SNOW: WIND :SUNSHINE: SKY :PK WND
================================================================================
1 2 3 4 5 6A 6B 7 8 9 10 11 12 13 14 15 16 17 18
12Z AVG MX 2MIN
DY MAX MIN AVG DEP HDD CDD WTR SNW DPTH SPD SPD DIR MIN PSBL S-S WX SPD DR
================================================================================
1 60 52 56 -2 9 0 0.21 M M 16.8 35 300 M M 6 18 42 300
2 59 48 54 -4 11 0 0.04 M M 10.9 31 270 M M 5 43 270
3 60 40 50 -8 15 0 0.00 M M 6.8 15 290 M M 2 21 260
4 61 42 52 -6 13 0 0.00 M M 4.7 14 290 M M 7 1 16 290
5 61 54 58 1 7 0 0.09 M M 6.8 15 250 M M 10 1 18 250
6 61 53 57 0 8 0 0.05 M M 13.7 23 200 M M 6 1 32 300
7 60 47 54 -3 11 0 0.06 M M 11.6 33 300 M M 6 18 46 280
8 55 46 51 -5 14 0 1.01 M M 11.2 25 240 M M 8 13 42 240
9 59 44 52 -4 13 0 T M M 7.7 16 260 M M 4 23 250
10 59 40 50 -6 15 0 0.00 M M 5.7 13 300 M M 3 17 40
11 58 38 48 -8 17 0 0.00 M M 4.3 10 310 M M 4 14 310
12 60 41 51 -5 14 0 T M M 6.6 20 290 M M 4 1 32 310
13 61 41 51 -4 14 0 0.00 M M 6.4 16 280 M M 1 24 300
14 60 38 49 -6 16 0 0.00 M M 3.7 9 60 M M 2 13 50
15 65 39 52 -3 13 0 0.00 M M 4.2 12 300 M M 1 15 300
16 66 36 51 -4 14 0 0.00 M M 3.6 10 280 M M 2 13 330
17 64 38 51 -3 14 0 0.00 M M 4.5 17 260 M M 5 20 260
18 63 38 51 -3 14 0 0.00 M M 3.6 9 270 M M 2 13 280
19 62 42 52 -2 13 0 0.00 M M 6.3 14 90 M M 1 19 90
20 61 37 49 -5 16 0 0.00 M M 3.9 9 80 M M 2 8 13 230
21 60 36 48 -6 17 0 0.00 M M 2.8 10 310 M M 4 13 310
22 62 35 49 -4 16 0 0.00 M M 3.9 10 300 M M 4 12 290
23 67 38 53 0 12 0 0.00 M M 3.0 9 310 M M 3 1 10 310
24 66 41 54 1 11 0 0.00 M M 4.4 10 180 M M 1 1 14 140
25 70 39 55 2 10 0 0.00 M M 4.3 12 310 M M 4 18 16 310
26 62 41 52 0 13 0 0.00 M M 4.4 10 300 M M 2 1 13 300
27 64 37 51 -1 14 0 0.00 M M 4.2 9 320 M M 5 1 12 300
28 60 41 51 -1 14 0 0.00 M M 7.9 36 300 M M 3 1 44 290
29 56 39 48 -4 17 0 0.00 M M 4.8 13 290 M M 2 19 310
30 60 34 47 -5 18 0 0.00 M M 6.3 14 230 M M 4 18 220
================================================================================
SM 1842 1235 403 0 1.46 M 189.0 M 113
================================================================================
AV 61.4 41.2 6.3 FASTST M M 4 MAX(MPH)
MISC ----> 36 300 46 280
================================================================================
NOTES:
# LAST OF SEVERAL OCCURRENCES
COLUMN 17 PEAK WIND IN M.P.H.
PRELIMINARY LOCAL CLIMATOLOGICAL DATA (WS FORM: F-6) , PAGE 2
STATION: OAKLAND AIRPORT
MONTH: NOVEMBER
YEAR: 2022
LATITUDE: 37 43 N
LONGITUDE: 122 13 W
[TEMPERATURE DATA] [PRECIPITATION DATA] SYMBOLS USED IN COLUMN 16
AVERAGE MONTHLY: 51.3 TOTAL FOR MONTH: 1.46 1 = FOG OR MIST
DPTR FM NORMAL: -3.5 DPTR FM NORMAL: -0.56 2 = FOG REDUCING VISIBILITY
HIGHEST: 70 ON 25 GRTST 24HR 1.03 ON 7- 8 TO 1/4 MILE OR LESS
LOWEST: 34 ON 30 3 = THUNDER
SNOW, ICE PELLETS, HAIL 4 = ICE PELLETS
TOTAL MONTH: M 5 = HAIL
GRTST 24HR M ON M 6 = FREEZING RAIN OR DRIZZLE
GRTST DEPTH: M ON M 7 = DUSTSTORM OR SANDSTORM:
VSBY 1/2 MILE OR LESS
8 = SMOKE OR HAZE
[NO. OF DAYS WITH] [WEATHER - DAYS WITH] 9 = BLOWING SNOW
X = TORNADO
MAX 32 OR BELOW: 0 0.01 INCH OR MORE: 6
MAX 90 OR ABOVE: 0 0.10 INCH OR MORE: 2
MIN 32 OR BELOW: 0 0.50 INCH OR MORE: 1
MIN 0 OR BELOW: 0 1.00 INCH OR MORE: 1
[HDD (BASE 65) ]
TOTAL THIS MO. 403 CLEAR (SCALE 0-3) 13
DPTR FM NORMAL 98 PTCLDY (SCALE 4-7) 16
TOTAL FM JUL 1 603 CLOUDY (SCALE 8-10) 1
DPTR FM NORMAL 0
[CDD (BASE 65) ]
TOTAL THIS MO. 0
DPTR FM NORMAL -1 [PRESSURE DATA]
TOTAL FM JAN 1 237 HIGHEST SLP M ON M
DPTR FM NORMAL 61 LOWEST SLP 29.57 ON 8
[REMARKS]
#FINAL-11-22#