000
CXUS53 KOAX 161626
CF6OAX
PRELIMINARY LOCAL CLIMATOLOGICAL DATA (WS FORM: F-6)
STATION: VALLEY NWS NE
MONTH: JANUARY
YEAR: 2024
LATITUDE: 41 19 N
LONGITUDE: 96 22 W
TEMPERATURE IN F: :PCPN: SNOW: WIND :SUNSHINE: SKY :PK WND
================================================================================
1 2 3 4 5 6A 6B 7 8 9 10 11 12 13 14 15 16 17 18
12Z AVG MX 2MIN
DY MAX MIN AVG DEP HDD CDD WTR SNW DPTH SPD SPD DIR MIN PSBL S-S WX SPD DR
================================================================================
1 36 16 26 1 39 0 0.00 0.0 T M M M M M M 17 M
2 39 25 32 7 33 0 0.00 0.0 0 M M M M M M 21 M
3 33 20 27 2 38 0 0.00 0.0 0 M M M M M M 1 16 M
4 32 26 29 5 36 0 0.00 0.0 0 M M M M M M 1 16 M
5 34 28 31 7 34 0 T T 0 M M M M M M 1 14 M
6 34 27 31 7 34 0 T 0.1 0 M M M M M M 24 M
7 33 25 29 5 36 0 0.00 0.0 0 M M M M M M 23 M
8 34 31 33 9 32 0 0.38 2.4 0 M M M M M M 46 30 M
9 33 12 23 -1 42 0 0.07 1.6 3 M M M M M M 43 M
10 31 13 22 -2 43 0 0.01 0.7 3 M M M M M M 21 M
11 23 8 16 -8 49 0 0.07 0.8 2 M M M M M M 32 M
12 8 -2 3 -21 62 0 0.53 11.5 7 M M M M M M 9 44 M
13 0 -16 -8 -32 73 0 T T 12 M M M M M M 9 39 M
14 -7 -18 -12 -36 77 0 0.00 0.0 10 M M M M M M 24 M
15 0 -11 -5 -29 70 0 0.00 0.0 8 M M M M M M 24 M
16 11 -7 2 -22 63 0 0.00 0.0 7 M M M M M M 21 M
17 25 1 13 -11 52 0 0.00 0.0 7 M M M M M M 14 M
18 23 2 13 -11 52 0 0.19 3.7 5 M M M M M M 9 45 M
19 6 -6 0 -24 65 0 0.00 0.0 8 M M M M M M 24 M
20 6 -13 -3 -27 68 0 0.00 0.0 7 M M M M M M 1 18 M
21 27 2 15 -9 50 0 0.00 0.0 7 M M M M M M 33 M
22 34 26 30 6 35 0 T 0.0 5 M M M M M M 1 23 M
23 35 32 34 10 31 0 T T 4 M M M M M M 1 9 M
24 35 32 34 10 31 0 T 0.0 3 M M M M M M 12 12 M
25 37 32 35 11 30 0 T 0.0 2 M M M M M M 13 M
26 35 31 33 9 32 0 0.00 0.0 1 M M M M M M 1 15 M
27 40 26 33 9 32 0 0.00 0.0 1 M M M M M M 12 17 M
28 45 21 33 9 32 0 0.00 0.0 T M M M M M M 10 M
29 50 26 38 14 27 0 0.00 0.0 T M M M M M M 1 16 M
30 47 29 38 14 27 0 0.00 0.0 T M M M M M M 1 18 M
31 55 29 42 17 23 0 0.00 0.0 T M M M M M M 14 M
================================================================================
SM 874 447 1348 0 1.25 20.8 M M M
================================================================================
AV 28.2 14.4 M FASTST M M M MAX(MPH)
MISC ----> M M 45 9999
================================================================================
NOTES:
# LAST OF SEVERAL OCCURRENCES
COLUMN 17 PEAK WIND IN M.P.H.
PRELIMINARY LOCAL CLIMATOLOGICAL DATA (WS FORM: F-6) , PAGE 2
STATION: VALLEY NWS NE
MONTH: JANUARY
YEAR: 2024
LATITUDE: 41 19 N
LONGITUDE: 96 22 W
[TEMPERATURE DATA] [PRECIPITATION DATA] SYMBOLS USED IN COLUMN 16
AVERAGE MONTHLY: 21.3 TOTAL FOR MONTH: 1.25 1 = FOG OR MIST
DPTR FM NORMAL: -2.8 DPTR FM NORMAL: 0.40 2 = FOG REDUCING VISIBILITY
HIGHEST: 55 ON 31 GRTST 24HR 0.53 ON 12-12 TO 1/4 MILE OR LESS
LOWEST: -18 ON 14 3 = THUNDER
SNOW, ICE PELLETS, HAIL 4 = ICE PELLETS
TOTAL MONTH: 20.8 INCHES 5 = HAIL
GRTST 24HR 11.5 ON 12-12 6 = FREEZING RAIN OR DRIZZLE
GRTST DEPTH: 12 ON 13 7 = DUSTSTORM OR SANDSTORM:
VSBY 1/2 MILE OR LESS
8 = SMOKE OR HAZE
[NO. OF DAYS WITH] [WEATHER - DAYS WITH] 9 = BLOWING SNOW
X = TORNADO
MAX 32 OR BELOW: 13 0.01 INCH OR MORE: 6
MAX 90 OR ABOVE: 0 0.10 INCH OR MORE: 3
MIN 32 OR BELOW: 31 0.50 INCH OR MORE: 1
MIN 0 OR BELOW: 7 1.00 INCH OR MORE: 0
[HDD (BASE 65) ]
TOTAL THIS MO. 1348 CLEAR (SCALE 0-3) 0
DPTR FM NORMAL 80 PTCLDY (SCALE 4-7) 0
TOTAL FM JUL 1 3224 CLOUDY (SCALE 8-10) 31
DPTR FM NORMAL -348
[CDD (BASE 65) ]
TOTAL THIS MO. 0
DPTR FM NORMAL 0 [PRESSURE DATA]
TOTAL FM JAN 1 0 HIGHEST SLP M ON M
DPTR FM NORMAL 0 LOWEST SLP M ON M
[REMARKS]
#FINAL-01-24#