000
CXUS54 KMAF 012326
CF6ODO
PRELIMINARY LOCAL CLIMATOLOGICAL DATA (WS FORM: F-6)
STATION: ODESSA SCHLEYMEYER
MONTH: OCTOBER
YEAR: 2023
LATITUDE: 31 55 N
LONGITUDE: 102 23 W
TEMPERATURE IN F: :PCPN: SNOW: WIND :SUNSHINE: SKY :PK WND
================================================================================
1 2 3 4 5 6A 6B 7 8 9 10 11 12 13 14 15 16 17 18
12Z AVG MX 2MIN
DY MAX MIN AVG DEP HDD CDD WTR SNW DPTH SPD SPD DIR MIN PSBL S-S WX SPD DR
================================================================================
1 88 71 80 10 0 15 0.00 M M 15.9 24 140 M M 4 32 130
2 88 71 80 10 0 15 0.06 M M 17.4 29 160 M M 5 3 37 160
3 91 70 81 11 0 16 0.01 M M 12.9 33 180 M M 4 38 44 190
4 90 65 78 8 0 13 0.25 M M 11.0 44 200 M M 3 138 58 190
5 79 63 71 2 0 6 0.00 M M 10.7 20 40 M M 3 26 40
6 81 56 69 0 0 4 0.00 M M 7.5 24 60 M M 0 18 31 60
7 75 50 63 -6 2 0 0.00 M M 9.9 24 60 M M 0 8 31 40
8 82 54 68 0 0 3 0.00 M M 7.9 16 180 M M 0 21 180
9 86 54 70 2 0 5 0.00 M M 6.5 15 170 M M 0 18 190
10 85 59 72 4 0 7 T M M 11.0 22 180 M M 0 28 190
11 92 61 77 10 0 12 0.00 M M 14.7 24 180 M M 2 8 33 190
12 92 65 79 12 0 14 0.00 M M 15.5 31 270 M M 0 43 260
13 77 57 67 0 0 2 0.00 M M 10.9 23 30 M M 0 33 360
14 69 51 60 -6 5 0 0.00 M M 8.2 20 80 M M 0 24 80
15 70 50 60 -6 5 0 0.00 M M 9.0 15 80 M M 0 21 80
16 77 46 62 -4 3 0 0.00 M M 4.5 13 150 M M 0 16 140
17 83 53 68 3 0 3 0.00 M M 11.6 20 180 M M 0 29 180
18 96 58 77 12 0 12 0.00 M M 11.1 23 20 M M 0 31 10
19 85 52 69 4 0 4 0.00 M M 6.1 12 120 M M 0 8 16 20
20 89 54 72 8 0 7 0.00 M M M M M M M 0 8 M M
21 90 63 77 13 0 12 0.00 M M M M M M M 0 M M
22 82 69 76 12 0 11 0.00 M M M M M M M 2 M M
23 73 64 69 6 0 4 0.93 M M M M M M M 8 1 M M
24 79 66 73 10 0 8 0.00 M M M M M M M 6 138 M M
25 78 61 70 8 0 5 0.71 M M M M M M M 4 138 M M
26 81 56 69 7 0 4 0.00 M M 10.7 20 220 M M 0 26 210
27 72 56 64 2 1 0 0.00 M M 10.6 17 60 M M 3 1 23 40
28 75 54 65 4 0 0 0.01 M M 12.1 20 50 M M 9 128 23 60
29 55 36 46 -15 19 0 0.13 M M 17.9 28 50 M M 10 1238 34 50
30 45 32 39 -21 26 0 0.00 M M 10.6 23 20 M M 5 32 30
31 56 33 45 -15 20 0 0.00 M M 5.1 12 70 M M 0 8 15 30
================================================================================
SM 2461 1750 81 182 2.10 M 269.3 M 68
================================================================================
AV 79.4 56.5 10.8 FASTST M M 2 MAX(MPH)
MISC ----> 44 200 58 190
================================================================================
NOTES:
# LAST OF SEVERAL OCCURRENCES
COLUMN 17 PEAK WIND IN M.P.H.
PRELIMINARY LOCAL CLIMATOLOGICAL DATA (WS FORM: F-6) , PAGE 2
STATION: ODESSA SCHLEYMEYER
MONTH: OCTOBER
YEAR: 2023
LATITUDE: 31 55 N
LONGITUDE: 102 23 W
[TEMPERATURE DATA] [PRECIPITATION DATA] SYMBOLS USED IN COLUMN 16
AVERAGE MONTHLY: 67.9 TOTAL FOR MONTH: 2.10 1 = FOG OR MIST
DPTR FM NORMAL: 2.4 DPTR FM NORMAL: 0.85 2 = FOG REDUCING VISIBILITY
HIGHEST: 96 ON 18 GRTST 24HR 0.93 ON 23-23 TO 1/4 MILE OR LESS
LOWEST: 32 ON 30 3 = THUNDER
SNOW, ICE PELLETS, HAIL 4 = ICE PELLETS
TOTAL MONTH: M 5 = HAIL
GRTST 24HR M ON M 6 = FREEZING RAIN OR DRIZZLE
GRTST DEPTH: M ON M 7 = DUSTSTORM OR SANDSTORM:
VSBY 1/2 MILE OR LESS
8 = SMOKE OR HAZE
[NO. OF DAYS WITH] [WEATHER - DAYS WITH] 9 = BLOWING SNOW
X = TORNADO
MAX 32 OR BELOW: 0 0.01 INCH OR MORE: 7
MAX 90 OR ABOVE: 6 0.10 INCH OR MORE: 4
MIN 32 OR BELOW: 1 0.50 INCH OR MORE: 2
MIN 0 OR BELOW: 0 1.00 INCH OR MORE: 0
[HDD (BASE 65) ]
TOTAL THIS MO. 81 CLEAR (SCALE 0-3) 20
DPTR FM NORMAL -14 PTCLDY (SCALE 4-7) 8
TOTAL FM JUL 1 81 CLOUDY (SCALE 8-10) 3
DPTR FM NORMAL -22
[CDD (BASE 65) ]
TOTAL THIS MO. 182
DPTR FM NORMAL 71 [PRESSURE DATA]
TOTAL FM JAN 1 3294 HIGHEST SLP 30.53 ON 30
DPTR FM NORMAL 826 LOWEST SLP 29.42 ON 11
[REMARKS]
#FINAL-10-23#