000
CXUS53 KOAX 010930
CF6OFK
PRELIMINARY LOCAL CLIMATOLOGICAL DATA (WS FORM: F-6)
STATION: NORFOLK NE
MONTH: MARCH
YEAR: 2023
LATITUDE: 41 58 N
LONGITUDE: 97 26 W
TEMPERATURE IN F: :PCPN: SNOW: WIND :SUNSHINE: SKY :PK WND
================================================================================
1 2 3 4 5 6A 6B 7 8 9 10 11 12 13 14 15 16 17 18
12Z AVG MX 2MIN
DY MAX MIN AVG DEP HDD CDD WTR SNW DPTH SPD SPD DIR MIN PSBL S-S WX SPD DR
================================================================================
1 43 23 33 2 32 0 0.00 0.0 0 15.1 26 300 M M 3 37 300
2 42 20 31 -1 34 0 T T 0 6.4 16 10 M M 6 1 20 10
3 52 21 37 5 28 0 0.00 0.0 0 4.7 14 350 M M 1 18 17 340
4 48 25 37 4 28 0 0.00 0.0 0 7.8 21 340 M M 1 27 350
5 49 28 39 6 26 0 0.01 0.0 0 10.4 24 110 M M 6 12 33 100
6 38 31 35 1 30 0 0.00 0.0 0 14.1 24 360 M M 10 12 33 360
7 35 27 31 -3 34 0 0.00 0.0 0 8.5 15 70 M M 10 19 60
8 32 28 30 -4 35 0 0.00 0.0 0 11.7 18 350 M M 10 18 25 350
9 33 27 30 -5 35 0 0.17 2.7 T 10.2 21 340 M M 10 128 26 320
10 32 26 29 -6 36 0 0.00 0.0 2 11.6 22 130 M M 10 8 29 140
11 45 28 37 1 28 0 0.19 T 1 10.3 23 130 M M 7 16 32 120
12 32 20 26 -10 39 0 T T T 20.3 29 300 M M 9 41 300
13 29 17 23 -14 42 0 T T 0 13.2 24 340 M M 6 8 30 340
14 51 18 35 -2 30 0 0.00 0.0 0 M M M M M 0 M M
15 65 36 51 13 14 0 0.00 0.0 0 16.9 23 190 M M 0 33 200
16 52 24 38 0 27 0 0.11 1.0 0 24.2 43 340 M M 6 16 56 330
17 38 12 25 -13 40 0 T T T 17.2 31 320 M M 8 8 41 350
18 28 11 20 -19 45 0 T T T 18.6 31 330 M M 4 8 40 320
19 54 10 32 -7 33 0 0.00 0.0 0 17.0 30 200 M M 0 40 200
20 49 25 37 -3 28 0 0.00 0.0 0 9.6 28 200 M M 0 37 200
21 56 28 42 2 23 0 0.00 0.0 0 12.4 21 160 M M 5 18 29 180
22 45 29 37 -3 28 0 0.03 0.2 0 12.7 24 340 M M 6 146 30 340
23 44 26 35 -6 30 0 0.01 0.1 T 7.6 16 360 M M 7 14 20 360
24 56 21 39 -2 26 0 0.00 0.0 0 6.5 16 170 M M 2 21 170
25 49 27 38 -4 27 0 0.00 0.0 0 12.4 22 340 M M 6 1 32 350
26 42 21 32 -10 33 0 0.00 0.0 0 13.1 22 360 M M 4 31 350
27 43 16 30 -12 35 0 0.00 0.0 0 8.8 20 350 M M 1 27 350
28 51 17 34 -9 31 0 0.00 0.0 0 12.5 24 200 M M 2 18 32 210
29 41 21 31 -12 34 0 0.00 0.0 0 10.7 17 50 M M 0 24 90
30 72 27 50 6 15 0 0.00 0.0 0 13.4 24 170 M M 4 34 170
31 56 29 43 -1 22 0 0.04 T T 18.6 33 310 M M 10 18 48 320
================================================================================
SM 1402 719 948 0 0.56 4.0 376.5 M 154
================================================================================
AV 45.2 23.2 12.6 FASTST M M 5 MAX(MPH)
MISC ----> 43 340 56 330
================================================================================
NOTES:
# LAST OF SEVERAL OCCURRENCES
COLUMN 17 PEAK WIND IN M.P.H.
PRELIMINARY LOCAL CLIMATOLOGICAL DATA (WS FORM: F-6) , PAGE 2
STATION: NORFOLK NE
MONTH: MARCH
YEAR: 2023
LATITUDE: 41 58 N
LONGITUDE: 97 26 W
[TEMPERATURE DATA] [PRECIPITATION DATA] SYMBOLS USED IN COLUMN 16
AVERAGE MONTHLY: 34.2 TOTAL FOR MONTH: 0.56 1 = FOG OR MIST
DPTR FM NORMAL: -3.6 DPTR FM NORMAL: -0.88 2 = FOG REDUCING VISIBILITY
HIGHEST: 72 ON 30 GRTST 24HR 0.19 ON 11-11 TO 1/4 MILE OR LESS
LOWEST: 10 ON 19 3 = THUNDER
SNOW, ICE PELLETS, HAIL 4 = ICE PELLETS
TOTAL MONTH: 4.0 INCHES 5 = HAIL
GRTST 24HR 2.7 ON 9- 9 6 = FREEZING RAIN OR DRIZZLE
GRTST DEPTH: 2 ON 10 7 = DUSTSTORM OR SANDSTORM:
VSBY 1/2 MILE OR LESS
8 = SMOKE OR HAZE
[NO. OF DAYS WITH] [WEATHER - DAYS WITH] 9 = BLOWING SNOW
X = TORNADO
MAX 32 OR BELOW: 5 0.01 INCH OR MORE: 7
MAX 90 OR ABOVE: 0 0.10 INCH OR MORE: 3
MIN 32 OR BELOW: 30 0.50 INCH OR MORE: 0
MIN 0 OR BELOW: 0 1.00 INCH OR MORE: 0
[HDD (BASE 65) ]
TOTAL THIS MO. 948 CLEAR (SCALE 0-3) 11
DPTR FM NORMAL 104 PTCLDY (SCALE 4-7) 13
TOTAL FM JUL 1 5913 CLOUDY (SCALE 8-10) 7
DPTR FM NORMAL 12
[CDD (BASE 65) ]
TOTAL THIS MO. 0
DPTR FM NORMAL -1 [PRESSURE DATA]
TOTAL FM JAN 1 0 HIGHEST SLP 30.53 ON 18
DPTR FM NORMAL -1 LOWEST SLP 29.35 ON 31
[REMARKS]
#FINAL-03-23#