000
CXUS53 KEAX 010736
CF6OJC
PRELIMINARY LOCAL CLIMATOLOGICAL DATA (WS FORM: F-6)
STATION: JOHNSON COUNTY EXECUTIVE KS
MONTH: SEPTEMBER
YEAR: 2023
LATITUDE: 38 50 N
LONGITUDE: 94 44 W
TEMPERATURE IN F: :PCPN: SNOW: WIND :SUNSHINE: SKY :PK WND
================================================================================
1 2 3 4 5 6A 6B 7 8 9 10 11 12 13 14 15 16 17 18
12Z AVG MX 2MIN
DY MAX MIN AVG DEP HDD CDD WTR SNW DPTH SPD SPD DIR MIN PSBL S-S WX SPD DR
================================================================================
1 91 59 75 1 0 10 0.00 M M 7.5 14 120 M M 0 19 180
2 95 61 78 5 0 13 0.00 M M 6.4 14 180 M M 0 20 190
3 96 66 81 8 0 16 0.00 M M 8.1 20 170 M M 0 27 160
4 97 73 85 13 0 20 0.00 M M 12.2 24 160 M M 0 33 170
5 99 70 85 13 0 20 T M M 12.7 22 200 M M 1 3 35 210
6 82 63 73 1 0 8 0.00 M M 8.0 17 310 M M 2 8 26 330
7 88 59 74 2 0 9 0.00 M M 4.7 10 70 M M 1 8 15 80
8 88 65 77 6 0 12 0.00 M M 6.5 15 50 M M 3 20 20
9 87 55 71 0 0 6 0.00 M M 4.2 12 70 M M 0 16 80
10 87 61 74 4 0 9 0.00 M M 5.4 12 150 M M 1 16 190
11 72 63 68 -2 0 3 0.25 M M 5.2 12 10 M M 10 18 14 350
12 80 57 69 -1 0 4 0.00 M M 3.7 12 80 M M 1 17 60
13 82 53 68 -1 0 3 0.00 M M 3.5 13 140 M M 1 19 140
14 83 52 68 -1 0 3 0.00 M M 4.9 18 160 M M 1 8 26 160
15 84 57 71 2 0 6 0.09 M M 4.8 17 330 M M 3 25 340
16 83 57 70 2 0 5 0.92 M M 4.2 31 350 M M 6 1235 43 350
17 78 55 67 -1 0 2 0.00 M M 5.1 13 360 M M 0 18 20 20
18 87 52 70 2 0 5 0.00 M M 8.3 17 160 M M 0 8 27 170
19 81 63 72 5 0 7 0.00 M M 9.8 22 200 M M 0 31 220
20 84 63 74 7 0 9 0.00 M M 8.7 16 160 M M 3 22 110
21 86 61 74 8 0 9 1.00 M M 8.4 32 170 M M 3 13 42 170
22 77 65 71 5 0 6 1.23 M M 7.7 23 120 M M 6 13 33 130
23 82 67 75 9 0 10 1.31 M M 8.0 20 170 M M 5 13 31 170
24 85 63 74 9 0 9 0.00 M M 5.3 15 360 M M 2 12 21 360
25 86 62 74 9 0 9 0.00 M M 3.6 13 300 M M 0 8 17 330
26 86 60 73 9 0 8 0.00 M M 4.3 10 20 M M 2 14 310
27 83 63 73 9 0 8 0.00 M M 4.8 9 40 M M 2 13 40
28 88 63 76 12 0 11 0.00 M M 6.2 12 150 M M 0 19 170
29 90 65 78 15 0 13 0.00 M M 8.5 21 170 M M 0 8 29 170
30 89 66 78 15 0 13 0.00 M M 9.2 18 170 M M 0 26 200
================================================================================
SM 2576 1839 0 266 4.80 M 199.9 M 53
================================================================================
AV 85.9 61.3 6.7 FASTST M M 2 MAX(MPH)
MISC ----> 32 170 43 350
================================================================================
NOTES:
# LAST OF SEVERAL OCCURRENCES
COLUMN 17 PEAK WIND IN M.P.H.
PRELIMINARY LOCAL CLIMATOLOGICAL DATA (WS FORM: F-6) , PAGE 2
STATION: JOHNSON COUNTY EXECUTIVE KS
MONTH: SEPTEMBER
YEAR: 2023
LATITUDE: 38 50 N
LONGITUDE: 94 44 W
[TEMPERATURE DATA] [PRECIPITATION DATA] SYMBOLS USED IN COLUMN 16
AVERAGE MONTHLY: 73.6 TOTAL FOR MONTH: 4.80 1 = FOG OR MIST
DPTR FM NORMAL: 5.2 DPTR FM NORMAL: 1.26 2 = FOG REDUCING VISIBILITY
HIGHEST: 99 ON 5 GRTST 24HR 2.23 ON 21-22 TO 1/4 MILE OR LESS
LOWEST: 52 ON 18,14 3 = THUNDER
SNOW, ICE PELLETS, HAIL 4 = ICE PELLETS
TOTAL MONTH: M 5 = HAIL
GRTST 24HR M ON M 6 = FREEZING RAIN OR DRIZZLE
GRTST DEPTH: M ON M 7 = DUSTSTORM OR SANDSTORM:
VSBY 1/2 MILE OR LESS
8 = SMOKE OR HAZE
[NO. OF DAYS WITH] [WEATHER - DAYS WITH] 9 = BLOWING SNOW
X = TORNADO
MAX 32 OR BELOW: 0 0.01 INCH OR MORE: 6
MAX 90 OR ABOVE: 6 0.10 INCH OR MORE: 5
MIN 32 OR BELOW: 0 0.50 INCH OR MORE: 4
MIN 0 OR BELOW: 0 1.00 INCH OR MORE: 3
[HDD (BASE 65) ]
TOTAL THIS MO. 0 CLEAR (SCALE 0-3) 24
DPTR FM NORMAL -51 PTCLDY (SCALE 4-7) 5
TOTAL FM JUL 1 0 CLOUDY (SCALE 8-10) 1
DPTR FM NORMAL -52
[CDD (BASE 65) ]
TOTAL THIS MO. 266
DPTR FM NORMAL 114 [PRESSURE DATA]
TOTAL FM JAN 1 1707 HIGHEST SLP M ON M
DPTR FM NORMAL 384 LOWEST SLP 29.67 ON 4
[REMARKS]
#FINAL-09-23#