000
CXUS53 KEAX 040437
CLSOJC
CLIMATE REPORT
NATIONAL WEATHER SERVICE
1132 PM CDT THU SEP 03 2020
...................................
...THE JOHNSON COUNTY EXECUTIVE KS CLIMATE SUMMARY FOR THE SEASON, FROM
6/1/2020 TO 8/31/2020...
CLIMATE NORMAL PERIOD: 1981 TO 2010
CLIMATE RECORD PERIOD: 9999 TO 9999
WEATHER OBSERVED NORMAL DEPART LAST YEAR`S
VALUE DATE(S) VALUE FROM VALUE DATE(S)
NORMAL
................................................................
TEMPERATURE (F)
HIGHEST 94 08/25 98 -4 95 07/20
08/28
LOWEST 53 06/11 52 1 51 06/13
AVG. MAXIMUM 86.4 86.0 0.4 84.3
AVG. MINIMUM 66.8 66.9 -0.1 66.5
MEAN 76.6 76.4 0.2 75.4
DAYS MAX >= 90 26 29.6 -3.6 13
DAYS MAX <= 32 0 0.0 0.0 0
DAYS MIN <= 32 0 0.0 0.0 0
DAYS MIN <= 0 0 0.0 0.0 0
PRECIPITATION (INCHES)
TOTALS 11.01 13.22 -2.21 19.66
DAILY AVG. 0.12 0.14 -0.02 0.21
DAYS >= .01 19 28.2 -9.2 33
DAYS >= .10 13 19.5 -6.5 24
DAYS >= .50 7 8.4 -1.4 13
DAYS >= 1.00 4 4.6 -0.6 9
GREATEST
24 HR. TOTAL 2.12 07/03 TO 07/03
DEGREE DAYS
HEATING TOTAL 0 9 -9 0
COOLING TOTAL 1090 1060 30 971
................................................................
WIND (MPH)
AVERAGE WIND SPEED 7.1
HIGHEST WIND SPEED/DIRECTION 30/360 DATE 08/31
HIGHEST GUST SPEED/DIRECTION 50/330 DATE 06/05
SKY COVER
POSSIBLE SUNSHINE (PERCENT) MM
AVERAGE SKY COVER 0.21
NUMBER OF DAYS FAIR 73
NUMBER OF DAYS PC 16
NUMBER OF DAYS CLOUDY 3
AVERAGE RH (PERCENT) 75
WEATHER CONDITIONS. NUMBER OF DAYS WITH
THUNDERSTORM 22 MIXED PRECIP 0
HEAVY RAIN 11 RAIN 16
LIGHT RAIN 27 FREEZING RAIN 0
LT FREEZING RAIN 0 HAIL 0
HEAVY SNOW 0 SNOW 0
LIGHT SNOW 0 SLEET 0
FOG 29 FOG W/VIS <= 1/4 MILE 3
HAZE 3
- INDICATES NEGATIVE NUMBERS.
R INDICATES RECORD WAS SET OR TIED.
MM INDICATES DATA IS MISSING.
T INDICATES TRACE AMOUNT.
$$