000
CXUS56 KSGX 170941
CF6OKB
PRELIMINARY LOCAL CLIMATOLOGICAL DATA (WS FORM: F-6)
STATION: OCEANSIDE AIRPORT CA
MONTH: MARCH
YEAR: 2023
LATITUDE: 33 13 N
LONGITUDE: 117 21 W
TEMPERATURE IN F: :PCPN: SNOW: WIND :SUNSHINE: SKY :PK WND
================================================================================
1 2 3 4 5 6A 6B 7 8 9 10 11 12 13 14 15 16 17 18
12Z AVG MX 2MIN
DY MAX MIN AVG DEP HDD CDD WTR SNW DPTH SPD SPD DIR MIN PSBL S-S WX SPD DR
================================================================================
1 56 40 48 -7 17 0 0.27 M M 13.2 28 300 M M 7 18 42 260
2 59 34 47 -8 18 0 0.00 M M 4.1 13 260 M M 0 16 260
3 59 38 49 -6 16 0 0.00 M M 3.1 13 260 M M 0 17 250
4 60 36 48 -7 17 0 0.00 M M 5.1 15 260 M M 4 1 20 250
5 59 45 52 -3 13 0 0.00 M M 3.5 14 260 M M 6 1 20 240
6 60 40 50 -6 15 0 0.00 M M 4.4 16 260 M M 3 1 21 260
7 60 41 51 -5 14 0 0.00 M M 4.5 17 250 M M 2 22 260
8 60 36 48 -8 17 0 0.00 M M 4.2 14 280 M M 1 1 18 290
9 62 41 52 -4 13 0 0.00 0.0 M 4.1 14 280 M M 0 17 270
10 62 46 54 -2 11 0 0.90 0.0 M 2.0 8 130 M M 9 18 10 220
11 64 58 61 5 4 0 0.09 0.0 M 5.7 13 180 M M 10 1 16 170
12 63 56 60 4 5 0 0.00 M M 4.0 14 250 M M 10 128 16 250
13 63 55 59 3 6 0 0.00 M M 4.2 14 250 M M 9 1 17 250
14 64 50 57 1 8 0 0.73 M M 2.9 10 90 M M 8 1 12 40
15 60 53 57 1 8 0 1.66 M M 9.0 20 180 M M 10 18 28 180
16 62 48 55 -1 10 0 0.00 M M 2.8 12 250 M M 7 1 14 250
17 64 49 57 1 8 0 0.00 M M 5.1 16 260 M M 4 18 21 260
18 74 45 60 4 5 0 0.00 M M 4.4 15 270 M M 0 1 18 270
19 63 53 58 1 7 0 0.17 M M 4.2 9 70 M M 8 18 13 210
20 61 55 58 1 7 0 0.11 M M 7.3 14 260 M M 9 1 19 180
21 63 53 58 1 7 0 1.66 M M 12.1 28 210 M M 9 18 37 180
22 62 50 56 -1 9 0 0.32 M M 6.3 23 250 M M 6 1 29 250
23 61 46 54 -3 11 0 0.03 M M 5.1 18 270 M M 8 18 23 270
24 62 45 54 -3 11 0 0.00 M M 4.7 17 260 M M 2 1 24 290
25 62 43 53 -4 12 0 0.00 M M 4.7 17 250 M M 1 21 290
26 63 43 53 -4 12 0 0.00 M M 5.5 17 290 M M 1 23 290
27 69 41 55 -2 10 0 0.00 M M 5.2 15 280 M M 0 1 19 290
28 67 43 55 -2 10 0 0.00 M M 5.0 14 250 M M 1 8 17 250
29 58 47 53 -4 12 0 0.31 M M 4.6 17 300 M M 8 22 300
30 59 44 52 -5 13 0 0.17 M M 3.4 18 230 M M 7 24 200
31 62 42 52 -5 13 0 0.00 M M 5.6 17 290 M M 0 21 290
================================================================================
SM 1923 1416 339 0 6.42 0.0 160.0 M 150
================================================================================
AV 62.0 45.7 5.2 FASTST M M 5 MAX(MPH)
MISC ----> # 28 300 42 260
================================================================================
NOTES:
# LAST OF SEVERAL OCCURRENCES
COLUMN 17 PEAK WIND IN M.P.H.
PRELIMINARY LOCAL CLIMATOLOGICAL DATA (WS FORM: F-6) , PAGE 2
STATION: OCEANSIDE AIRPORT CA
MONTH: MARCH
YEAR: 2023
LATITUDE: 33 13 N
LONGITUDE: 117 21 W
[TEMPERATURE DATA] [PRECIPITATION DATA] SYMBOLS USED IN COLUMN 16
AVERAGE MONTHLY: 53.9 TOTAL FOR MONTH: 6.42 1 = FOG OR MIST
DPTR FM NORMAL: -2.3 DPTR FM NORMAL: 4.74 2 = FOG REDUCING VISIBILITY
HIGHEST: 74 ON 18 GRTST 24HR 2.39 ON 14-15 TO 1/4 MILE OR LESS
LOWEST: 34 ON 2 3 = THUNDER
SNOW, ICE PELLETS, HAIL 4 = ICE PELLETS
TOTAL MONTH: 0.0 INCH 5 = HAIL
GRTST 24HR 0.0 6 = FREEZING RAIN OR DRIZZLE
GRTST DEPTH: M ON M 7 = DUSTSTORM OR SANDSTORM:
VSBY 1/2 MILE OR LESS
8 = SMOKE OR HAZE
[NO. OF DAYS WITH] [WEATHER - DAYS WITH] 9 = BLOWING SNOW
X = TORNADO
MAX 32 OR BELOW: 0 0.01 INCH OR MORE: 12
MAX 90 OR ABOVE: 0 0.10 INCH OR MORE: 10
MIN 32 OR BELOW: 0 0.50 INCH OR MORE: 4
MIN 0 OR BELOW: 0 1.00 INCH OR MORE: 2
[HDD (BASE 65) ]
TOTAL THIS MO. 339 CLEAR (SCALE 0-3) 13
DPTR FM NORMAL 66 PTCLDY (SCALE 4-7) 11
TOTAL FM JUL 1 1770 CLOUDY (SCALE 8-10) 7
DPTR FM NORMAL 141
[CDD (BASE 65) ]
TOTAL THIS MO. 0
DPTR FM NORMAL -2 [PRESSURE DATA]
TOTAL FM JAN 1 0 HIGHEST SLP 30.26 ON 24
DPTR FM NORMAL -3 LOWEST SLP 29.72 ON 21
[REMARKS]
#FINAL-03-23#