000
CXUS56 KSGX 011045
CF6OKB
PRELIMINARY LOCAL CLIMATOLOGICAL DATA (WS FORM: F-6)
STATION: OCEANSIDE AIRPORT CA
MONTH: JUNE
YEAR: 2022
LATITUDE: 33 13 N
LONGITUDE: 117 21 W
TEMPERATURE IN F: :PCPN: SNOW: WIND :SUNSHINE: SKY :PK WND
================================================================================
1 2 3 4 5 6A 6B 7 8 9 10 11 12 13 14 15 16 17 18
12Z AVG MX 2MIN
DY MAX MIN AVG DEP HDD CDD WTR SNW DPTH SPD SPD DIR MIN PSBL S-S WX SPD DR
================================================================================
1 72 53 63 -1 2 0 0.00 M M 4.8 13 240 M M 5 18 17 230
2 72 52 62 -2 3 0 0.00 M M 5.6 15 260 M M 9 18 21 250
3 72 56 64 0 1 0 0.00 M M 5.3 15 250 M M 6 8 21 240
4 72 60 66 2 0 1 0.00 M M 6.0 14 260 M M 10 18 260
5 74 63 69 5 0 4 0.00 M M 6.3 15 250 M M 6 20 250
6 74 63 69 5 0 4 0.00 M M 6.4 14 240 M M 8 1 17 250
7 73 63 68 4 0 3 T M M 4.8 14 250 M M 9 18 20 230
8 72 63 68 4 0 3 0.00 M M 5.0 15 250 M M 9 8 23 240
9 72 62 67 2 0 2 0.00 M M 4.4 14 240 M M 9 18 17 250
10 73 61 67 2 0 2 0.00 M M 4.3 14 250 M M 7 128 17 250
11 73 58 66 1 0 1 0.00 M M 4.8 14 240 M M 2 18 20 240
12 74 61 68 3 0 3 0.00 M M 5.4 15 250 M M 7 18 20 250
13 74 64 69 4 0 4 0.00 M M 6.5 16 250 M M 10 8 21 230
14 75 57 66 1 0 1 0.00 M M 5.6 14 240 M M 4 18 19 250
15 73 57 65 0 0 0 0.00 M M 5.5 13 240 M M 8 18 18 250
16 74 62 68 3 0 3 0.00 M M 5.1 14 250 M M 8 18 17 240
17 73 64 69 3 0 4 0.00 M M 6.9 15 250 M M 7 21 250
18 73 53 63 -3 2 0 0.00 M M 5.4 14 250 M M 3 23 250
19 75 50 63 -3 2 0 0.00 M M 6.4 17 250 M M 0 23 250
20 81 51 66 0 0 1 0.00 M M 5.0 16 250 M M 0 20 240
21 77 57 67 1 0 2 0.00 M M 5.1 12 240 M M 3 18 16 220
22 79 61 70 4 0 5 T M M 5.7 15 260 M M 2 138 19 250
23 79 60 70 4 0 5 0.00 M M 5.6 15 260 M M 0 18 19 250
24 78 55 67 1 0 2 0.00 M M 6.3 15 250 M M 1 128 19 220
25 74 60 67 0 0 2 0.00 M M 5.8 15 250 M M 4 128 18 240
26 75 58 67 0 0 2 0.00 M M 5.3 14 240 M M 3 128 18 240
27 75 61 68 1 0 3 0.00 M M 4.9 13 260 M M 3 128 17 240
28 80 67 74 7 0 9 0.00 M M 5.2 13 250 M M 1 18 16 250
29 80 64 72 5 0 7 0.00 M M 5.7 13 260 M M 4 8 17 250
30 79 61 70 3 0 5 0.00 M M 5.2 13 250 M M 4 18 16 250
================================================================================
SM 2247 1777 10 78 T M 164.3 M 152
================================================================================
AV 74.9 59.2 5.5 FASTST M M 5 MAX(MPH)
MISC ----> 17 250 # 23 240
================================================================================
NOTES:
# LAST OF SEVERAL OCCURRENCES
COLUMN 17 PEAK WIND IN M.P.H.
PRELIMINARY LOCAL CLIMATOLOGICAL DATA (WS FORM: F-6) , PAGE 2
STATION: OCEANSIDE AIRPORT CA
MONTH: JUNE
YEAR: 2022
LATITUDE: 33 13 N
LONGITUDE: 117 21 W
[TEMPERATURE DATA] [PRECIPITATION DATA] SYMBOLS USED IN COLUMN 16
AVERAGE MONTHLY: 67.1 TOTAL FOR MONTH: T 1 = FOG OR MIST
DPTR FM NORMAL: 1.6 DPTR FM NORMAL: -0.11 2 = FOG REDUCING VISIBILITY
HIGHEST: 81 ON 20 GRTST 24HR T ON 4- 4 TO 1/4 MILE OR LESS
LOWEST: 50 ON 19 3 = THUNDER
SNOW, ICE PELLETS, HAIL 4 = ICE PELLETS
TOTAL MONTH: M 5 = HAIL
GRTST 24HR M ON M 6 = FREEZING RAIN OR DRIZZLE
GRTST DEPTH: M ON M 7 = DUSTSTORM OR SANDSTORM:
VSBY 1/2 MILE OR LESS
8 = SMOKE OR HAZE
[NO. OF DAYS WITH] [WEATHER - DAYS WITH] 9 = BLOWING SNOW
X = TORNADO
MAX 32 OR BELOW: 0 0.01 INCH OR MORE: 0
MAX 90 OR ABOVE: 0 0.10 INCH OR MORE: 0
MIN 32 OR BELOW: 0 0.50 INCH OR MORE: 0
MIN 0 OR BELOW: 0 1.00 INCH OR MORE: 0
[HDD (BASE 65) ]
TOTAL THIS MO. 10 CLEAR (SCALE 0-3) 9
DPTR FM NORMAL -15 PTCLDY (SCALE 4-7) 14
TOTAL FM JUL 1 1762 CLOUDY (SCALE 8-10) 7
DPTR FM NORMAL -195
[CDD (BASE 65) ]
TOTAL THIS MO. 78
DPTR FM NORMAL 40 [PRESSURE DATA]
TOTAL FM JAN 1 109 HIGHEST SLP 30.02 ON 30
DPTR FM NORMAL 56 LOWEST SLP 29.77 ON 16
[REMARKS]
#FINAL-06-22#