000
CXUS56 KSGX 011045
CF6OKB
PRELIMINARY LOCAL CLIMATOLOGICAL DATA (WS FORM: F-6)
STATION: OCEANSIDE AIRPORT CA
MONTH: MARCH
YEAR: 2022
LATITUDE: 33 13 N
LONGITUDE: 117 21 W
TEMPERATURE IN F: :PCPN: SNOW: WIND :SUNSHINE: SKY :PK WND
================================================================================
1 2 3 4 5 6A 6B 7 8 9 10 11 12 13 14 15 16 17 18
12Z AVG MX 2MIN
DY MAX MIN AVG DEP HDD CDD WTR SNW DPTH SPD SPD DIR MIN PSBL S-S WX SPD DR
================================================================================
1 82 37 60 5 5 0 0.00 M M 4.2 15 250 M M 0 19 240
2 78 36 57 2 8 0 0.00 M M 3.2 12 250 M M 0 14 250
3 64 39 52 -3 13 0 T M M 6.6 17 220 M M 5 8 25 200
4 64 52 58 3 7 0 0.28 M M 7.5 16 250 M M 7 13 23 240
5 60 52 56 1 9 0 0.02 M M 12.7 24 270 M M 8 33 260
6 63 38 51 -5 14 0 0.00 M M 3.5 14 250 M M 2 1 18 250
7 67 38 53 -3 12 0 0.00 M M 6.2 17 300 M M 0 22 290
8 70 32 51 -5 14 0 0.00 M M 4.2 17 260 M M 0 24 260
9 66 35 51 -5 14 0 0.00 M M 4.9 13 230 M M 3 17 240
10 67 47 57 1 8 0 0.00 M M 6.5 15 260 M M 4 18 20 290
11 73 38 56 0 9 0 0.00 M M 6.6 18 290 M M 0 1 23 290
12 74 37 56 0 9 0 0.00 M M 4.8 15 240 M M 0 18 260
13 66 38 52 -4 13 0 0.00 M M 4.6 14 210 M M 1 1 18 200
14 69 40 55 -1 10 0 0.00 M M 3.9 15 270 M M 0 1 18 270
15 69 39 54 -2 11 0 0.00 M M 3.9 14 250 M M 1 18 19 250
16 69 49 59 3 6 0 0.00 M M 4.4 14 240 M M 4 18 20 250
17 74 41 58 2 7 0 0.00 M M 4.0 15 270 M M 0 1 20 260
18 72 40 56 0 9 0 0.00 M M 3.9 13 260 M M 0 1 16 250
19 67 45 56 -1 9 0 0.30 M M 6.0 15 230 M M 7 18 22 220
20 67 49 58 1 7 0 0.10 M M 5.8 17 250 M M 4 1 22 270
21 67 42 55 -2 10 0 0.00 M M 3.7 12 250 M M 1 18 16 250
22 78 44 61 4 4 0 0.00 M M 3.4 13 250 M M 0 1 15 240
23 89 46 68 11 0 3 0.00 M M 4.4 15 290 M M 0 18 260
24 74 45 60 3 5 0 0.00 M M 4.4 13 250 M M 1 1 16 260
25 67 54 61 4 4 0 0.00 M M 4.5 16 250 M M 7 128 19 240
26 68 54 61 4 4 0 0.00 M M 5.5 14 250 M M 9 128 19 250
27 66 57 62 5 3 0 0.00 M M 6.5 14 250 M M 7 20 250
28 67 55 61 4 4 0 0.34 M M 7.8 22 190 M M 9 18 30 190
29 65 48 57 0 8 0 0.16 M M 4.3 15 250 M M 4 1 23 250
30 67 48 58 1 7 0 0.00 M M 5.6 16 250 M M 5 1 20 240
31 66 56 61 4 4 0 0.01 M M 5.3 14 200 M M 10 18 18 220
================================================================================
SM 2155 1371 247 3 1.21 M 162.8 M 99
================================================================================
AV 69.5 44.2 5.3 FASTST M M 3 MAX(MPH)
MISC ----> 24 270 33 260
================================================================================
NOTES:
# LAST OF SEVERAL OCCURRENCES
COLUMN 17 PEAK WIND IN M.P.H.
PRELIMINARY LOCAL CLIMATOLOGICAL DATA (WS FORM: F-6) , PAGE 2
STATION: OCEANSIDE AIRPORT CA
MONTH: MARCH
YEAR: 2022
LATITUDE: 33 13 N
LONGITUDE: 117 21 W
[TEMPERATURE DATA] [PRECIPITATION DATA] SYMBOLS USED IN COLUMN 16
AVERAGE MONTHLY: 56.9 TOTAL FOR MONTH: 1.21 1 = FOG OR MIST
DPTR FM NORMAL: 0.7 DPTR FM NORMAL: -0.47 2 = FOG REDUCING VISIBILITY
HIGHEST: 89 ON 23 GRTST 24HR 0.50 ON 28-29 TO 1/4 MILE OR LESS
LOWEST: 32 ON 8 3 = THUNDER
SNOW, ICE PELLETS, HAIL 4 = ICE PELLETS
TOTAL MONTH: M 5 = HAIL
GRTST 24HR M ON M 6 = FREEZING RAIN OR DRIZZLE
GRTST DEPTH: M ON M 7 = DUSTSTORM OR SANDSTORM:
VSBY 1/2 MILE OR LESS
8 = SMOKE OR HAZE
[NO. OF DAYS WITH] [WEATHER - DAYS WITH] 9 = BLOWING SNOW
X = TORNADO
MAX 32 OR BELOW: 0 0.01 INCH OR MORE: 7
MAX 90 OR ABOVE: 0 0.10 INCH OR MORE: 5
MIN 32 OR BELOW: 1 0.50 INCH OR MORE: 0
MIN 0 OR BELOW: 0 1.00 INCH OR MORE: 0
[HDD (BASE 65) ]
TOTAL THIS MO. 247 CLEAR (SCALE 0-3) 17
DPTR FM NORMAL -26 PTCLDY (SCALE 4-7) 11
TOTAL FM JUL 1 1529 CLOUDY (SCALE 8-10) 3
DPTR FM NORMAL -100
[CDD (BASE 65) ]
TOTAL THIS MO. 3
DPTR FM NORMAL 1 [PRESSURE DATA]
TOTAL FM JAN 1 4 HIGHEST SLP 30.29 ON 11
DPTR FM NORMAL 1 LOWEST SLP 29.77 ON 28
[REMARKS]
#FINAL-03-22#