000
CXUS56 KSGX 011245
CF6OKB
PRELIMINARY LOCAL CLIMATOLOGICAL DATA (WS FORM: F-6)
STATION: OCEANSIDE AIRPORT CA
MONTH: SEPTEMBER
YEAR: 2020
LATITUDE: 33 13 N
LONGITUDE: 117 21 W
TEMPERATURE IN F: :PCPN: SNOW: WIND :SUNSHINE: SKY :PK WND
================================================================================
1 2 3 4 5 6A 6B 7 8 9 10 11 12 13 14 15 16 17 18
12Z AVG MX 2MIN
DY MAX MIN AVG DEP HDD CDD WTR SNW DPTH SPD SPD DIR MIN PSBL S-S WX SPD DR
================================================================================
1 78 66 72 3 0 7 0.00 0.0 0 4.9 16 250 M M 4 21 240
2 77 57 67 -2 0 2 0.00 0.0 0 4.3 15 290 M M 3 20 290
3 79 62 71 2 0 6 0.00 0.0 0 5.1 15 240 M M 4 18 18 250
4 81 62 72 3 0 7 0.00 0.0 0 4.5 14 240 M M 4 18 16 240
5 91 63 77 8 0 12 0.00 0.0 0 5.5 14 250 M M 0 18 17 250
6 102 62 82 13 0 17 0.00 0.0 0 3.8 12 230 M M 0 18 15 230
7 80 62 71 2 0 6 0.00 0.0 0 4.2 14 190 M M 3 1 17 220
8 78 63 71 2 0 6 T 0.0 0 4.1 10 220 M M 7 1 14 200
9 82 59 71 2 0 6 0.00 0.0 0 5.0 16 290 M M 0 18 21 260
10 83 52 68 0 0 3 0.00 0.0 0 3.6 12 260 M M 0 18 16 250
11 80 50 65 -3 0 0 0.00 0.0 0 3.3 12 260 M M 0 18 15 240
12 79 50 65 -3 0 0 0.00 0.0 0 3.6 14 240 M M 1 18 17 230
13 78 53 66 -2 0 1 0.00 0.0 0 3.3 14 260 M M 2 128 19 250
14 80 53 67 -1 0 2 0.00 0.0 0 3.6 13 240 M M 2 128 15 250
15 83 54 69 1 0 4 0.00 0.0 0 3.5 14 250 M M 2 128 17 250
16 86 51 69 1 0 4 0.00 0.0 0 M M M M M M 22 M
17 89 50 70 2 0 5 0.00 0.0 0 4.0 14 250 M M 0 18 18 250
18 90 54 72 4 0 7 0.00 0.0 0 3.9 15 280 M M 0 18 260
19 83 56 70 2 0 5 0.00 0.0 0 4.1 14 250 M M 1 1 18 240
20 77 61 69 2 0 4 0.00 0.0 0 4.3 14 240 M M 5 17 240
21 76 61 69 2 0 4 0.00 0.0 0 4.0 14 250 M M 6 18 17 250
22 80 58 69 2 0 4 0.00 0.0 0 5.0 15 270 M M 4 1 19 250
23 81 54 68 1 0 3 0.00 0.0 0 3.7 14 250 M M 2 128 17 250
24 79 56 68 1 0 3 0.00 0.0 0 4.3 13 250 M M 4 1 17 240
25 76 56 66 -1 0 1 0.00 0.0 0 3.7 12 240 M M 4 1 15 240
26 77 57 67 1 0 2 0.00 0.0 0 3.8 12 240 M M 7 1 16 250
27 76 59 68 2 0 3 0.00 0.0 0 3.5 12 240 M M 5 1 15 230
28 80 55 68 2 0 3 0.00 0.0 0 4.1 13 250 M M 2 128 16 250
29 83 60 72 6 0 7 0.00 0.0 0 4.3 15 250 M M 3 128 19 250
30 95 55 75 9 0 10 0.00 0.0 0 4.4 16 260 M M 0 18 21 240
================================================================================
SM 2459 1711 0 144 T 0.0 119.4 M 75
================================================================================
AV 82.0 57.0 4.1 FASTST M M 3 MAX(MPH)
MISC ----> # 16 250 22 M
================================================================================
NOTES:
# LAST OF SEVERAL OCCURRENCES
COLUMN 17 PEAK WIND IN M.P.H.
PRELIMINARY LOCAL CLIMATOLOGICAL DATA (WS FORM: F-6) , PAGE 2
STATION: OCEANSIDE AIRPORT CA
MONTH: SEPTEMBER
YEAR: 2020
LATITUDE: 33 13 N
LONGITUDE: 117 21 W
[TEMPERATURE DATA] [PRECIPITATION DATA] SYMBOLS USED IN COLUMN 16
AVERAGE MONTHLY: 69.5 TOTAL FOR MONTH: T 1 = FOG OR MIST
DPTR FM NORMAL: 1.7 DPTR FM NORMAL: -0.24 2 = FOG REDUCING VISIBILITY
HIGHEST: 102 ON 6 GRTST 24HR T ON 8- 8 TO 1/4 MILE OR LESS
LOWEST: 50 ON 17,12 3 = THUNDER
SNOW, ICE PELLETS, HAIL 4 = ICE PELLETS
TOTAL MONTH: 0.0 INCH 5 = HAIL
GRTST 24HR 0.0 6 = FREEZING RAIN OR DRIZZLE
GRTST DEPTH: 0 7 = DUSTSTORM OR SANDSTORM:
VSBY 1/2 MILE OR LESS
8 = SMOKE OR HAZE
[NO. OF DAYS WITH] [WEATHER - DAYS WITH] 9 = BLOWING SNOW
X = TORNADO
MAX 32 OR BELOW: 0 0.01 INCH OR MORE: 0
MAX 90 OR ABOVE: 4 0.10 INCH OR MORE: 0
MIN 32 OR BELOW: 0 0.50 INCH OR MORE: 0
MIN 0 OR BELOW: 0 1.00 INCH OR MORE: 0
[HDD (BASE 65) ]
TOTAL THIS MO. 0 CLEAR (SCALE 0-3) 15
DPTR FM NORMAL -10 PTCLDY (SCALE 4-7) 14
TOTAL FM JUL 1 1 CLOUDY (SCALE 8-10) 0
DPTR FM NORMAL -14
[CDD (BASE 65) ]
TOTAL THIS MO. 144
DPTR FM NORMAL 50 [PRESSURE DATA]
TOTAL FM JAN 1 668 HIGHEST SLP 29.98 ON 16
DPTR FM NORMAL 274 LOWEST SLP 29.60 ON 8
[REMARKS]
#FINAL-09-20#