000
CXUS56 KSGX 011245
CF6OKB
PRELIMINARY LOCAL CLIMATOLOGICAL DATA (WS FORM: F-6)
STATION: OCEANSIDE AIRPORT CA
MONTH: MAY
YEAR: 2020
LATITUDE: 33 13 N
LONGITUDE: 117 21 W
TEMPERATURE IN F: :PCPN: SNOW: WIND :SUNSHINE: SKY :PK WND
================================================================================
1 2 3 4 5 6A 6B 7 8 9 10 11 12 13 14 15 16 17 18
12Z AVG MX 2MIN
DY MAX MIN AVG DEP HDD CDD WTR SNW DPTH SPD SPD DIR MIN PSBL S-S WX SPD DR
================================================================================
1 75 56 66 6 0 1 0.00 0.0 0 3.6 13 260 M M 6 1 16 240
2 76 58 67 7 0 2 0.00 0.0 0 5.9 15 240 M M 5 1 19 250
3 73 56 65 5 0 0 0.00 0.0 0 5.1 13 260 M M 3 18 260
4 74 55 65 4 0 0 0.00 0.0 0 5.2 14 250 M M 2 12 17 250
5 79 54 67 6 0 2 0.00 0.0 0 4.7 14 230 M M 0 1 17 250
6 83 53 68 7 0 3 0.00 0.0 0 4.5 13 250 M M 0 1 16 240
7 78 49 64 3 1 0 0.00 0.0 0 4.4 12 220 M M 0 18 15 240
8 75 55 65 4 0 0 0.00 0.0 0 4.2 15 210 M M 3 128 20 240
9 74 61 68 7 0 3 0.00 0.0 0 4.6 12 210 M M 9 1 15 230
10 72 63 68 7 0 3 0.00 0.0 0 4.6 15 300 M M 10 1 18 300
11 72 57 65 4 0 0 0.00 0.0 0 6.0 15 250 M M 6 20 250
12 74 50 62 1 3 0 T 0.0 0 6.6 18 240 M M 4 1 23 260
13 72 53 63 2 2 0 0.00 0.0 0 5.5 14 250 M M 2 23 230
14 74 51 63 1 2 0 0.00 0.0 0 5.8 15 250 M M 1 19 260
15 75 56 66 4 0 1 0.00 0.0 0 4.9 13 250 M M 2 8 18 230
16 75 54 65 3 0 0 0.00 0.0 0 4.0 12 230 M M 3 1 17 260
17 74 62 68 6 0 3 0.00 0.0 0 5.2 15 240 M M 9 18 18 250
18 76 60 68 6 0 3 T 0.0 0 6.2 15 260 M M 9 18 20 250
19 71 51 61 -1 4 0 0.00 0.0 0 6.1 17 290 M M 4 22 290
20 73 50 62 0 3 0 0.00 0.0 0 5.8 18 250 M M 1 24 260
21 75 48 62 0 3 0 0.00 0.0 0 4.9 15 270 M M 0 19 240
22 72 58 65 3 0 0 0.00 0.0 0 7.0 15 230 M M 6 20 210
23 71 56 64 2 1 0 0.00 0.0 0 6.3 15 230 M M 4 20 250
24 74 53 64 2 1 0 0.00 0.0 0 4.6 15 250 M M 3 1 21 240
25 75 57 66 3 0 1 0.00 0.0 0 4.3 14 260 M M 5 1 18 240
26 75 57 66 3 0 1 0.00 0.0 0 4.5 14 250 M M 5 18 19 240
27 76 57 67 4 0 2 0.00 0.0 0 4.7 14 250 M M 6 18 18 240
28 74 63 69 6 0 4 0.00 0.0 0 4.9 13 270 M M 9 1 16 250
29 70 62 66 3 0 1 T 0.0 0 5.0 10 250 M M 10 1 14 260
30 74 56 65 2 0 0 0.00 0.0 0 8.0 20 290 M M 3 18 28 290
31 74 52 63 0 2 0 0.00 0.0 0 6.1 16 270 M M 0 1 22 290
================================================================================
SM 2305 1723 22 30 T 0.0 163.2 M 130
================================================================================
AV 74.4 55.6 5.3 FASTST M M 4 MAX(MPH)
MISC ----> # 20 290 # 28 290
================================================================================
NOTES:
# LAST OF SEVERAL OCCURRENCES
COLUMN 17 PEAK WIND IN M.P.H.
PRELIMINARY LOCAL CLIMATOLOGICAL DATA (WS FORM: F-6) , PAGE 2
STATION: OCEANSIDE AIRPORT CA
MONTH: MAY
YEAR: 2020
LATITUDE: 33 13 N
LONGITUDE: 117 21 W
[TEMPERATURE DATA] [PRECIPITATION DATA] SYMBOLS USED IN COLUMN 16
AVERAGE MONTHLY: 65.0 TOTAL FOR MONTH: T 1 = FOG OR MIST
DPTR FM NORMAL: 3.2 DPTR FM NORMAL: -0.26 2 = FOG REDUCING VISIBILITY
HIGHEST: 83 ON 6 GRTST 24HR T ON 29-29 TO 1/4 MILE OR LESS
LOWEST: 48 ON 21 3 = THUNDER
SNOW, ICE PELLETS, HAIL 4 = ICE PELLETS
TOTAL MONTH: 0.0 INCH 5 = HAIL
GRTST 24HR 0.0 6 = FREEZING RAIN OR DRIZZLE
GRTST DEPTH: 0 7 = DUSTSTORM OR SANDSTORM:
VSBY 1/2 MILE OR LESS
8 = SMOKE OR HAZE
[NO. OF DAYS WITH] [WEATHER - DAYS WITH] 9 = BLOWING SNOW
X = TORNADO
MAX 32 OR BELOW: 0 0.01 INCH OR MORE: 0
MAX 90 OR ABOVE: 0 0.10 INCH OR MORE: 0
MIN 32 OR BELOW: 0 0.50 INCH OR MORE: 0
MIN 0 OR BELOW: 0 1.00 INCH OR MORE: 0
[HDD (BASE 65) ]
TOTAL THIS MO. 22 CLEAR (SCALE 0-3) 10
DPTR FM NORMAL -85 PTCLDY (SCALE 4-7) 15
TOTAL FM JUL 1 1550 CLOUDY (SCALE 8-10) 6
DPTR FM NORMAL -451
[CDD (BASE 65) ]
TOTAL THIS MO. 30
DPTR FM NORMAL 23 [PRESSURE DATA]
TOTAL FM JAN 1 56 HIGHEST SLP 30.06 ON 20
DPTR FM NORMAL 46 LOWEST SLP 29.82 ON 7
[REMARKS]
#FINAL-05-20#