000
CXUS56 KSGX 011245
CF6OKB
PRELIMINARY LOCAL CLIMATOLOGICAL DATA (WS FORM: F-6)
STATION: OCEANSIDE AIRPORT CA
MONTH: FEBRUARY
YEAR: 2020
LATITUDE: 33 13 N
LONGITUDE: 117 21 W
TEMPERATURE IN F: :PCPN: SNOW: WIND :SUNSHINE: SKY :PK WND
================================================================================
1 2 3 4 5 6A 6B 7 8 9 10 11 12 13 14 15 16 17 18
12Z AVG MX 2MIN
DY MAX MIN AVG DEP HDD CDD WTR SNW DPTH SPD SPD DIR MIN PSBL S-S WX SPD DR
================================================================================
1 79 42 61 7 4 0 0.00 0.0 0 3.4 14 290 M M 0 18 290
2 68 40 54 0 11 0 0.00 0.0 0 5.1 13 210 M M 4 16 240
3 63 46 55 1 10 0 T M 0 7.1 17 70 M M 5 21 70
4 64 32 48 -6 17 0 0.00 0.0 0 7.9 21 40 M M 0 28 40
5 62 28 45 -9 20 0 0.00 0.0 0 3.8 12 240 M M 0 16 230
6 64 37 51 -3 14 0 0.00 0.0 0 3.3 12 250 M M 0 15 240
7 65 34 50 -4 15 0 0.00 0.0 0 3.5 14 250 M M 0 1 17 270
8 68 41 55 1 10 0 0.00 0.0 0 4.6 14 250 M M 5 128 17 270
9 59 51 55 1 10 0 0.11 0.0 0 6.6 15 200 M M 10 18 20 220
10 62 43 53 -1 12 0 0.04 M 0 3.8 16 200 M M 3 1 20 190
11 70 39 55 1 10 0 0.00 0.0 0 4.0 18 280 M M 0 1 23 290
12 65 36 51 -3 14 0 0.00 0.0 0 3.2 10 220 M M 0 1 14 230
13 65 34 50 -4 15 0 0.00 0.0 0 3.3 14 250 M M 0 18 18 250
14 66 36 51 -3 14 0 0.00 0.0 0 2.6 14 250 M M 1 12 18 260
15 66 36 51 -3 14 0 0.00 0.0 0 3.7 13 260 M M 1 1 17 260
16 66 45 56 2 9 0 0.00 0.0 0 4.5 12 240 M M 3 18 15 250
17 64 42 53 -1 12 0 0.00 0.0 0 4.0 13 250 M M 3 12 16 250
18 65 48 57 3 8 0 0.00 0.0 0 4.6 14 250 M M 6 12 16 250
19 65 45 55 1 10 0 0.00 0.0 0 3.8 13 250 M M 5 18 17 270
20 70 40 55 1 10 0 0.00 0.0 0 3.9 12 260 M M 1 128 14 250
21 73 41 57 3 8 0 T M 0 4.4 15 210 M M 4 18 19 200
22 63 49 56 2 9 0 0.26 M 0 2.5 18 250 M M 7 13 24 250
23 65 46 56 2 9 0 0.01 M 0 3.6 13 290 M M 5 18 16 290
24 66 43 55 1 10 0 0.00 0.0 0 2.8 15 260 M M 1 18 19 260
25 81 42 62 8 3 0 0.00 0.0 0 2.8 14 290 M M 1 128 19 300
26 80 38 59 4 6 0 0.00 0.0 0 3.4 15 260 M M 0 8 18 290
27 84 42 63 8 2 0 0.00 0.0 0 4.6 14 250 M M 0 8 16 250
28 87 49 68 13 0 3 0.00 0.0 0 4.2 14 260 M M 0 8 18 250
29 69 41 55 0 10 0 0.00 0.0 0 4.9 15 240 M M 4 18 20 240
================================================================================
SM 1984 1186 296 3 0.42 0.0 119.9 M 69
================================================================================
AV 68.4 40.9 4.1 FASTST M M 2 MAX(MPH)
MISC ----> # 21 40 # 28 40
================================================================================
NOTES:
# LAST OF SEVERAL OCCURRENCES
COLUMN 17 PEAK WIND IN M.P.H.
PRELIMINARY LOCAL CLIMATOLOGICAL DATA (WS FORM: F-6) , PAGE 2
STATION: OCEANSIDE AIRPORT CA
MONTH: FEBRUARY
YEAR: 2020
LATITUDE: 33 13 N
LONGITUDE: 117 21 W
[TEMPERATURE DATA] [PRECIPITATION DATA] SYMBOLS USED IN COLUMN 16
AVERAGE MONTHLY: 54.7 TOTAL FOR MONTH: 0.42 1 = FOG OR MIST
DPTR FM NORMAL: 0.5 DPTR FM NORMAL: -2.65 2 = FOG REDUCING VISIBILITY
HIGHEST: 87 ON 28 GRTST 24HR 0.26 ON 22-22 TO 1/4 MILE OR LESS
LOWEST: 28 ON 5 3 = THUNDER
SNOW, ICE PELLETS, HAIL 4 = ICE PELLETS
TOTAL MONTH: 0.0 INCH 5 = HAIL
GRTST 24HR 0.0 6 = FREEZING RAIN OR DRIZZLE
GRTST DEPTH: 0 7 = DUSTSTORM OR SANDSTORM:
VSBY 1/2 MILE OR LESS
8 = SMOKE OR HAZE
[NO. OF DAYS WITH] [WEATHER - DAYS WITH] 9 = BLOWING SNOW
X = TORNADO
MAX 32 OR BELOW: 0 0.01 INCH OR MORE: 4
MAX 90 OR ABOVE: 0 0.10 INCH OR MORE: 2
MIN 32 OR BELOW: 2 0.50 INCH OR MORE: 0
MIN 0 OR BELOW: 0 1.00 INCH OR MORE: 0
[HDD (BASE 65) ]
TOTAL THIS MO. 296 CLEAR (SCALE 0-3) 17
DPTR FM NORMAL -7 PTCLDY (SCALE 4-7) 11
TOTAL FM JUL 1 1174 CLOUDY (SCALE 8-10) 1
DPTR FM NORMAL -244
[CDD (BASE 65) ]
TOTAL THIS MO. 3
DPTR FM NORMAL 3 [PRESSURE DATA]
TOTAL FM JAN 1 3 HIGHEST SLP 30.30 ON 23
DPTR FM NORMAL 3 LOWEST SLP 29.78 ON 9
[REMARKS]
#FINAL-02-20#