000
CXUS54 KOUN 011543
CLMOKC
CLIMATE REPORT
NATIONAL WEATHER SERVICE NORMAN OK
1043 AM CDT SAT APR 01 2023
...................................
...THE OKLAHOMA CITY CLIMATE SUMMARY FOR THE MONTH OF MARCH 2023...
CLIMATE NORMAL PERIOD 1991 TO 2020
CLIMATE RECORD PERIOD 1890 TO 2023
WEATHER OBSERVED NORMAL DEPART LAST YEAR`S
VALUE DATE(S) VALUE FROM VALUE
NORMAL
..............................................................
TEMPERATURE (F)
RECORD
HIGH 97 03/19/1907
LOW 1 03/11/1948
HIGHEST 80 83 -3 83
LOWEST 24 20 4 17
AVG. MAXIMUM 61.0 62.9 -1.9 64.3
AVG. MINIMUM 39.4 39.5 -0.1 36.3
MEAN 50.2 51.2 -1.0 50.3
DAYS MAX >= 90 0 0.2 -0.2 0
DAYS MAX <= 32 0 0.4 -0.4 0
DAYS MIN <= 32 5 6.4 -1.4 10
DAYS MIN <= 0 0 0.0 0.0 0
PRECIPITATION (INCHES)
RECORD
MAXIMUM 8.02 2007
MINIMUM 0.02 1911
TOTALS 2.97 2.55 0.42 1.97
DAILY AVG. 0.10 0.08 0.02 0.06
DAYS >= .01 7 6.9 0.1 4
DAYS >= .10 5 4.5 0.5 3
DAYS >= .50 2 1.7 0.3 1
DAYS >= 1.00 1 0.7 0.3 1
GREATEST
24 HR. TOTAL 1.31 03/16 TO 03/16
SNOWFALL (INCHES)
TOTALS 0.0 0.8 -0.8
SINCE 7/1 3.4 6.7 -3.3
DEGREE DAYS
HEATING TOTAL 459 437 22 451
SINCE 7/1 3180 3356 -176
COOLING TOTAL 5 9 -4 3
SINCE 1/1 5 10 -5
..............................................................
WIND (MPH)
AVERAGE WIND SPEED 13.6
HIGHEST WIND SPEED/DIRECTION 47/250 DATE 03/31
HIGHEST GUST SPEED/DIRECTION 58/260 DATE 03/31
WEATHER CONDITIONS. NUMBER OF DAYS WITH
THUNDERSTORM 5 MIXED PRECIP 0
HEAVY RAIN 3 RAIN 3
LIGHT RAIN 8 FREEZING RAIN 0
LT FREEZING RAIN 0 HAIL 0
HEAVY SNOW 0 SNOW 0
LIGHT SNOW 0 SLEET 0
FOG 12 FOG W/VIS <= 1/4 MILE 1
HAZE 3
- INDICATES NEGATIVE NUMBERS.
R INDICATES RECORD WAS SET OR TIED.
MM INDICATES DATA IS MISSING.
T INDICATES TRACE AMOUNT.
.............................................................
RECORDS/REMARKS
JAN-MAR 2023 PRECIPITATION TOTAL IS 5.35 INCHES.
$$