000
CXUS53 KARX 010900
CF6OLZ
PRELIMINARY LOCAL CLIMATOLOGICAL DATA (WS FORM: F-6)
STATION: OELWEIN IA
MONTH: SEPTEMBER
YEAR: 2022
LATITUDE: 42 40 N
LONGITUDE: 91 58 W
TEMPERATURE IN F: :PCPN: SNOW: WIND :SUNSHINE: SKY :PK WND
================================================================================
1 2 3 4 5 6A 6B 7 8 9 10 11 12 13 14 15 16 17 18
12Z AVG MX 2MIN
DY MAX MIN AVG DEP HDD CDD WTR SNW DPTH SPD SPD DIR MIN PSBL S-S WX SPD DR
================================================================================
1 81 59 70 M 0 5 0.00 0.0 0 9.0 18 210 M M 2 25 210
2 82 64 73 M 0 8 0.14 0.0 0 8.2 14 150 M M 3 17 150
3 73 61 67 M 0 2 0.00 0.0 0 8.1 14 20 M M 9 20 20
4 72 59 66 M 0 1 0.00 0.0 0 7.2 14 80 M M 8 17 40
5 73 61 67 M 0 2 0.00 0.0 0 4.2 8 80 M M 10 12 120
6 77 59 68 M 0 3 0.00 0.0 0 3.5 7 180 M M 5 1 M M
7 81 59 70 M 0 5 0.00 0.0 0 2.5 10 300 M M 3 1 14 290
8 79 57 68 M 0 3 0.00 0.0 0 9.2 17 180 M M 1 12 22 180
9 82 59 71 M 0 6 0.00 0.0 0 9.4 15 180 M M 3 22 190
10 63 55 59 M 6 0 0.50 0.0 0 9.2 15 360 M M 9 1 23 360
11 70 52 61 M 4 0 0.00 0.0 0 8.4 16 10 M M 3 24 360
12 72 50 61 M 4 0 0.00 0.0 0 9.5 16 330 M M 5 27 340
13 73 45 59 M 6 0 0.00 0.0 0 3.2 7 320 M M 0 M M
14 77 50 64 M 1 0 0.00 0.0 0 8.6 13 140 M M 0 17 140
15 82 59 71 M 0 6 0.00 0.0 0 9.7 15 210 M M 0 22 210
16 82 59 71 M 0 6 0.00 0.0 0 9.4 15 170 M M 1 21 200
17 73 61 67 M 0 2 0.09 0.0 0 10.2 17 160 M M 5 27 200
18 79 61 70 M 0 5 0.02 0.0 0 6.9 12 260 M M 5 17 240
19 81 55 68 M 0 3 0.01 0.0 0 7.0 14 160 M M 3 1 17 160
20 91 64 78 M 0 13 0.00 0.0 0 9.0 14 200 M M 1 1 17 210
21 73 48 61 M 4 0 0.00 0.0 0 10.9 16 310 M M 1 22 340
22 64 45 55 M 10 0 0.00 0.0 0 6.9 12 10 M M 2 18 10
23 57 46 52 M 13 0 0.03 0.0 0 9.8 15 160 M M 7 1 25 190
24 75 50 63 M 2 0 0.00 0.0 0 9.6 16 310 M M 7 1 25 280
25 72 48 60 M 5 0 0.00 0.0 0 13.7 25 310 M M 1 35 310
26 64 41 53 M 12 0 0.00 0.0 0 12.2 23 300 M M 0 32 300
27 63 36 50 M 15 0 0.00 0.0 0 9.5 18 340 M M 2 25 350
28 61 34 48 M 17 0 0.00 0.0 0 5.6 9 80 M M 0 12 110
29 66 36 51 M 14 0 0.00 0.0 0 8.7 13 170 M M 0 20 190
30 70 39 55 M 10 0 0.00 0.0 0 7.4 13 150 M M 1 20 150
================================================================================
SM 2208 1572 123 70 0.79 0.0 246.7 M 97
================================================================================
AV 73.6 52.4 8.2 FASTST M M 3 MAX(MPH)
MISC ----> 25 310 35 310
================================================================================
NOTES:
# LAST OF SEVERAL OCCURRENCES
COLUMN 17 PEAK WIND IN M.P.H.
PRELIMINARY LOCAL CLIMATOLOGICAL DATA (WS FORM: F-6) , PAGE 2
STATION: OELWEIN IA
MONTH: SEPTEMBER
YEAR: 2022
LATITUDE: 42 40 N
LONGITUDE: 91 58 W
[TEMPERATURE DATA] [PRECIPITATION DATA] SYMBOLS USED IN COLUMN 16
AVERAGE MONTHLY: 63.0 TOTAL FOR MONTH: 0.79 1 = FOG OR MIST
DPTR FM NORMAL: 0.0 DPTR FM NORMAL: M 2 = FOG REDUCING VISIBILITY
HIGHEST: 91 ON 20 GRTST 24HR 0.50 ON 10-10 TO 1/4 MILE OR LESS
LOWEST: 34 ON 28 3 = THUNDER
SNOW, ICE PELLETS, HAIL 4 = ICE PELLETS
TOTAL MONTH: 0.0 INCH 5 = HAIL
GRTST 24HR 0.0 6 = FREEZING RAIN OR DRIZZLE
GRTST DEPTH: 0 7 = DUSTSTORM OR SANDSTORM:
VSBY 1/2 MILE OR LESS
8 = SMOKE OR HAZE
[NO. OF DAYS WITH] [WEATHER - DAYS WITH] 9 = BLOWING SNOW
X = TORNADO
MAX 32 OR BELOW: 0 0.01 INCH OR MORE: 6
MAX 90 OR ABOVE: 1 0.10 INCH OR MORE: 2
MIN 32 OR BELOW: 0 0.50 INCH OR MORE: 0
MIN 0 OR BELOW: 0 1.00 INCH OR MORE: 0
[HDD (BASE 65) ]
TOTAL THIS MO. 123 CLEAR (SCALE 0-3) 18
DPTR FM NORMAL M PTCLDY (SCALE 4-7) 9
TOTAL FM JUL 1 123 CLOUDY (SCALE 8-10) 3
DPTR FM NORMAL M
[CDD (BASE 65) ]
TOTAL THIS MO. 70
DPTR FM NORMAL M [PRESSURE DATA]
TOTAL FM JAN 1 724 HIGHEST SLP M ON M
DPTR FM NORMAL M LOWEST SLP M ON M
[REMARKS]
#FINAL-09-22#