000
CXUS53 KARX 240647
CF6OLZ
PRELIMINARY LOCAL CLIMATOLOGICAL DATA (WS FORM: F-6)
STATION: OELWEIN IA
MONTH: JUNE
YEAR: 2022
LATITUDE: 42 40 N
LONGITUDE: 91 58 W
TEMPERATURE IN F: :PCPN: SNOW: WIND :SUNSHINE: SKY :PK WND
================================================================================
1 2 3 4 5 6A 6B 7 8 9 10 11 12 13 14 15 16 17 18
12Z AVG MX 2MIN
DY MAX MIN AVG DEP HDD CDD WTR SNW DPTH SPD SPD DIR MIN PSBL S-S WX SPD DR
================================================================================
1 72 52 62 M 3 0 0.00 0.0 0 10.0 14 320 M M 1 22 320
2 79 46 63 M 2 0 0.00 0.0 0 8.9 20 320 M M 1 28 290
3 75 50 63 M 2 0 0.00 0.0 0 9.4 16 310 M M 2 25 300
4 63 54 59 M 6 0 0.11 0.0 0 9.5 15 110 M M 9 8 22 90
5 77 55 66 M 0 1 0.67 0.0 0 9.4 16 70 M M 7 18 13 240
6 70 59 65 M 0 0 0.30 0.0 0 8.1 17 40 M M 8 1 22 40
7 75 55 65 M 0 0 0.07 0.0 0 3.2 8 340 M M 6 1 13 99
8 73 57 65 M 0 0 0.40 0.0 0 6.7 15 320 M M 5 13 22 0
9 77 54 66 M 0 1 0.00 0.0 0 6.5 10 340 M M 2 23 340
10 72 61 67 M 0 2 0.07 0.0 0 5.8 10 260 M M 7 1 15 250
11 73 57 65 M 0 0 0.31 0.0 0 7.4 13 210 M M 5 1 16 200
12 82 63 73 M 0 8 0.61 0.0 0 10.1 15 140 M M 4 22 110
13 82 66 74 M 0 9 0.01 0.0 0 13.2 22 130 M M 6 1 29 130
14 97 72 85 M 0 20 0.00 0.0 0 17.3 27 210 M M 0 39 210
15 86 61 74 M 0 9 0.29 0.0 0 11.3 24 310 M M 5 18 38 310
16 88 59 74 M 0 9 0.00 0.0 0 12.3 23 270 M M 1 12 37 242
17 82 61 72 M 0 7 0.00 0.0 0 8.8 15 330 M M 0 20 340
18 82 61 72 M 0 7 0.00 0.0 0 12.6 20 130 M M 0 23 130
19 88 59 74 M 0 9 0.00 0.0 0 14.7 20 180 M M 0 27 180
20 93 64 79 M 0 14 0.00 0.0 0 14.9 21 210 M M 0 28 220
21 93 68 81 M 0 16 0.00 0.0 0 12.4 21 310 M M 1 27 310
22 86 61 74 M 0 9 0.00 0.0 0 9.3 16 320 M M 1 23 340
23 90 63 77 M 0 12 0.00 0.0 0 10.0 16 210 M M 0 23 200
24 86 64 75 M 0 10 0.00 0.0 0 12.2 20 210 M M 2 27 210
25 79 66 73 M 0 8 3.08 0.0 0 8.9 18 160 M M 7 13 25 210
26 73 55 64 M 1 0 0.00 0.0 0 14.2 22 300 M M 0 31 320
27 79 52 66 M 0 1 0.00 0.0 0 7.3 14 310 M M 0 21 300
28 82 55 69 M 0 4 0.00 0.0 0 11.3 24 200 M M 1 8 29 200
29 88 59 74 M 0 9 0.00 0.0 0 9.5 17 170 M M 0 24 170
30 88 68 78 M 0 13 0.00 0.0 0 14.3 24 210 M M 1 31 210
================================================================================
SM 2430 1777 14 178 5.92 0.0 309.5 M 82
================================================================================
AV 81.0 59.2 10.3 FASTST M M 3 MAX(MPH)
MISC ----> 27 210 39 210
================================================================================
NOTES:
# LAST OF SEVERAL OCCURRENCES
COLUMN 17 PEAK WIND IN M.P.H.
PRELIMINARY LOCAL CLIMATOLOGICAL DATA (WS FORM: F-6) , PAGE 2
STATION: OELWEIN IA
MONTH: JUNE
YEAR: 2022
LATITUDE: 42 40 N
LONGITUDE: 91 58 W
[TEMPERATURE DATA] [PRECIPITATION DATA] SYMBOLS USED IN COLUMN 16
AVERAGE MONTHLY: 70.1 TOTAL FOR MONTH: 5.92 1 = FOG OR MIST
DPTR FM NORMAL: 0.0 DPTR FM NORMAL: M 2 = FOG REDUCING VISIBILITY
HIGHEST: 97 ON 14 GRTST 24HR 3.08 ON 25-25 TO 1/4 MILE OR LESS
LOWEST: 46 ON 2 3 = THUNDER
SNOW, ICE PELLETS, HAIL 4 = ICE PELLETS
TOTAL MONTH: 0.0 INCH 5 = HAIL
GRTST 24HR 0.0 6 = FREEZING RAIN OR DRIZZLE
GRTST DEPTH: 0 7 = DUSTSTORM OR SANDSTORM:
VSBY 1/2 MILE OR LESS
8 = SMOKE OR HAZE
[NO. OF DAYS WITH] [WEATHER - DAYS WITH] 9 = BLOWING SNOW
X = TORNADO
MAX 32 OR BELOW: 0 0.01 INCH OR MORE: 11
MAX 90 OR ABOVE: 4 0.10 INCH OR MORE: 8
MIN 32 OR BELOW: 0 0.50 INCH OR MORE: 3
MIN 0 OR BELOW: 0 1.00 INCH OR MORE: 1
[HDD (BASE 65) ]
TOTAL THIS MO. 14 CLEAR (SCALE 0-3) 19
DPTR FM NORMAL M PTCLDY (SCALE 4-7) 10
TOTAL FM JUL 1 7104 CLOUDY (SCALE 8-10) 1
DPTR FM NORMAL M
[CDD (BASE 65) ]
TOTAL THIS MO. 178
DPTR FM NORMAL M [PRESSURE DATA]
TOTAL FM JAN 1 282 HIGHEST SLP M ON M
DPTR FM NORMAL M LOWEST SLP M ON M
[REMARKS]
#FINAL-06-22#