000
CXUS53 KOAX 010930
CF6OMA
PRELIMINARY LOCAL CLIMATOLOGICAL DATA (WS FORM: F-6)
STATION: OMAHA NE
MONTH: MARCH
YEAR: 2021
LATITUDE: 41 17 N
LONGITUDE: 95 54 W
TEMPERATURE IN F: :PCPN: SNOW: WIND :SUNSHINE: SKY :PK WND
================================================================================
1 2 3 4 5 6A 6B 7 8 9 10 11 12 13 14 15 16 17 18
12Z AVG MX 2MIN
DY MAX MIN AVG DEP HDD CDD WTR SNW DPTH SPD SPD DIR MIN PSBL S-S WX SPD DR
================================================================================
1 41 22 32 -1 33 0 0.00 0.0 0 6.6 20 340 M M 1 25 340
2 61 26 44 10 21 0 0.00 0.0 0 11.5 26 200 M M 1 35 200
3 66 27 47 13 18 0 0.00 0.0 0 3.4 9 130 M M 1 12 110
4 66 30 48 14 17 0 0.00 0.0 0 9.6 23 80 M M 1 32 80
5 58 32 45 10 20 0 0.00 0.0 0 3.5 9 170 M M 3 15 150
6 66 31 49 14 16 0 0.00 0.0 0 7.8 17 150 M M 2 20 160
7 70 40 55 19 10 0 0.00 0.0 0 15.7 31 190 M M 6 44 200
8 71 39 55 19 10 0 0.00 0.0 0 11.8 24 170 M M 6 31 170
9 75 50 63 26 2 0 0.00 0.0 0 18.2 29 170 M M 6 39 170
10 76 34 55 18 10 0 T 0.0 0 20.5 40 220 M M 6 38 59 210
11 56 31 44 7 21 0 0.00 0.0 0 8.2 18 360 M M 5 22 320
12 53 26 40 2 25 0 0.00 0.0 0 7.8 15 100 M M 5 19 100
13 57 34 46 8 19 0 0.34 0.0 0 9.8 22 80 M M 9 1 31 70
14 47 39 43 4 22 0 2.58 0.0 0 21.5 40 110 M M 10 18 57 90
15 41 37 39 0 26 0 0.13 0.0 0 11.7 25 100 M M 10 1 36 100
16 46 36 41 1 24 0 0.01 0.0 0 5.6 13 120 M M 10 1 14 120
17 43 35 39 -1 26 0 T 0.0 0 17.2 30 360 M M 10 1 36 360
18 54 32 43 3 22 0 0.00 0.0 0 16.7 25 20 M M 5 35 20
19 56 26 41 0 24 0 0.00 0.0 0 7.2 16 150 M M 0 1 21 150
20 64 31 48 7 17 0 0.00 0.0 0 17.0 33 160 M M 3 41 180
21 67 47 57 15 8 0 0.00 0.0 0 20.0 35 170 M M 7 45 170
22 49 39 44 2 21 0 0.47 0.0 0 11.3 25 70 M M 9 1 36 70
23 54 48 51 9 14 0 1.03 0.0 0 11.2 21 80 M M 10 1 29 100
24 49 40 45 2 20 0 0.02 0.0 0 13.5 25 320 M M 10 1 36 320
25 47 38 43 0 22 0 T 0.0 0 4.2 13 80 M M 10 17 20
26 58 33 46 2 19 0 T 0.0 0 7.9 29 110 M M 7 18 37 110
27 56 37 47 3 18 0 T 0.0 0 13.8 30 320 M M 7 40 310
28 59 30 45 1 20 0 0.00 0.0 0 8.3 24 170 M M 4 32 170
29 78 45 62 17 3 0 0.00 0.0 0 19.5 31 200 M M 4 8 51 190
30 54 32 43 -2 22 0 0.00 0.0 0 19.8 37 340 M M 7 50 340
31 49 26 38 -8 27 0 0.00 0.0 0 14.4 32 320 M M 1 50 290
================================================================================
SM 1787 1073 577 0 4.58 0.0 375.2 M 176
================================================================================
AV 57.6 34.6 12.1 FASTST M M 6 MAX(MPH)
MISC ----> # 40 220 59 210
================================================================================
NOTES:
# LAST OF SEVERAL OCCURRENCES
COLUMN 17 PEAK WIND IN M.P.H.
PRELIMINARY LOCAL CLIMATOLOGICAL DATA (WS FORM: F-6) , PAGE 2
STATION: OMAHA NE
MONTH: MARCH
YEAR: 2021
LATITUDE: 41 17 N
LONGITUDE: 95 54 W
[TEMPERATURE DATA] [PRECIPITATION DATA] SYMBOLS USED IN COLUMN 16
AVERAGE MONTHLY: 46.1 TOTAL FOR MONTH: 4.58 1 = FOG OR MIST
DPTR FM NORMAL: 6.6 DPTR FM NORMAL: 2.59 2 = FOG REDUCING VISIBILITY
HIGHEST: 78 ON 29 GRTST 24HR 2.63 ON 13-14 TO 1/4 MILE OR LESS
LOWEST: 22 ON 1 3 = THUNDER
SNOW, ICE PELLETS, HAIL 4 = ICE PELLETS
TOTAL MONTH: 0.0 INCH 5 = HAIL
GRTST 24HR 0.0 6 = FREEZING RAIN OR DRIZZLE
GRTST DEPTH: 0 7 = DUSTSTORM OR SANDSTORM:
VSBY 1/2 MILE OR LESS
8 = SMOKE OR HAZE
[NO. OF DAYS WITH] [WEATHER - DAYS WITH] 9 = BLOWING SNOW
X = TORNADO
MAX 32 OR BELOW: 0 0.01 INCH OR MORE: 7
MAX 90 OR ABOVE: 0 0.10 INCH OR MORE: 5
MIN 32 OR BELOW: 14 0.50 INCH OR MORE: 2
MIN 0 OR BELOW: 0 1.00 INCH OR MORE: 2
[HDD (BASE 65) ]
TOTAL THIS MO. 577 CLEAR (SCALE 0-3) 8
DPTR FM NORMAL -214 PTCLDY (SCALE 4-7) 14
TOTAL FM JUL 1 5345 CLOUDY (SCALE 8-10) 9
DPTR FM NORMAL -244
[CDD (BASE 65) ]
TOTAL THIS MO. 0
DPTR FM NORMAL -1 [PRESSURE DATA]
TOTAL FM JAN 1 0 HIGHEST SLP 30.56 ON 31
DPTR FM NORMAL -1 LOWEST SLP 29.43 ON 29
[REMARKS]
#FINAL-03-21#