000
CXAK56 PAFG 011717
CF6OME
PRELIMINARY LOCAL CLIMATOLOGICAL DATA (WS FORM: F-6)
STATION: NOME AK
MONTH: FEBRUARY
YEAR: 2024
LATITUDE: 64 30 N
LONGITUDE: 165 26 W
TEMPERATURE IN F: :PCPN: SNOW: WIND :SUNSHINE: SKY :PK WND
================================================================================
1 2 3 4 5 6A 6B 7 8 9 10 11 12 13 14 15 16 17 18
12Z AVG MX 2MIN
DY MAX MIN AVG DEP HDD CDD WTR SNW DPTH SPD SPD DIR MIN PSBL S-S WX SPD DR
================================================================================
1 -16 -28 -22 -30 87 0 T M M 1.5 7 350 M M 1 9 340
2 -5 -27 -16 -24 81 0 T M M 2.3 12 30 M M 0 13 40
3 6 -16 -5 -13 70 0 T M M 14.7 36 40 M M 0 89 46 30
4 8 -9 0 -8 65 0 0.00 M M 12.2 30 40 M M 0 89 39 40
5 22 -4 9 1 56 0 0.05 M M 13.5 26 80 M M 10 18 37 90
6 28 20 24 16 41 0 0.04 M M 18.4 30 90 M M 8 16 42 100
7 29 24 27 18 38 0 T M M 21.1 26 90 M M 9 168 38 90
8 32 26 29 20 36 0 0.08 M M 19.2 32 90 M M 10 12 42 90
9 31 18 25 16 40 0 T M M 4.9 17 70 M M 9 1 24 70
10 27 16 22 13 43 0 T M M 3.5 16 30 M M 9 22 40
11 26 14 20 11 45 0 0.08 M M 6.3 12 160 M M 10 1 21 130
12 27 12 20 11 45 0 0.01 M M 11.3 20 70 M M 9 1 26 70
13 32 10 21 12 44 0 0.15 M M 13.0 24 130 M M 10 1 35 130
14 13 7 10 1 55 0 0.01 M M 6.3 13 310 M M 10 18 16 300
15 13 1 7 -3 58 0 0.00 M M 2.6 15 300 M M 3 19 300
16 26 3 15 5 50 0 0.01 M M 16.3 28 20 M M 9 18 41 30
17 32 19 26 16 39 0 T M M 6.0 23 40 M M 10 29 40
18 32 26 29 19 36 0 0.02 M M 16.2 23 40 M M 10 1 33 70
19 30 22 26 16 39 0 0.05 M M 17.4 32 40 M M 8 126 43 50
20 25 18 22 12 43 0 T M M 15.0 29 110 M M 10 1 37 110
21 27 18 23 13 42 0 0.12 M M 19.6 33 80 M M 10 129 47 80
22 27 17 22 12 43 0 0.05 M M 13.7 25 90 M M 10 1269 33 90
23 29 25 27 17 38 0 0.08 M M 11.8 25 100 M M 10 12 33 100
24 26 12 19 9 46 0 0.01 M M 10.6 18 260 M M 10 1 24 260
25 12 1 7 -3 58 0 T M M 9.1 22 260 M M 7 1 26 260
26 14 6 10 1 55 0 0.00 M M 14.6 30 30 M M 4 89 38 30
27 12 -10 1 -8 64 0 T M M 4.1 23 320 M M 1 8 29 310
28 8 -16 -4 -13 69 0 T M M 7.4 25 290 M M 2 31 270
29 0 -21 -10 -19 75 0 0.00 M M 2.1 8 330 M M 3 M M
================================================================================
SM 573 184 1501 0 0.76 M 314.7 M 202
================================================================================
AV 19.8 6.3 10.9 FASTST M M 7 MAX(MPH)
MISC ----> 36 40 47 80
================================================================================
NOTES:
# LAST OF SEVERAL OCCURRENCES
COLUMN 17 PEAK WIND IN M.P.H.
PRELIMINARY LOCAL CLIMATOLOGICAL DATA (WS FORM: F-6) , PAGE 2
STATION: NOME AK
MONTH: FEBRUARY
YEAR: 2024
LATITUDE: 64 30 N
LONGITUDE: 165 26 W
[TEMPERATURE DATA] [PRECIPITATION DATA] SYMBOLS USED IN COLUMN 16
AVERAGE MONTHLY: 13.1 TOTAL FOR MONTH: 0.76 1 = FOG OR MIST
DPTR FM NORMAL: 4.1 DPTR FM NORMAL: -0.23 2 = FOG REDUCING VISIBILITY
HIGHEST: 32 ON 18,17 GRTST 24HR 0.15 ON 13-13 TO 1/4 MILE OR LESS
LOWEST: -28 ON 1 3 = THUNDER
SNOW, ICE PELLETS, HAIL 4 = ICE PELLETS
TOTAL MONTH: M 5 = HAIL
GRTST 24HR M ON M 6 = FREEZING RAIN OR DRIZZLE
GRTST DEPTH: M ON M 7 = DUSTSTORM OR SANDSTORM:
VSBY 1/2 MILE OR LESS
8 = SMOKE OR HAZE
[NO. OF DAYS WITH] [WEATHER - DAYS WITH] 9 = BLOWING SNOW
X = TORNADO
MAX 32 OR BELOW: 29 0.01 INCH OR MORE: 14
MAX 90 OR ABOVE: 0 0.10 INCH OR MORE: 2
MIN 32 OR BELOW: 29 0.50 INCH OR MORE: 0
MIN 0 OR BELOW: 8 1.00 INCH OR MORE: 0
[HDD (BASE 65) ]
TOTAL THIS MO. 1501 CLEAR (SCALE 0-3) 7
DPTR FM NORMAL -66 PTCLDY (SCALE 4-7) 4
TOTAL FM JUL 1 8892 CLOUDY (SCALE 8-10) 18
DPTR FM NORMAL -355
[CDD (BASE 65) ]
TOTAL THIS MO. 0
DPTR FM NORMAL 0 [PRESSURE DATA]
TOTAL FM JAN 1 0 HIGHEST SLP 30.47 ON 29
DPTR FM NORMAL 0 LOWEST SLP 28.94 ON 21
[REMARKS]
#FINAL-02-24#