000
CXUS56 KOTX 111642
CLMOMK
CLIMATE REPORT
NATIONAL WEATHER SERVICE SPOKANE WA
842 AM PST SAT NOV 11 2023
...................................
...THE OMAK WA AIRPORT CLIMATE SUMMARY FOR THE MONTH OF OCTOBER 2023...
CLIMATE NORMAL PERIOD 1991 TO 2020
CLIMATE RECORD PERIOD 9999 TO 9999
WEATHER OBSERVED NORMAL DEPART LAST YEAR`S
VALUE DATE(S) VALUE FROM VALUE DATE(S)
NORMAL
................................................................
TEMPERATURE (F)
RECORD
HIGH 90 10/04/1917
LOW 5 10/31/2002
HIGHEST 79 10/08 MM MM 85 10/01
LOWEST 18 10/29 MM MM 28 10/25
AVG. MAXIMUM 62.5 60.7 1.8 71.2
AVG. MINIMUM 39.4 37.5 1.9 43.1
MEAN 51.0 49.1 1.9 57.1
DAYS MAX >= 90 0 0.0 0.0 0
DAYS MAX <= 32 0 0.0 0.0 0
DAYS MIN <= 32 6 10.1 -4.1 3
DAYS MIN <= 0 0 0.0 0.0 0
PRECIPITATION (INCHES)
RECORD
MAXIMUM 3.64 2016
MINIMUM 0.01 1978
TOTALS 0.78 0.92 -0.14 0.26
DAILY AVG. 0.03 0.03 -0.00 0.01
DAYS >= .01 6 6.0 0.0 4
DAYS >= .10 3 3.1 -0.1 1
DAYS >= .50 0 0.4 -0.4 0
DAYS >= 1.00 0 0.0 0.0 0
GREATEST
24 HR. TOTAL 0.43 10/24 TO 10/25 0.12
DEGREE DAYS
HEATING TOTAL 428 495 -67 256
SINCE 7/1 503 632 -129 MM
COOLING TOTAL 0 2 -2 20
SINCE 1/1 1087 704 383 MM
................................................................
WIND (MPH)
AVERAGE WIND SPEED 6.4
HIGHEST WIND SPEED/DIRECTION 25/010 DATE 10/01
25/010 10/25
HIGHEST GUST SPEED/DIRECTION 31/020 DATE 10/01
SKY COVER
POSSIBLE SUNSHINE (PERCENT) MM
AVERAGE SKY COVER 0.23
NUMBER OF DAYS FAIR 22
NUMBER OF DAYS PC 6
NUMBER OF DAYS CLOUDY 3
AVERAGE RH (PERCENT) 64
WEATHER CONDITIONS. NUMBER OF DAYS WITH
THUNDERSTORM 0 MIXED PRECIP 0
HEAVY RAIN 1 RAIN 3
LIGHT RAIN 9 FREEZING RAIN 0
LT FREEZING RAIN 0 HAIL 0
HEAVY SNOW 0 SNOW 1
LIGHT SNOW 1 SLEET 0
FOG 4 FOG W/VIS <= 1/4 MILE 1
HAZE 5
- INDICATES NEGATIVE NUMBERS.
R INDICATES RECORD WAS SET OR TIED.
MM INDICATES DATA IS MISSING.
T INDICATES TRACE AMOUNT.
$$