000
CXUS53 KARX 011000
CF6ONA
PRELIMINARY LOCAL CLIMATOLOGICAL DATA (WS FORM: F-6)
STATION: WINONA_MUNI_(AWOS) MN
MONTH: NOVEMBER
YEAR: 2023
LATITUDE: 44 4 N
LONGITUDE: 91 42 W
TEMPERATURE IN F: :PCPN: SNOW: WIND :SUNSHINE: SKY :PK WND
================================================================================
1 2 3 4 5 6A 6B 7 8 9 10 11 12 13 14 15 16 17 18
12Z AVG MX 2MIN
DY MAX MIN AVG DEP HDD CDD WTR SNW DPTH SPD SPD DIR MIN PSBL S-S WX SPD DR
================================================================================
1 36 21 29 M 36 0 0.00 0.0 M 2.5 7 210 M M 3 M M
2 46 27 37 M 28 0 0.00 0.0 M 1.2 6 230 M M 0 M M
3 52 34 43 M 22 0 0.00 0.0 0 2.5 8 350 M M 6 M M
4 52 28 40 M 25 0 0.00 0.0 0 0.4 4 90 M M 1 1 M M
5 59 32 46 M 19 0 0.00 0.0 0 4.6 14 190 M M 4 28 220
6 61 43 52 M 13 0 0.00 0.0 0 10.0 18 300 M M 5 28 310
7 46 41 44 M 21 0 0.00 0.0 0 7.3 14 120 M M 7 20 120
8 48 41 45 M 20 0 0.00 0.0 0 6.7 18 130 M M 7 24 130
9 50 34 42 M 23 0 0.00 0.0 0 8.5 17 290 M M 1 31 300
10 39 36 38 M 27 0 0.00 0.0 0 5.8 12 290 M M 10 18 280
11 45 32 39 M 26 0 0.00 0.0 0 4.8 12 140 M M 8 18 140
12 59 43 51 M 14 0 0.00 0.0 0 7.2 15 230 M M 2 21 220
13 57 32 45 M 20 0 0.00 0.0 0 2.9 8 280 M M 0 M M
14 64 34 49 M 16 0 0.00 0.0 0 6.1 14 190 M M 1 27 240
15 61 37 49 M 16 0 0.00 0.0 0 2.8 9 260 M M 0 20 230
16 68 39 54 M 11 0 0.00 0.0 0 9.8 22 330 M M 1 39 220
17 45 30 38 M 27 0 0.00 0.0 0 4.2 17 340 M M 0 28 330
18 55 30 43 M 22 0 0.00 0.0 0 2.5 9 310 M M 0 M M
19 54 27 41 M 24 0 0.00 0.0 0 2.2 7 120 M M 0 M M
20 45 37 41 M 24 0 T 0.0 0 5.8 9 140 M M 9 M M
21 41 32 37 M 28 0 0.00 0.0 0 7.5 15 330 M M 9 27 330
22 46 25 36 M 29 0 0.00 0.0 0 4.6 13 250 M M 0 18 190
23 37 23 30 M 35 0 0.00 0.0 0 10.4 15 320 M M 0 21 320
24 30 16 23 M 42 0 0.00 0.0 0 5.0 10 350 M M 0 17 350
25 32 21 27 M 38 0 M M 0 0.7 6 270 M M 8 M M
26 32 23 28 M 37 0 M M 0 5.8 21 320 M M 9 31 320
27 25 18 22 M 43 0 M M M 10.4 16 310 M M 8 22 300
28 27 9 18 M 47 0 0.00 0.0 0 5.3 12 340 M M 2 17 340
29 46 21 34 M 31 0 0.00 0.0 0 1.6 7 240 M M 0 M M
30 45 25 35 M 30 0 0.00 0.0 0 5.6 13 330 M M 0 18 320
================================================================================
SM 1403 891 794 0 T 0.0 154.7 M 101
================================================================================
AV 46.8 29.7 5.2 FASTST M M 3 MAX(MPH)
MISC ----> 22 330 39 220
================================================================================
NOTES:
# LAST OF SEVERAL OCCURRENCES
COLUMN 17 PEAK WIND IN M.P.H.
PRELIMINARY LOCAL CLIMATOLOGICAL DATA (WS FORM: F-6) , PAGE 2
STATION: WINONA_MUNI_(AWOS) MN
MONTH: NOVEMBER
YEAR: 2023
LATITUDE: 44 4 N
LONGITUDE: 91 42 W
[TEMPERATURE DATA] [PRECIPITATION DATA] SYMBOLS USED IN COLUMN 16
AVERAGE MONTHLY: 38.2 TOTAL FOR MONTH: T 1 = FOG OR MIST
DPTR FM NORMAL: 0.0 DPTR FM NORMAL: M 2 = FOG REDUCING VISIBILITY
HIGHEST: 68 ON 16 GRTST 24HR T ON 20-20 TO 1/4 MILE OR LESS
LOWEST: 9 ON 28 3 = THUNDER
SNOW, ICE PELLETS, HAIL 4 = ICE PELLETS
TOTAL MONTH: 0.0 INCH 5 = HAIL
GRTST 24HR 0.0 6 = FREEZING RAIN OR DRIZZLE
GRTST DEPTH: 0 7 = DUSTSTORM OR SANDSTORM:
VSBY 1/2 MILE OR LESS
8 = SMOKE OR HAZE
[NO. OF DAYS WITH] [WEATHER - DAYS WITH] 9 = BLOWING SNOW
X = TORNADO
MAX 32 OR BELOW: 5 0.01 INCH OR MORE: 0
MAX 90 OR ABOVE: 0 0.10 INCH OR MORE: 0
MIN 32 OR BELOW: 19 0.50 INCH OR MORE: 0
MIN 0 OR BELOW: 0 1.00 INCH OR MORE: 0
[HDD (BASE 65) ]
TOTAL THIS MO. 794 CLEAR (SCALE 0-3) 18
DPTR FM NORMAL M PTCLDY (SCALE 4-7) 7
TOTAL FM JUL 1 1293 CLOUDY (SCALE 8-10) 5
DPTR FM NORMAL M
[CDD (BASE 65) ]
TOTAL THIS MO. 0
DPTR FM NORMAL M [PRESSURE DATA]
TOTAL FM JAN 1 796 HIGHEST SLP M ON M
DPTR FM NORMAL M LOWEST SLP M ON M
[REMARKS]
#FINAL-11-23#