000
CXUS56 KSGX 011145
CF6ONT
PRELIMINARY LOCAL CLIMATOLOGICAL DATA (WS FORM: F-6)
STATION: ONTARIO INTL AIRPORT CA
MONTH: JANUARY
YEAR: 2024
LATITUDE: 34 2 N
LONGITUDE: 117 37 W
TEMPERATURE IN F: :PCPN: SNOW: WIND :SUNSHINE: SKY :PK WND
================================================================================
1 2 3 4 5 6A 6B 7 8 9 10 11 12 13 14 15 16 17 18
12Z AVG MX 2MIN
DY MAX MIN AVG DEP HDD CDD WTR SNW DPTH SPD SPD DIR MIN PSBL S-S WX SPD DR
================================================================================
1 66 43 55 0 10 0 0.00 M M 3.1 9 320 M M 5 8 16 20
2 64 42 53 -2 12 0 0.00 M M 2.9 10 270 M M 3 18 13 270
3 59 45 52 -4 13 0 0.36 M M 5.0 14 230 M M 6 18 20 240
4 62 39 51 -5 14 0 0.00 M M 2.5 12 260 M M 2 13 280
5 63 41 52 -4 13 0 0.00 M M 3.5 12 290 M M 4 15 270
6 64 37 51 -5 14 0 0.00 M M 5.5 18 360 M M 4 29 360
7 58 38 48 -8 17 0 0.08 M M 6.3 18 230 M M 3 1 23 230
8 59 34 47 -9 18 0 0.00 M M 4.1 12 300 M M 1 16 40
9 62 37 50 -6 15 0 0.00 M M 3.5 8 290 M M 2 11 260
10 58 37 48 -8 17 0 0.00 M M 3.4 13 220 M M 3 17 230
11 60 44 52 -4 13 0 T M M 5.2 16 270 M M 4 8 22 270
12 62 36 49 -7 16 0 0.00 M M 1.9 9 240 M M 2 12 250
13 64 37 51 -5 14 0 0.00 M M 3.3 10 250 M M 4 13 240
14 59 39 49 -7 16 0 0.00 M M 2.8 10 270 M M 5 14 270
15 67 39 53 -3 12 0 0.00 M M 3.2 9 230 M M 6 8 12 250
16 73 44 59 3 6 0 0.00 M M 3.4 13 260 M M 5 8 15 270
17 61 48 55 -1 10 0 0.00 M M 3.4 12 260 M M 9 128 14 270
18 67 48 58 2 7 0 0.00 M M 3.3 8 230 M M 6 18 11 150
19 69 49 59 3 6 0 0.00 M M 3.1 15 270 M M 9 8 18 270
20 59 52 56 0 9 0 0.30 M M 3.3 12 270 M M 9 1 16 70
21 62 52 57 1 8 0 0.03 M M 4.1 12 270 M M 9 128 14 240
22 59 52 56 0 9 0 0.01 M M 5.0 14 90 M M 9 1 18 80
23 65 50 58 2 7 0 0.00 M M 2.4 14 240 M M 6 18 16 230
24 59 50 55 -1 10 0 T M M 2.9 9 260 M M 9 18 11 270
25 64 49 57 1 8 0 T M M 5.8 14 220 M M 7 18 22 290
26 73 45 59 3 6 0 0.00 M M 5.1 22 40 M M 4 18 28 40
27 80 49 65 9 0 0 T M M 4.6 21 40 M M 6 28 40
28 78 52 65 9 0 0 0.00 M M 3.8 14 240 M M 8 17 240
29 79 48 64 8 1 0 0.00 M M 2.7 9 300 M M 3 11 300
30 78 48 63 7 2 0 0.00 M M 2.8 9 250 M M 3 12 210
31 73 51 62 6 3 0 0.00 M M 4.8 16 270 M M 7 19 260
================================================================================
SM 2026 1375 306 0 0.78 M 116.7 M 163
================================================================================
AV 65.4 44.4 3.8 FASTST M M 5 MAX(MPH)
MISC ----> 22 40 29 360
================================================================================
NOTES:
# LAST OF SEVERAL OCCURRENCES
COLUMN 17 PEAK WIND IN M.P.H.
PRELIMINARY LOCAL CLIMATOLOGICAL DATA (WS FORM: F-6) , PAGE 2
STATION: ONTARIO INTL AIRPORT CA
MONTH: JANUARY
YEAR: 2024
LATITUDE: 34 2 N
LONGITUDE: 117 37 W
[TEMPERATURE DATA] [PRECIPITATION DATA] SYMBOLS USED IN COLUMN 16
AVERAGE MONTHLY: 54.9 TOTAL FOR MONTH: 0.78 1 = FOG OR MIST
DPTR FM NORMAL: -1.2 DPTR FM NORMAL: -1.79 2 = FOG REDUCING VISIBILITY
HIGHEST: 80 ON 27 GRTST 24HR 2.73 ON 21-22 TO 1/4 MILE OR LESS
LOWEST: 34 ON 8 3 = THUNDER
SNOW, ICE PELLETS, HAIL 4 = ICE PELLETS
TOTAL MONTH: 0.0 INCH 5 = HAIL
GRTST 24HR M ON M 6 = FREEZING RAIN OR DRIZZLE
GRTST DEPTH: 0 7 = DUSTSTORM OR SANDSTORM:
VSBY 1/2 MILE OR LESS
8 = SMOKE OR HAZE
[NO. OF DAYS WITH] [WEATHER - DAYS WITH] 9 = BLOWING SNOW
X = TORNADO
MAX 32 OR BELOW: 0 0.01 INCH OR MORE: 5
MAX 90 OR ABOVE: 0 0.10 INCH OR MORE: 2
MIN 32 OR BELOW: 0 0.50 INCH OR MORE: 0
MIN 0 OR BELOW: 0 1.00 INCH OR MORE: 0
[HDD (BASE 65) ]
TOTAL THIS MO. 306 CLEAR (SCALE 0-3) 6
DPTR FM NORMAL 26 PTCLDY (SCALE 4-7) 19
TOTAL FM JUL 1 590 CLOUDY (SCALE 8-10) 6
DPTR FM NORMAL -159
[CDD (BASE 65) ]
TOTAL THIS MO. 0
DPTR FM NORMAL -5 [PRESSURE DATA]
TOTAL FM JAN 1 0 HIGHEST SLP 30.32 ON 8
DPTR FM NORMAL -5 LOWEST SLP 29.70 ON 22
[REMARKS]
#FINAL-01-24#