000
CXUS51 KBOX 010810
CF6ORH
PRELIMINARY LOCAL CLIMATOLOGICAL DATA (WS FORM: F-6)
STATION: WORCESTER MA
MONTH: SEPTEMBER
YEAR: 2022
LATITUDE: 42 16 N
LONGITUDE: 71 52 W
TEMPERATURE IN F: :PCPN: SNOW: WIND :SUNSHINE: SKY :PK WND
================================================================================
1 2 3 4 5 6A 6B 7 8 9 10 11 12 13 14 15 16 17 18
12Z AVG MX 2MIN
DY MAX MIN AVG DEP HDD CDD WTR SNW DPTH SPD SPD DIR MIN PSBL S-S WX SPD DR
================================================================================
1 73 57 65 -2 0 0 0.00 0.0 M 11.8 25 310 M M 1 31 310
2 73 49 61 -5 4 0 0.00 0.0 M 4.8 10 140 M M 0 13 30
3 76 56 66 0 0 1 0.00 0.0 M 7.9 13 220 M M 0 20 190
4 83 60 72 6 0 7 0.00 0.0 M 8.1 14 250 M M 0 16 250
5 70 61 66 0 0 1 0.91 0.0 M 6.8 14 20 M M 10 12 19 20
6 62 58 60 -5 5 0 2.71 0.0 M 7.5 13 80 M M 10 12 17 50
7 67 57 62 -3 3 0 0.00 0.0 M 6.6 12 70 M M 9 12 19 40
8 73 56 65 0 0 0 0.00 0.0 M 6.4 12 20 M M 1 15 80
9 77 56 67 3 0 2 0.00 0.0 M 5.1 12 290 M M 0 15 270
10 81 63 72 8 0 7 0.00 0.0 M 7.3 12 300 M M 0 15 300
11 74 64 69 5 0 4 T 0.0 M 7.2 13 250 M M 5 17 260
12 75 63 69 6 0 4 0.02 0.0 M 4.4 10 250 M M 8 1 15 250
13 73 62 68 5 0 3 0.30 0.0 M 6.7 20 280 M M 9 12 24 290
14 75 56 66 3 0 1 0.00 0.0 M 11.8 25 280 M M 1 34 270
15 67 51 59 -3 6 0 0.00 0.0 M 11.2 24 320 M M 1 31 320
16 68 50 59 -3 6 0 0.00 0.0 M 9.3 16 300 M M 1 22 350
17 67 50 59 -3 6 0 0.00 0.0 M 7.3 16 230 M M 0 21 230
18 79 57 68 7 0 3 0.14 0.0 M 11.4 26 320 M M 3 3 39 320
19 67 59 63 2 2 0 0.60 0.0 M 7.0 17 350 M M 8 123 24 360
20 65 56 61 1 4 0 0.20 0.0 M 3.6 10 130 M M 9 12 12 120
21 68 54 61 1 4 0 0.01 0.0 M 7.3 21 230 M M 6 12 29 240
22 66 50 58 -2 7 0 1.02 0.0 M 12.0 30 310 M M 6 13 37 300
23 56 44 50 -9 15 0 0.00 0.0 M 17.1 28 320 M M 1 38 320
24 64 42 53 -6 12 0 0.00 0.0 M 12.8 28 300 M M 0 37 310
25 64 47 56 -2 9 0 0.01 0.0 M 8.9 16 210 M M 3 22 200
26 69 56 63 5 2 0 0.22 0.0 M 10.3 20 190 M M 7 13 26 220
27 68 51 60 2 5 0 0.00 0.0 M 10.7 22 220 M M 2 30 230
28 65 50 58 1 7 0 0.00 0.0 M 9.9 17 300 M M 3 23 300
29 62 48 55 -2 10 0 0.00 0.0 M 8.5 18 350 M M 1 24 350
30 58 44 51 -5 14 0 0.00 0.0 M 4.6 10 10 M M 0 14 20
================================================================================
SM 2085 1627 121 33 6.14 0.0 254.3 M 105
================================================================================
AV 69.5 54.2 8.5 FASTST M M 4 MAX(MPH)
MISC ----> 30 310 39 320
================================================================================
NOTES:
# LAST OF SEVERAL OCCURRENCES
COLUMN 17 PEAK WIND IN M.P.H.
PRELIMINARY LOCAL CLIMATOLOGICAL DATA (WS FORM: F-6) , PAGE 2
STATION: WORCESTER MA
MONTH: SEPTEMBER
YEAR: 2022
LATITUDE: 42 16 N
LONGITUDE: 71 52 W
[TEMPERATURE DATA] [PRECIPITATION DATA] SYMBOLS USED IN COLUMN 16
AVERAGE MONTHLY: 61.9 TOTAL FOR MONTH: 6.14 1 = FOG OR MIST
DPTR FM NORMAL: 0.0 DPTR FM NORMAL: 1.90 2 = FOG REDUCING VISIBILITY
HIGHEST: 83 ON 4 GRTST 24HR 3.07 ON 5- 6 TO 1/4 MILE OR LESS
LOWEST: 42 ON 24 3 = THUNDER
SNOW, ICE PELLETS, HAIL 4 = ICE PELLETS
TOTAL MONTH: 0.0 INCH 5 = HAIL
GRTST 24HR 0.0 6 = FREEZING RAIN OR DRIZZLE
GRTST DEPTH: M ON M 7 = DUSTSTORM OR SANDSTORM:
VSBY 1/2 MILE OR LESS
8 = SMOKE OR HAZE
[NO. OF DAYS WITH] [WEATHER - DAYS WITH] 9 = BLOWING SNOW
X = TORNADO
MAX 32 OR BELOW: 0 0.01 INCH OR MORE: 11
MAX 90 OR ABOVE: 0 0.10 INCH OR MORE: 8
MIN 32 OR BELOW: 0 0.50 INCH OR MORE: 4
MIN 0 OR BELOW: 0 1.00 INCH OR MORE: 2
[HDD (BASE 65) ]
TOTAL THIS MO. 121 CLEAR (SCALE 0-3) 18
DPTR FM NORMAL -18 PTCLDY (SCALE 4-7) 7
TOTAL FM JUL 1 121 CLOUDY (SCALE 8-10) 5
DPTR FM NORMAL -52
[CDD (BASE 65) ]
TOTAL THIS MO. 33
DPTR FM NORMAL -14 [PRESSURE DATA]
TOTAL FM JAN 1 710 HIGHEST SLP 30.39 ON 30
DPTR FM NORMAL 212 LOWEST SLP 29.51 ON 22
[REMARKS]
#FINAL-09-22#